000
CDUS45 KLKN 260930
CLIWMC


CLIMATE REPORT
NATIONAL WEATHER SERVICE ELKO NV
229 AM PDT THU APR 26 2018


...................................

...THE WINNEMUCCA AIRPORT NV CLIMATE SUMMARY FOR APRIL 25 2018...

CLIMATE NORMAL PERIOD 1981 TO 2010
CLIMATE RECORD PERIOD 1877 TO 2018


WEATHER ITEM   OBSERVED TIME   RECORD YEAR NORMAL DEPARTURE LAST
                VALUE   (LST)  VALUE       VALUE  FROM      YEAR
                                                  NORMAL
..................................................................
TEMPERATURE (F)
 YESTERDAY
  MAXIMUM         79    358 PM  87    1910  65     14       54
  MINIMUM         32    444 AM  13    1960  33     -1       37
  AVERAGE         56                        49      7       46

PRECIPITATION (IN)
  YESTERDAY        0.00          0.64 2015   0.03  -0.03     0.01
  MONTH TO DATE    1.62                      0.72   0.90     0.78
  SINCE OCT 1      5.93                      5.56   0.37     9.19
  SINCE JAN 1      4.59                      3.08   1.51     4.65

SNOWFALL (IN)
  YESTERDAY        0.0           2.1  1994   0.0    0.0      0.0
  MONTH TO DATE    1.7                       1.4    0.3       T
  SINCE MAR 1     16.9                       4.6   12.3      2.2
  SINCE JUL 1     28.1                      20.6    7.5     18.3
  SNOW DEPTH       0

DEGREE DAYS
 HEATING
  YESTERDAY        9                        16     -7       19
  MONTH TO DATE  403                       475    -72      462
  SINCE MAR 1   1181                      1214    -33     1088
  SINCE JUL 1   5420                      5803   -383     5527

 COOLING
  YESTERDAY        0                         0      0        0
  MONTH TO DATE    0                         0      0        0
  SINCE MAR 1      0                         0      0        0
  SINCE JAN 1      0                         0      0        0
..................................................................


WIND (MPH)
  HIGHEST WIND SPEED    13   HIGHEST WIND DIRECTION    NW (320)
  HIGHEST GUST SPEED    17   HIGHEST GUST DIRECTION    NW (320)
  AVERAGE WIND SPEED     5.0



WEATHER CONDITIONS
 THE FOLLOWING WEATHER WAS RECORDED YESTERDAY.
  HAZE


RELATIVE HUMIDITY (PERCENT)
 HIGHEST    70           600 AM
 LOWEST     13           400 PM
 AVERAGE    42

..........................................................


THE WINNEMUCCA AIRPORT NV CLIMATE NORMALS FOR TODAY
                         NORMAL    RECORD    YEAR
 MAXIMUM TEMPERATURE (F)   66        86      1987
 MINIMUM TEMPERATURE (F)   33        13      1985


SUNRISE AND SUNSET
APRIL 26 2018.........SUNRISE   556 AM PDT   SUNSET   743 PM PDT
APRIL 27 2018.........SUNRISE   555 AM PDT   SUNSET   744 PM PDT


-  INDICATES NEGATIVE NUMBERS.
R  INDICATES RECORD WAS SET OR TIED.
MM INDICATES DATA IS MISSING.
T  INDICATES TRACE AMOUNT.




$$
