000
CDUS46 KPDT 270903
CLIYKM

CLIMATE REPORT
NATIONAL WEATHER SERVICE PENDLETON OR
200 AM PDT SUN MAY 27 2018


...................................

...THE YAKIMA WA CLIMATE SUMMARY FOR MAY 26 2018...

CLIMATE NORMAL PERIOD 1981 TO 2010
CLIMATE RECORD PERIOD 1946 TO 2018


WEATHER ITEM   OBSERVED TIME   RECORD YEAR NORMAL DEPARTURE LAST
                VALUE   (LST)  VALUE       VALUE  FROM      YEAR
                                                  NORMAL
..................................................................
TEMPERATURE (F)
 YESTERDAY
  MAXIMUM         79    205 PM  98    1958  75      4       84
  MINIMUM         52    426 AM  31    1973  45      7       43
  AVERAGE         66                        60      6       64

PRECIPITATION (IN)
  YESTERDAY        0.00          0.51 1948   0.02  -0.02     0.00
  MONTH TO DATE    0.13                      0.47  -0.34     0.46
  SINCE OCT 1      4.64                      6.68  -2.04    11.21
  SINCE JAN 1      2.35                      3.56  -1.21     7.29

SNOWFALL (IN)
  YESTERDAY        0.0           0.0  2002   0.0    0.0      0.0
                                      2001
                                      2000
  MONTH TO DATE    0.0                       0.0    0.0      0.0
  SINCE JAN 1      0.8                       8.6   -7.8     29.1
  SINCE JUL 1      2.4                      21.6  -19.2     36.5
  SNOW DEPTH       0

DEGREE DAYS
 HEATING
  YESTERDAY        0                         6     -6        1
  MONTH TO DATE   27                       233   -206      165
  SINCE MAR 1   1040                      1388   -348     1191
  SINCE JUL 1   4806                      5915  -1109     5620

 COOLING
  YESTERDAY        1                         1      0        0
  MONTH TO DATE   88                        15     73       22
  SINCE MAR 1     88                        16     72       22
  SINCE JAN 1     88                        16     72       22
..................................................................


WIND (MPH)
  HIGHEST WIND SPEED    25   HIGHEST WIND DIRECTION    NW (320)
  HIGHEST GUST SPEED    34   HIGHEST GUST DIRECTION    NW (320)
  AVERAGE WIND SPEED    13.8


SKY COVER
  POSSIBLE SUNSHINE  MM
  AVERAGE SKY COVER 0.0


WEATHER CONDITIONS
 THE FOLLOWING WEATHER WAS RECORDED YESTERDAY.
  NO SIGNIFICANT WEATHER WAS OBSERVED.


RELATIVE HUMIDITY (PERCENT)
 HIGHEST    55           400 AM
 LOWEST     21           200 PM
 AVERAGE    38

..........................................................


THE YAKIMA WA CLIMATE NORMALS FOR TODAY
                         NORMAL    RECORD    YEAR
 MAXIMUM TEMPERATURE (F)   75        91      1983
                                             1947
 MINIMUM TEMPERATURE (F)   45        32      1973


SUNRISE AND SUNSET
MAY 27 2018...........SUNRISE   516 AM PDT   SUNSET   843 PM PDT
MAY 28 2018...........SUNRISE   515 AM PDT   SUNSET   844 PM PDT


-  INDICATES NEGATIVE NUMBERS.
R  INDICATES RECORD WAS SET OR TIED.
MM INDICATES DATA IS MISSING.
T  INDICATES TRACE AMOUNT.

$$
