000
CXUS56 KPQR 011541
CLMAST

CLIMATE REPORT
NATIONAL WEATHER SERVICE PORTLAND OREGON
841 AM PDT MON AUG 01 2022

...................................

...THE ASTORIA OR CLIMATE SUMMARY FOR THE MONTH OF JULY 2022...

CLIMATE NORMAL PERIOD 1991 TO 2020
CLIMATE RECORD PERIOD 1892 TO 2022

WEATHER         OBSERVED          NORMAL  DEPART   LAST YEAR`S
                VALUE   DATE(S)   VALUE   FROM     VALUE DATE(S)
                                          NORMAL
................................................................
TEMPERATURE (F)
HIGHEST           85                                  77  07/28
LOWEST            51                                  46  07/19
AVG. MAXIMUM    70.1               67.4     2.7     67.3
AVG. MINIMUM    55.5               53.9     1.6     54.4
MEAN            62.8               60.6     2.2     60.9
DAYS MAX >= 90     0                0.1    -0.1        0
DAYS MAX <= 32     0                0.0     0.0        0
DAYS MIN <= 32     0                0.0     0.0        0
DAYS MIN <= 0      0                0.0     0.0        0

PRECIPITATION (INCHES)
RECORD
 MAXIMUM        7.58   1916
 MINIMUM        0.01   1960
TOTALS          0.32               0.83   -0.51     0.22
DAYS >= .01        5                8.1    -3.1        7
DAYS >= .10        1                2.3    -1.3        1
DAYS >= .50        0                0.2    -0.2        0
DAYS >= 1.00       0                0.1    -0.1        0
GREATEST
 24 HR. TOTAL   0.22   07/06 TO 07/07


DEGREE DAYS
HEATING TOTAL     72                140     -68      119
 SINCE 7/1        72                141     -69       MM
COOLING TOTAL      9                  5       4        0
 SINCE 1/1        21                  9      12       MM
................................................................

WIND (MPH)
AVERAGE WIND SPEED              7.2
RESULTANT WIND SPEED/DIRECTION   5/290
HIGHEST WIND SPEED/DIRECTION    23/310    DATE  07/11
                                23/310          07/18
                                23/310          07/19
HIGHEST GUST SPEED/DIRECTION    31/310    DATE  07/11

SKY COVER
POSSIBLE SUNSHINE (PERCENT)   MM
AVERAGE SKY COVER           0.64
NUMBER OF DAYS FAIR            5
NUMBER OF DAYS PC             15
NUMBER OF DAYS CLOUDY         11

AVERAGE RH (PERCENT)     79

WEATHER CONDITIONS. NUMBER OF DAYS WITH
THUNDERSTORM              0     MIXED PRECIP               0
HEAVY RAIN                0     RAIN                       2
LIGHT RAIN                8     FREEZING RAIN              0
LT FREEZING RAIN          0     HAIL                       0
HEAVY SNOW                0     SNOW                       0
LIGHT SNOW                0     SLEET                      0
FOG                      18     FOG W/VIS <= 1/4 MILE      6
HAZE                      5

-  INDICATES NEGATIVE NUMBERS.
R  INDICATES RECORD WAS SET OR TIED.
MM INDICATES DATA IS MISSING.
T  INDICATES TRACE AMOUNT.

$$
