000
CXUS52 KRAH 011714
CLMGSO
CLIMATE REPORT
NATIONAL WEATHER SERVICE RALEIGH NC
114 PM EDT MON APR 01 2024
...................................
...THE GREENSBORO NC CLIMATE SUMMARY FOR THE MONTH OF MARCH 2024...
CLIMATE NORMAL PERIOD 1991 TO 2020
CLIMATE RECORD PERIOD 1903 TO 2024
WEATHER OBSERVED NORMAL DEPART LAST YEAR`S
VALUE DATE(S) VALUE FROM VALUE
NORMAL
..............................................................
TEMPERATURE (F)
RECORD
HIGH 93 03/30/1907
LOW 5 03/06/1960
HIGHEST 81 03/31 84
LOWEST 28 03/19 25
AVG. MAXIMUM 64.7 61.3 3.4 61.8
AVG. MINIMUM 42.5 39.3 3.2 41.4
MEAN 53.6 50.3 3.3 51.6
DAYS MAX >= 90 0 0
DAYS MAX <= 32 0 0
DAYS MIN <= 32 3 7
DAYS MIN <= 0 0 0
PRECIPITATION (INCHES)
RECORD
MAXIMUM 8.76 1975
TOTALS 4.63 3.72 0.91 2.82
DAYS >= .01 11
DAYS >= .10 8
DAYS >= .50 3
DAYS >= 1.00 1
GREATEST
24 HR. TOTAL 1.28 03/08 TO 03/09
SNOWFALL (INCHES)
RECORDS
TOTAL 21.3 1960
SNOW DEPTH 14 03/10/1960
TOTALS 0.0 0.9 -0.9 T
SINCE 7/1 T
SNOWDEPTH AVG. 0
DAYS >= TRACE 0
DAYS >= 1.0 0 0.3 -0.3 0
DEGREE DAYS
HEATING TOTAL 347 462 -115 413
SINCE 7/1 2875 3232 -357 MM
COOLING TOTAL 1 6 -5 6
SINCE 1/1 1 7 -6 MM
..............................................................
WIND (MPH)
AVERAGE WIND SPEED 7.8
HIGHEST WIND SPEED/DIRECTION 32/300 DATE 03/10
HIGHEST GUST SPEED/DIRECTION 47/290 DATE 03/10
SKY COVER
POSSIBLE SUNSHINE (PERCENT) MM
AVERAGE SKY COVER 0.58
NUMBER OF DAYS FAIR 10
NUMBER OF DAYS PC 8
NUMBER OF DAYS CLOUDY 13
AVERAGE RH (PERCENT) 59
WEATHER CONDITIONS. NUMBER OF DAYS WITH
THUNDERSTORM 3 MIXED PRECIP 0
HEAVY RAIN 2 RAIN 8
LIGHT RAIN 13 FREEZING RAIN 0
LT FREEZING RAIN 0 HAIL 0
HEAVY SNOW 0 SNOW 0
LIGHT SNOW 0 SLEET 0
FOG 12 FOG W/VIS <= 1/4 MILE 1
HAZE 1
- INDICATES NEGATIVE NUMBERS.
R INDICATES RECORD WAS SET OR TIED.
MM INDICATES DATA IS MISSING.
T INDICATES TRACE AMOUNT.
&&
NO RECORDS WERE SET AT GREENSBORO, NC DURING THE MONTH OF MARCH.
$$