000
CXUS53 KIND 011741
CLSLAF
CLIMATE REPORT
NATIONAL WEATHER SERVICE INDIANAPOLIS IN
1241 PM EST FRI MAR 01 2024
...................................
...THE LAFAYETTE IN CLIMATE SUMMARY FOR THE SEASON, FROM
12/1/2023 TO 2/29/2024...
CLIMATE NORMAL PERIOD 1991 TO 2020
CLIMATE RECORD PERIOD 9999 TO 9999
WEATHER OBSERVED NORMAL DEPART LAST YEAR`S
VALUE DATE(S) VALUE FROM VALUE DATE(S)
NORMAL
................................................................
TEMPERATURE (F)
HIGHEST 72 02/26 65 02/27
LOWEST -9R 01/15 -9 12/23
01/21
AVG. MAXIMUM 43.1 36.6 6.5 42.4
AVG. MINIMUM 27.5 21.1 6.4 26.6
MEAN 35.3 28.8 6.5 34.5
DAYS MAX >= 90 0 0.0 0.0 0
DAYS MAX <= 32 10 30.4 -20.4 13
DAYS MIN <= 32 64 74.0 -10.0 61
DAYS MIN <= 0 5 5.5 -0.5 3
PRECIPITATION (INCHES)
TOTALS 8.47 6.26 2.21 4.89
DAILY AVG. 0.09 NAN NAN 0.06
DAYS >= .01 37 27.7 9.3 13
DAYS >= .10 18 14.4 3.6 9
DAYS >= .50 8 3.7 4.3 3
DAYS >= 1.00 0 1.1 -1.1 1
GREATEST
24 HR. TOTAL 0.96 01/08 TO 01/09
DEGREE DAYS
HEATING TOTAL 2690 3257 -567 2733
COOLING TOTAL 0 0 0 0
................................................................
WIND (MPH)
AVERAGE WIND SPEED 7.3
HIGHEST WIND SPEED/DIRECTION 35/280 DATE 02/28
HIGHEST GUST SPEED/DIRECTION 50/270 DATE 02/28
SKY COVER
AVERAGE SKY COVER 0.57
AVERAGE RH (PERCENT) 75
WEATHER CONDITIONS. NUMBER OF DAYS WITH
THUNDERSTORM 2 MIXED PRECIP 0
HEAVY RAIN 3 RAIN 16
LIGHT RAIN 29 FREEZING RAIN 0
LT FREEZING RAIN 3 HAIL 0
HEAVY SNOW 2 SNOW 1
LIGHT SNOW 20 SLEET 0
FOG 56 FOG W/VIS <= 1/4 MILE 10
HAZE 16
- INDICATES NEGATIVE NUMBERS.
R INDICATES RECORD WAS SET OR TIED.
MM INDICATES DATA IS MISSING.
T INDICATES TRACE AMOUNT.
$$