000
CXUS51 KPBZ 011640
CLSPHD
CLIMATE REPORT
NATIONAL WEATHER SERVICE PITTSBURGH PA
1140 AM EST FRI MAR 01 2024
...................................
...THE NEW PHILADELPHIA OH CLIMATE SUMMARY FOR THE SEASON, FROM
12/1/2023 TO 2/29/2024...
CLIMATE NORMAL PERIOD 1991 TO 2020
CLIMATE RECORD PERIOD 1948 TO 2024
WEATHER OBSERVED NORMAL DEPART LAST YEAR`S
VALUE DATE(S) VALUE FROM VALUE DATE(S)
NORMAL
................................................................
TEMPERATURE (F)
RECORD
HIGH 78 02/20/2018
LOW -22 01/20/1994
HIGHEST 70 02/27 66 4 73 02/23
LOWEST 5 01/22 -5 10 -5 12/23
AVG. MAXIMUM 45.3 39.5 5.8 45.6
AVG. MINIMUM 29.4 23.3 6.1 28.8
MEAN 37.3 31.4 5.9
DAYS MAX >= 90 0 0.0 0.0 0
DAYS MAX <= 32 10 27.0 -17.0 10
DAYS MIN <= 32 56 72.8 -16.8 54
DAYS MIN <= 0 0 3.8 -3.8 2
PRECIPITATION (INCHES)
RECORD
MAXIMUM 14.14 1950
MINIMUM 3.92
TOTALS 7.78 7.62 0.16 7.45
DAILY AVG. 0.08 NAN NAN 0.08
DAYS >= .01 39 37.8 1.2
DAYS >= .10 17 18.0 -1.0
DAYS >= .50 6 5.1 0.9
DAYS >= 1.00 1 1.0 0.0
GREATEST
24 HR. TOTAL 1.14 01/09 TO 01/09
STORM TOTAL 1.14
(MM/DD(HH))
DEGREE DAYS
HEATING TOTAL 2495 3026 -531
SINCE 7/1 3522 4232 -710 MM
COOLING TOTAL 0 0 0
SINCE 1/1 0 0 0 MM
................................................................
WIND (MPH)
AVERAGE WIND SPEED 5.4
HIGHEST WIND SPEED/DIRECTION 30/130 DATE 01/09
HIGHEST GUST SPEED/DIRECTION 55/210 DATE 01/09
AVERAGE RH (PERCENT) 72
WEATHER CONDITIONS. NUMBER OF DAYS WITH
THUNDERSTORM 3 MIXED PRECIP 0
HEAVY RAIN 6 RAIN 14
LIGHT RAIN 34 FREEZING RAIN 0
LT FREEZING RAIN 0 HAIL 0
HEAVY SNOW 0 SNOW 1
LIGHT SNOW 21 SLEET 0
FOG 52 FOG W/VIS <= 1/4 MILE 5
HAZE 14
- INDICATES NEGATIVE NUMBERS.
R INDICATES RECORD WAS SET OR TIED.
MM INDICATES DATA IS MISSING.
T INDICATES TRACE AMOUNT.
$$