000
CXUS54 KEWX 011010
CF6BMQ
PRELIMINARY LOCAL CLIMATOLOGICAL DATA (WS FORM: F-6)
STATION: BURNET
MONTH: SEPTEMBER
YEAR: 2022
LATITUDE: 30 43 N
LONGITUDE: 98 14 W
TEMPERATURE IN F: :PCPN: SNOW: WIND :SUNSHINE: SKY :PK WND
================================================================================
1 2 3 4 5 6A 6B 7 8 9 10 11 12 13 14 15 16 17 18
12Z AVG MX 2MIN
DY MAX MIN AVG DEP HDD CDD WTR SNW DPTH SPD SPD DIR MIN PSBL S-S WX SPD DR
================================================================================
1 90 72 81 -1 0 16 0.06 M M 2.3 16 60 M M 4 13 26 50
2 91 72 82 0 0 17 T M M 4.3 12 290 M M 3 3 16 310
3 88 73 81 -1 0 16 0.14 M M 3.5 12 170 M M 2 13 18 360
4 94 68 81 0 0 16 0.03 M M 4.3 22 40 M M 2 3 37 60
5 92 67 80 -1 0 15 0.00 M M 4.4 12 200 M M 0 16 190
6 93 70 82 1 0 17 0.01 M M 5.1 14 60 M M 1 19 60
7 95 73 84 3 0 19 0.01 M M 4.5 12 30 M M 4 3 17 30
8 93 72 83 3 0 18 0.00 M M 4.6 12 60 M M 2 17 90
9 93 70 82 2 0 17 0.00 M M 4.7 10 80 M M 1 20 50
10 93 72 83 3 0 18 T M M 4.2 15 30 M M 4 22 20
11 89 72 81 1 0 16 0.00 M M 6.4 16 20 M M 3 22 30
12 91 69 80 1 0 15 0.00 M M 3.6 9 50 M M 0 14 300
13 93 70 82 3 0 17 0.00 M M 4.3 18 130 M M 1 3 26 130
14 91 69 80 1 0 15 0.00 M M 5.2 14 140 M M 1 18 20 140
15 90 64 77 -2 0 12 0.00 M M 4.2 12 130 M M 2 8 19 100
16 94 72 83 5 0 18 0.00 M M 6.2 14 80 M M 6 19 140
17 94 74 84 6 0 19 0.00 M M 7.2 14 160 M M 3 23 180
18 94 72 83 5 0 18 0.00 M M 5.7 13 140 M M 2 21 150
19 94 71 83 5 0 18 0.00 M M 4.5 10 140 M M 1 17 190
20 95 73 84 7 0 19 0.00 0.0 M 4.8 13 180 M M 0 19 170
21 95 70 83 6 0 18 0.00 0.0 M 3.4 13 130 M M 1 19 130
22 98 67 83 6 0 18 0.00 M M 1.6 12 100 M M 0 19 110
23 95 68 82 6 0 17 0.00 M M 3.6 12 210 M M 1 19 220
24 93 69 81 5 0 16 0.00 M M 5.4 16 200 M M 1 26 200
25 95 72 84 8 0 19 0.00 M M 3.1 14 80 M M 1 3 18 90
26 93 66 80 4 0 15 0.00 M M 8.5 17 40 M M 1 28 20
27 90 55 73 -2 0 8 0.00 M M 3.8 15 90 M M 0 8 26 80
28 89 61 75 0 0 10 0.00 M M 3.7 12 190 M M 0 18 180
29 92 59 76 1 0 11 0.00 M M 3.3 13 280 M M 0 19 280
30 87 60 74 0 0 9 0.00 M M 4.6 12 100 M M 0 17 80
================================================================================
SM 2774 2062 0 477 0.25 0.0 135.0 M 47
================================================================================
AV 92.5 68.7 4.5 FASTST M M 2 MAX(MPH)
MISC ----> 22 40 37 60
================================================================================
NOTES:
# LAST OF SEVERAL OCCURRENCES
COLUMN 17 PEAK WIND IN M.P.H.
PRELIMINARY LOCAL CLIMATOLOGICAL DATA (WS FORM: F-6) , PAGE 2
STATION: BURNET
MONTH: SEPTEMBER
YEAR: 2022
LATITUDE: 30 43 N
LONGITUDE: 98 14 W
[TEMPERATURE DATA] [PRECIPITATION DATA] SYMBOLS USED IN COLUMN 16
AVERAGE MONTHLY: 80.6 TOTAL FOR MONTH: 0.25 1 = FOG OR MIST
DPTR FM NORMAL: 2.2 DPTR FM NORMAL: -2.64 2 = FOG REDUCING VISIBILITY
HIGHEST: 98 ON 22 GRTST 24HR 0.26 ON 31- 1 TO 1/4 MILE OR LESS
LOWEST: 55 ON 27 3 = THUNDER
SNOW, ICE PELLETS, HAIL 4 = ICE PELLETS
TOTAL MONTH: 0.0 INCH 5 = HAIL
GRTST 24HR 0.0 6 = FREEZING RAIN OR DRIZZLE
GRTST DEPTH: M ON M 7 = DUSTSTORM OR SANDSTORM:
VSBY 1/2 MILE OR LESS
8 = SMOKE OR HAZE
[NO. OF DAYS WITH] [WEATHER - DAYS WITH] 9 = BLOWING SNOW
X = TORNADO
MAX 32 OR BELOW: 0 0.01 INCH OR MORE: 5
MAX 90 OR ABOVE: 26 0.10 INCH OR MORE: 1
MIN 32 OR BELOW: 0 0.50 INCH OR MORE: 0
MIN 0 OR BELOW: 0 1.00 INCH OR MORE: 0
[HDD (BASE 65) ]
TOTAL THIS MO. 0 CLEAR (SCALE 0-3) 25
DPTR FM NORMAL -2 PTCLDY (SCALE 4-7) 5
TOTAL FM JUL 1 0 CLOUDY (SCALE 8-10) 0
DPTR FM NORMAL 0
[CDD (BASE 65) ]
TOTAL THIS MO. 477
DPTR FM NORMAL 73 [PRESSURE DATA]
TOTAL FM JAN 1 3225 HIGHEST SLP 30.27 ON 28
DPTR FM NORMAL 652 LOWEST SLP 29.70 ON 9
[REMARKS]
#FINAL-09-22#