000
CXUS53 KSGF 010933
CLMJLN
CLIMATE REPORT
NATIONAL WEATHER SERVICE
433 AM CDT TUE AUG 01 2023
...................................
...THE JOPLIN MO CLIMATE SUMMARY FOR THE MONTH OF JULY 2023...
CLIMATE NORMAL PERIOD: 1991 TO 2020
CLIMATE RECORD PERIOD: 1902 TO 2023
WEATHER OBSERVED NORMAL DEPART LAST YEAR`S
VALUE DATE(S) VALUE FROM VALUE
NORMAL
..............................................................
TEMPERATURE (F)
RECORD
HIGH 115 07/14/1954
LOW 50 07/16/2014
07/03/2014
07/13/1975
HIGHEST 102 07/12 90 12 107
LOWEST 59 07/10 70 -11 62
AVG. MAXIMUM 93.3 90.3 3.0 97.8
AVG. MINIMUM 70.5 69.5 1.0
MEAN 81.9 79.9 2.0
DAYS MAX >= 90 24 18.4 5.6
DAYS MAX <= 32 0 0.0 0.0
DAYS MIN <= 32 0 0.0 0.0
DAYS MIN <= 0 0 0.0 0.0
PRECIPITATION (INCHES)
RECORD
MAXIMUM 14.65 1958
MINIMUM T 2012
TOTALS 1.95 3.97 -2.02 1.02
DAILY AVG. 0.07 0.13 -0.06
DAYS >= .01 8 8.5 -0.5
DAYS >= .10 5 5.4 -0.4
DAYS >= .50 1 2.7 -1.7
DAYS >= 1.00 0 1.2 -1.2
GREATEST
24 HR. TOTAL 0.68 07/30 TO 07/30 0.53
DEGREE DAYS
HEATING TOTAL 0 0 0 0
SINCE 7/1 0 0 0 MM
COOLING TOTAL 531 462 69 651
SINCE 1/1 1071 956 115 MM
FREEZE DATES
RECORD
EARLIEST 05/03/1976
LATEST 09/24/1989
EARLIEST 10/18
LATEST 04/14
..............................................................
WIND (MPH)
AVERAGE WIND SPEED 8.4
RESULTANT WIND SPEED/DIRECTION 4/210
HIGHEST WIND SPEED/DIRECTION 46/360 DATE 07/30
HIGHEST GUST SPEED/DIRECTION 90/300 DATE 07/02
SKY COVER
POSSIBLE SUNSHINE (PERCENT) MM
AVERAGE SKY COVER 0.26
NUMBER OF DAYS FAIR 26
NUMBER OF DAYS PC 5
NUMBER OF DAYS CLOUDY 0
AVERAGE RH (PERCENT) 63
WEATHER CONDITIONS. NUMBER OF DAYS WITH
THUNDERSTORM 8 MIXED PRECIP 0
HEAVY RAIN 2 RAIN 3
LIGHT RAIN 12 FREEZING RAIN 0
LT FREEZING RAIN 0 HAIL 0
HEAVY SNOW 0 SNOW 0
LIGHT SNOW 0 SLEET 0
FOG 8 FOG W/VIS <= 1/4 MILE 0
HAZE 4
- INDICATES NEGATIVE NUMBERS.
R INDICATES RECORD WAS SET OR TIED.
MM INDICATES DATA IS MISSING.
T INDICATES TRACE AMOUNT.
$$