000
CXUS54 KEWX 251010
CF6CZT
PRELIMINARY LOCAL CLIMATOLOGICAL DATA (WS FORM: F-6)
STATION: CARRIZO SPRINGS
MONTH: APRIL
YEAR: 2024
LATITUDE: 28 31 N
LONGITUDE: 99 49 W
TEMPERATURE IN F: :PCPN: SNOW: WIND :SUNSHINE: SKY :PK WND
================================================================================
1 2 3 4 5 6A 6B 7 8 9 10 11 12 13 14 15 16 17 18
12Z AVG MX 2MIN
DY MAX MIN AVG DEP HDD CDD WTR SNW DPTH SPD SPD DIR MIN PSBL S-S WX SPD DR
================================================================================
1 102 72 87 M 0 22 0.00 M M 9.8 18 360 M M 5 38 290
2 82 59 71 M 0 6 0.00 M M 10.0 21 340 M M 0 29 340
3 84 48 66 M 0 1 0.00 M M 4.3 10 50 M M 0 8 18 330
4 91 50 71 M 0 6 0.00 M M 5.8 12 200 M M 0 17 170
5 91 50 71 M 0 6 0.00 M M 10.9 17 150 M M 0 28 130
6 88 66 77 M 0 12 0.00 M M 7.5 13 190 M M 4 16 150
7 86 64 75 M 0 10 0.00 M M 4.9 12 40 M M 4 22 20
8 84 63 74 M 0 9 0.00 M M 5.1 10 140 M M 6 M M
9 99 70 85 M 0 20 0.00 M M 6.2 32 320 M M 5 40 320
10 84 59 72 M 0 7 0.00 M M 14.3 23 320 M M 1 38 330
11 90 54 72 M 0 7 0.00 M M 4.3 8 130 M M 0 18 120
12 90 50 70 M 0 5 0.00 M M 10.3 18 160 M M 0 27 160
13 91 59 75 M 0 10 0.00 M M 10.8 16 160 M M 0 25 150
14 95 63 79 M 0 14 0.00 M M 7.4 12 130 M M 3 20 110
15 97 70 84 M 0 19 0.00 M M 10.8 17 170 M M 3 28 140
16 88 72 80 M 0 15 0.00 M M 5.4 12 150 M M 6 1 17 140
17 88 72 80 M 0 15 0.00 M M 5.7 14 140 M M 5 21 140
18 95 73 84 M 0 19 0.00 M M 5.1 9 200 M M 6 23 180
19 88 70 79 M 0 14 0.00 M M 7.9 14 100 M M 6 21 110
20 86 61 74 M 0 9 0.04 M M 7.4 17 350 M M 8 24 360
21 73 55 64 M 1 0 0.00 M M 7.1 12 20 M M 10 21 20
22 77 61 69 M 0 4 0.00 M M 7.2 13 150 M M 9 18 160
23 81 64 73 M 0 8 0.00 M M 7.8 12 160 M M 9 17 150
24 90 72 81 M 0 16 0.00 M M 9.2 15 130 M M 8 26 150
================================================================================
SM 2120 1497 1 254 0.04 M 185.2 M 98
================================================================================
AV 88.3 62.4 7.7 FASTST M M 4 MAX(MPH)
MISC ----> 32 320 40 320
================================================================================
NOTES:
# LAST OF SEVERAL OCCURRENCES
COLUMN 17 PEAK WIND IN M.P.H.
PRELIMINARY LOCAL CLIMATOLOGICAL DATA (WS FORM: F-6) , PAGE 2
STATION: CARRIZO SPRINGS
MONTH: APRIL
YEAR: 2024
LATITUDE: 28 31 N
LONGITUDE: 99 49 W
[TEMPERATURE DATA] [PRECIPITATION DATA] SYMBOLS USED IN COLUMN 16
AVERAGE MONTHLY: 75.4 TOTAL FOR MONTH: 0.04 1 = FOG OR MIST
DPTR FM NORMAL: 0.0 DPTR FM NORMAL: 0.04 2 = FOG REDUCING VISIBILITY
HIGHEST: 102 ON 1 GRTST 24HR 0.04 ON 20-20 TO 1/4 MILE OR LESS
LOWEST: 48 ON 3 3 = THUNDER
SNOW, ICE PELLETS, HAIL 4 = ICE PELLETS
TOTAL MONTH: M 5 = HAIL
GRTST 24HR M ON M 6 = FREEZING RAIN OR DRIZZLE
GRTST DEPTH: M ON M 7 = DUSTSTORM OR SANDSTORM:
VSBY 1/2 MILE OR LESS
8 = SMOKE OR HAZE
[NO. OF DAYS WITH] [WEATHER - DAYS WITH] 9 = BLOWING SNOW
X = TORNADO
MAX 32 OR BELOW: 0 0.01 INCH OR MORE: 1
MAX 90 OR ABOVE: 11 0.10 INCH OR MORE: 0
MIN 32 OR BELOW: 0 0.50 INCH OR MORE: 0
MIN 0 OR BELOW: 0 1.00 INCH OR MORE: 0
[HDD (BASE 65) ]
TOTAL THIS MO. 1 CLEAR (SCALE 0-3) 9
DPTR FM NORMAL M PTCLDY (SCALE 4-7) 11
TOTAL FM JUL 1 1026 CLOUDY (SCALE 8-10) 4
DPTR FM NORMAL M
[CDD (BASE 65) ]
TOTAL THIS MO. 254
DPTR FM NORMAL M [PRESSURE DATA]
TOTAL FM JAN 1 489 HIGHEST SLP M ON M
DPTR FM NORMAL M LOWEST SLP M ON M
[REMARKS]