000
CXUS54 KMAF 291110
CF6ODO
PRELIMINARY LOCAL CLIMATOLOGICAL DATA (WS FORM: F-6)
STATION: ODESSA SCHLEYMEYER
MONTH: MARCH
YEAR: 2024
LATITUDE: 31 55 N
LONGITUDE: 102 23 W
TEMPERATURE IN F: :PCPN: SNOW: WIND :SUNSHINE: SKY :PK WND
================================================================================
1 2 3 4 5 6A 6B 7 8 9 10 11 12 13 14 15 16 17 18
12Z AVG MX 2MIN
DY MAX MIN AVG DEP HDD CDD WTR SNW DPTH SPD SPD DIR MIN PSBL S-S WX SPD DR
================================================================================
1 75 39 57 4 8 0 0.00 M M 9.2 18 230 M M 0 24 240
2 80 47 64 11 1 0 0.00 M M 10.1 23 230 M M 0 32 250
3 79 49 64 11 1 0 0.00 M M 14.1 30 260 M M 0 40 250
4 78 50 64 10 1 0 0.00 M M 10.5 22 290 M M 0 29 270
5 78 48 63 9 2 0 0.00 M M 7.7 16 300 M M 0 22 320
6 79 44 62 8 3 0 0.00 M M 8.1 29 230 M M 1 39 230
7 77 60 69 15 0 4 0.00 M M 7.8 20 280 M M 1 27 270
8 63 41 52 -3 13 0 0.00 M M 13.4 23 30 M M 2 32 30
9 55 37 46 -9 19 0 0.00 M M 7.8 17 10 M M 4 25 20
10 64 37 51 -4 14 0 0.00 M M 6.1 14 180 M M 1 20 170
11 74 42 58 2 7 0 0.00 M M 10.4 20 210 M M 0 26 200
12 81 55 68 12 0 3 0.00 M M 13.5 22 240 M M 0 29 250
13 82 52 67 11 0 2 0.00 M M 11.9 30 250 M M 0 40 250
14 80 49 65 9 0 0 0.00 M M 9.1 18 20 M M 0 26 110
15 64 45 55 -2 10 0 0.35 M M 19.0 38 50 M M 9 138 46 50
16 55 47 51 -6 14 0 0.04 M M 8.8 17 60 M M 10 1 21 50
17 53 50 52 -6 13 0 0.02 M M 10.5 21 80 M M 10 1 26 90
18 62 47 55 -3 10 0 0.00 M M 9.8 16 100 M M 6 23 90
19 68 47 58 0 7 0 0.00 M M 10.7 22 210 M M 2 31 210
20 75 45 60 2 5 0 0.07 M M 7.7 35 250 M M 2 8 52 230
21 74 50 62 3 3 0 0.07 M M 6.6 30 330 M M 2 38 46 320
22 79 46 63 4 2 0 0.00 M M 8.2 17 350 M M 0 22 360
23 75 50 63 4 2 0 0.00 M M 17.2 28 150 M M 1 38 160
24 79 56 68 8 0 3 0.00 M M 23.5 40 280 M M 4 8 55 270
25 66 43 55 -5 10 0 0.01 M M 16.4 31 320 M M 3 8 49 320
26 66 33 50 -10 15 0 0.00 M M 9.3 23 270 M M 1 33 290
27 70 42 56 -4 9 0 0.00 M M 11.2 31 300 M M 1 44 300
28 79 39 59 -2 6 0 0.00 M M 11.2 24 200 M M 0 33 200
================================================================================
SM 2010 1290 175 12 0.56 M 309.8 M 60
================================================================================
AV 71.8 46.1 11.1 FASTST M M 2 MAX(MPH)
MISC ----> 40 280 55 270
================================================================================
NOTES:
# LAST OF SEVERAL OCCURRENCES
COLUMN 17 PEAK WIND IN M.P.H.
PRELIMINARY LOCAL CLIMATOLOGICAL DATA (WS FORM: F-6) , PAGE 2
STATION: ODESSA SCHLEYMEYER
MONTH: MARCH
YEAR: 2024
LATITUDE: 31 55 N
LONGITUDE: 102 23 W
[TEMPERATURE DATA] [PRECIPITATION DATA] SYMBOLS USED IN COLUMN 16
AVERAGE MONTHLY: 58.9 TOTAL FOR MONTH: 0.56 1 = FOG OR MIST
DPTR FM NORMAL: 2.2 DPTR FM NORMAL: -0.08 2 = FOG REDUCING VISIBILITY
HIGHEST: 82 ON 13 GRTST 24HR 0.39 ON 15-16 TO 1/4 MILE OR LESS
LOWEST: 33 ON 26 3 = THUNDER
SNOW, ICE PELLETS, HAIL 4 = ICE PELLETS
TOTAL MONTH: M 5 = HAIL
GRTST 24HR M ON M 6 = FREEZING RAIN OR DRIZZLE
GRTST DEPTH: M ON M 7 = DUSTSTORM OR SANDSTORM:
VSBY 1/2 MILE OR LESS
8 = SMOKE OR HAZE
[NO. OF DAYS WITH] [WEATHER - DAYS WITH] 9 = BLOWING SNOW
X = TORNADO
MAX 32 OR BELOW: 0 0.01 INCH OR MORE: 6
MAX 90 OR ABOVE: 0 0.10 INCH OR MORE: 1
MIN 32 OR BELOW: 0 0.50 INCH OR MORE: 0
MIN 0 OR BELOW: 0 1.00 INCH OR MORE: 0
[HDD (BASE 65) ]
TOTAL THIS MO. 175 CLEAR (SCALE 0-3) 22
DPTR FM NORMAL -80 PTCLDY (SCALE 4-7) 3
TOTAL FM JUL 1 1927 CLOUDY (SCALE 8-10) 3
DPTR FM NORMAL -457
[CDD (BASE 65) ]
TOTAL THIS MO. 12
DPTR FM NORMAL -7 [PRESSURE DATA]
TOTAL FM JAN 1 28 HIGHEST SLP M ON M
DPTR FM NORMAL 6 LOWEST SLP 29.33 ON 24
[REMARKS]