000
CXUS51 KBTV 290700
CF6SLK
PRELIMINARY LOCAL CLIMATOLOGICAL DATA (WS FORM: F-6)
STATION: SARANAC LAKE NY
MONTH: MARCH
YEAR: 2024
LATITUDE: 44 23 N
LONGITUDE: 74 12 W
TEMPERATURE IN F: :PCPN: SNOW: WIND :SUNSHINE: SKY :PK WND
================================================================================
1 2 3 4 5 6A 6B 7 8 9 10 11 12 13 14 15 16 17 18
12Z AVG MX 2MIN
DY MAX MIN AVG DEP HDD CDD WTR SNW DPTH SPD SPD DIR MIN PSBL S-S WX SPD DR
================================================================================
1 39 5 22 3 43 0 T M M 6.7 17 220 M M 5 8 27 220
2 42 21 32 13 33 0 T M M 3.1 13 210 M M 7 18 18 200
3 47 28 38 19 27 0 0.03 M M 1.7 7 50 M M 9 12 14 340
4 58 29 44 24 21 0 0.00 M M 5.9 23 200 M M 6 12 30 200
5 54 26 40 20 25 0 T M M 2.5 17 220 M M 3 1 23 220
6 47 36 42 22 23 0 0.59 M M 4.3 14 50 M M 10 12 17 50
7 46 21 34 14 31 0 T M M 8.7 18 40 M M 5 1 26 30
8 52 16 34 13 31 0 0.00 M M 3.5 13 50 M M 0 18 50
9 44 27 36 15 29 0 T M M 10.4 22 170 M M 6 36 140
10 38 19 29 7 36 0 T M M 4.9 16 180 M M 10 18 26 260
11 34 19 27 5 38 0 T M M 8.5 18 290 M M 7 128 33 300
12 46 22 34 12 31 0 0.00 M M 4.4 12 270 M M 3 26 310
13 60 17 39 16 26 0 T M M 2.2 12 50 M M 3 14 250
14 56 24 40 17 25 0 0.45 M M 3.5 13 40 M M 3 1 17 210
15 48 28 38 15 27 0 0.28 M M 7.1 15 50 M M 8 1 21 60
16 42 33 38 14 27 0 0.01 M M 5.4 14 220 M M 9 128 22 160
17 43 30 37 13 28 0 0.11 M M 9.9 20 240 M M 9 1 29 230
18 32 24 28 3 37 0 0.04 M M 10.0 18 240 M M 10 128 31 240
19 31 17 24 -1 41 0 0.02 M M 7.0 20 220 M M 10 18 26 230
20 32 15 24 -1 41 0 0.12 M M 8.9 21 210 M M 10 128 28 210
21 19 11 15 -11 50 0 T M M 8.1 18 250 M M 8 18 37 270
22 22 -6 8 -18 57 0 T M M 2.8 12 210 M M 5 128 15 200
23 24 3 14 -13 51 0 0.33 M M 6.3 13 60 M M 8 18 17 340
24 31 -7 12 -15 53 0 0.00 M M 1.6 9 210 M M 4 18 16 250
25 49 2 26 -2 39 0 0.00 M M 2.6 14 180 M M 0 19 180
26 62 17 40 12 25 0 0.00 M M 4.6 16 160 M M 2 26 190
27 59 38 49 21 16 0 T M M 8.0 18 200 M M 5 18 24 230
28 44 27 36 7 29 0 0.00 M M 4.1 10 220 M M 7 15 260
================================================================================
SM 1201 542 940 0 1.98 M 156.7 M 172
================================================================================
AV 42.9 19.4 5.6 FASTST M M 6 MAX(MPH)
MISC ----> 23 200 37 270
================================================================================
NOTES:
# LAST OF SEVERAL OCCURRENCES
COLUMN 17 PEAK WIND IN M.P.H.
PRELIMINARY LOCAL CLIMATOLOGICAL DATA (WS FORM: F-6) , PAGE 2
STATION: SARANAC LAKE NY
MONTH: MARCH
YEAR: 2024
LATITUDE: 44 23 N
LONGITUDE: 74 12 W
[TEMPERATURE DATA] [PRECIPITATION DATA] SYMBOLS USED IN COLUMN 16
AVERAGE MONTHLY: 31.1 TOTAL FOR MONTH: 1.98 1 = FOG OR MIST
DPTR FM NORMAL: 7.7 DPTR FM NORMAL: 0.19 2 = FOG REDUCING VISIBILITY
HIGHEST: 62 ON 26 GRTST 24HR 0.73 ON 14-15 TO 1/4 MILE OR LESS
LOWEST: -7 ON 24 3 = THUNDER
SNOW, ICE PELLETS, HAIL 4 = ICE PELLETS
TOTAL MONTH: M 5 = HAIL
GRTST 24HR M ON M 6 = FREEZING RAIN OR DRIZZLE
GRTST DEPTH: M ON M 7 = DUSTSTORM OR SANDSTORM:
VSBY 1/2 MILE OR LESS
8 = SMOKE OR HAZE
[NO. OF DAYS WITH] [WEATHER - DAYS WITH] 9 = BLOWING SNOW
X = TORNADO
MAX 32 OR BELOW: 7 0.01 INCH OR MORE: 10
MAX 90 OR ABOVE: 0 0.10 INCH OR MORE: 6
MIN 32 OR BELOW: 25 0.50 INCH OR MORE: 1
MIN 0 OR BELOW: 2 1.00 INCH OR MORE: 0
[HDD (BASE 65) ]
TOTAL THIS MO. 940 CLEAR (SCALE 0-3) 5
DPTR FM NORMAL -223 PTCLDY (SCALE 4-7) 12
TOTAL FM JUL 1 6624 CLOUDY (SCALE 8-10) 11
DPTR FM NORMAL -1116
[CDD (BASE 65) ]
TOTAL THIS MO. 0
DPTR FM NORMAL 0 [PRESSURE DATA]
TOTAL FM JAN 1 0 HIGHEST SLP M ON M
DPTR FM NORMAL 0 LOWEST SLP 29.30 ON 10
[REMARKS]