000
CXUS55 KGJT 280910
CF6VEL
PRELIMINARY LOCAL CLIMATOLOGICAL DATA (WS FORM: F-6)
STATION: VERNAL UT
MONTH: MARCH
YEAR: 2024
LATITUDE: 40 27 N
LONGITUDE: 109 31 W
TEMPERATURE IN F: :PCPN: SNOW: WIND :SUNSHINE: SKY :PK WND
================================================================================
1 2 3 4 5 6A 6B 7 8 9 10 11 12 13 14 15 16 17 18
12Z AVG MX 2MIN
DY MAX MIN AVG DEP HDD CDD WTR SNW DPTH SPD SPD DIR MIN PSBL S-S WX SPD DR
================================================================================
1 59 26 43 9 22 0 0.00 M M 7.6 23 220 M M 3 31 230
2 54 28 41 6 24 0 0.05 M M 13.9 35 240 M M 7 1 49 240
3 36 25 31 -4 34 0 0.02 M M 6.7 18 260 M M 8 128 26 240
4 41 22 32 -4 33 0 T M M 7.1 26 240 M M 7 8 34 230
5 44 24 34 -2 31 0 T M M 4.1 10 210 M M 5 17 260
6 56 21 39 3 26 0 0.00 M M 5.7 18 240 M M 2 25 200
7 51 29 40 3 25 0 T M M 3.8 20 350 M M 7 1 25 350
8 45 22 34 -4 31 0 0.00 M M 11.2 25 60 M M 3 33 50
9 48 17 33 -5 32 0 0.00 M M 4.7 12 210 M M 0 17 210
10 55 19 37 -1 28 0 0.00 M M 4.5 14 230 M M 0 19 230
11 59 27 43 4 22 0 T M M 6.7 25 240 M M 3 35 250
12 55 28 42 3 23 0 T M M 6.0 18 240 M M 6 26 230
13 47 31 39 -1 26 0 T M M 5.4 18 220 M M 8 20 230
14 48 33 41 1 24 0 T M M 15.0 30 30 M M 10 1 46 30
15 50 31 41 1 24 0 0.00 M M 7.0 15 70 M M 4 23 90
16 56 34 45 4 20 0 0.00 M M 13.9 26 30 M M 4 40 20
17 56 40 48 7 17 0 0.00 M M 12.8 24 10 M M 4 36 360
18 59 26 43 2 22 0 0.00 M M 4.8 9 160 M M 0 16 150
19 64 25 45 3 20 0 0.00 M M 3.5 9 210 M M 0 13 210
20 64 25 45 3 20 0 0.00 M M 3.8 9 300 M M 0 16 130
21 67 27 47 5 18 0 0.00 M M 7.1 32 270 M M 0 42 260
22 64 30 47 4 18 0 0.01 M M 6.2 24 270 M M 2 34 280
23 63 35 49 6 16 0 0.04 M M 7.6 24 240 M M 5 38 210
24 44 34 39 -4 26 0 0.01 M M 5.4 20 60 M M 8 27 60
25 47 32 40 -3 25 0 T M M 5.5 22 360 M M 10 1 29 350
26 43 28 36 -8 29 0 T M M 4.1 15 320 M M 7 18 20 340
27 53 23 38 -6 27 0 0.00 M M 6.1 20 230 M M 2 27 220
================================================================================
SM 1428 742 663 0 0.13 M 190.2 M 115
================================================================================
AV 52.9 27.5 7.0 FASTST M M 4 MAX(MPH)
MISC ----> 35 240 49 240
================================================================================
NOTES:
# LAST OF SEVERAL OCCURRENCES
COLUMN 17 PEAK WIND IN M.P.H.
PRELIMINARY LOCAL CLIMATOLOGICAL DATA (WS FORM: F-6) , PAGE 2
STATION: VERNAL UT
MONTH: MARCH
YEAR: 2024
LATITUDE: 40 27 N
LONGITUDE: 109 31 W
[TEMPERATURE DATA] [PRECIPITATION DATA] SYMBOLS USED IN COLUMN 16
AVERAGE MONTHLY: 40.2 TOTAL FOR MONTH: 0.13 1 = FOG OR MIST
DPTR FM NORMAL: 0.6 DPTR FM NORMAL: -0.50 2 = FOG REDUCING VISIBILITY
HIGHEST: 67 ON 21 GRTST 24HR 0.07 ON 2- 3 TO 1/4 MILE OR LESS
LOWEST: 17 ON 9 3 = THUNDER
SNOW, ICE PELLETS, HAIL 4 = ICE PELLETS
TOTAL MONTH: M 5 = HAIL
GRTST 24HR M ON M 6 = FREEZING RAIN OR DRIZZLE
GRTST DEPTH: M ON M 7 = DUSTSTORM OR SANDSTORM:
VSBY 1/2 MILE OR LESS
8 = SMOKE OR HAZE
[NO. OF DAYS WITH] [WEATHER - DAYS WITH] 9 = BLOWING SNOW
X = TORNADO
MAX 32 OR BELOW: 0 0.01 INCH OR MORE: 5
MAX 90 OR ABOVE: 0 0.10 INCH OR MORE: 0
MIN 32 OR BELOW: 22 0.50 INCH OR MORE: 0
MIN 0 OR BELOW: 0 1.00 INCH OR MORE: 0
[HDD (BASE 65) ]
TOTAL THIS MO. 663 CLEAR (SCALE 0-3) 10
DPTR FM NORMAL -22 PTCLDY (SCALE 4-7) 12
TOTAL FM JUL 1 5299 CLOUDY (SCALE 8-10) 5
DPTR FM NORMAL -711
[CDD (BASE 65) ]
TOTAL THIS MO. 0
DPTR FM NORMAL 0 [PRESSURE DATA]
TOTAL FM JAN 1 0 HIGHEST SLP M ON M
DPTR FM NORMAL 0 LOWEST SLP 29.34 ON 24
[REMARKS]