000
CXUS51 KRLX 020442
CLACKB
CLIMATE REPORT
NATIONAL WEATHER SERVICE CHARLESTON WV
1142 PM EST MON JAN 01 2024
...................................
...THE CLARKSBURG WV CLIMATE SUMMARY FOR THE YEAR OF 2023...
CLIMATE NORMAL PERIOD: 1991 TO 2020
CLIMATE RECORD PERIOD: 1922 TO 2023
WEATHER OBSERVED NORMAL DEPART LAST YEAR`S
VALUE DATE(S) VALUE FROM VALUE
NORMAL
..............................................................
TEMPERATURE (F)
RECORD
HIGH 102 09/04/1953
09/03/1953
07/27/1934
LOW -24 01/19/1994
HIGHEST 91 04/05 96
LOWEST 11 02/04 0
AVG. MAXIMUM 66.6 65.7 0.9 65.6
AVG. MINIMUM 44.9 44.2 0.7 43.7
MEAN 55.8 54.9 0.9 54.6
DAYS MAX >= 90 4 12.1 -8.1 20
DAYS MAX <= 32 4 23.8 -19.8 18
DAYS MAX >= 80 90 112
DAYS MIN <= 32 88 106.6 -18.6 104
DAYS MIN <= 0 0 1.8 -1.8 1
DAYS MIN <= 10 0 1
DAYS MIN <= -5 0 0
PRECIPITATION (INCHES)
RECORD
MAXIMUM 63.87 1996
MINIMUM 21.65 1930
TOTALS 39.33 44.84 -5.51 45.96
DAILY AVG. 0.11 0.12 -0.01 0.13
DAYS >= .01 155 168.4 -13.4 152
DAYS >= .10 93 93.3 -0.3 94
DAYS >= .50 27 29.5 -2.5 27
DAYS >= 1.00 6 7.4 -1.4 11
GREATEST
24 HR. TOTAL 2.11 08/28 TO 08/29 2.64
DEGREE DAYS
HEATING TOTAL 3978 4661 -683 4755
SINCE 7/1 1669 1787 -118 MM
COOLING TOTAL 707 1028 -321 1128
SINCE 1/1 707 1027 -320 MM
..............................................................
WIND (MPH)
AVERAGE WIND SPEED 5.1
HIGHEST WIND SPEED/DIRECTION 45/230 DATE 03/25
HIGHEST GUST SPEED/DIRECTION 65/230 DATE 03/25
SKY COVER
AVERAGE SKY COVER 0.47
NUMBER OF DAYS FAIR 147
NUMBER OF DAYS PC 120
NUMBER OF DAYS CLOUDY 98
AVERAGE RH (PERCENT) 66
WEATHER CONDITIONS. NUMBER OF DAYS WITH
THUNDERSTORM 40 MIXED PRECIP 0
HEAVY RAIN 54 RAIN 81
LIGHT RAIN 175 FREEZING RAIN 0
LT FREEZING RAIN 0 HAIL 1
HEAVY SNOW 2 SNOW 4
LIGHT SNOW 34 SLEET 0
FOG 191 FOG W/VIS <= 1/4 MILE 41
HAZE 39
- INDICATES NEGATIVE NUMBERS.
R INDICATES RECORD WAS SET OR TIED.
MM INDICATES DATA IS MISSING.
T INDICATES TRACE AMOUNT.
$$