000
CXUS53 KSGF 010641
CLMJLN
CLIMATE REPORT
NATIONAL WEATHER SERVICE
1241 AM CST FRI MAR 01 2024
...................................
...THE JOPLIN MO CLIMATE SUMMARY FOR THE MONTH OF FEBRUARY 2024...
CLIMATE NORMAL PERIOD: 1991 TO 2020
CLIMATE RECORD PERIOD: 1902 TO 2024
WEATHER OBSERVED NORMAL DEPART LAST YEAR`S
VALUE DATE(S) VALUE FROM VALUE
NORMAL
..............................................................
TEMPERATURE (F)
RECORD
HIGH 87 02/22/1996
LOW -15 02/16/2021
HIGHEST 83 02/27 47 36 74
LOWEST 16 02/17 27 -11 14
AVG. MAXIMUM 60.5 50.0 10.5 54.7
AVG. MINIMUM 37.0 28.7 8.3
MEAN 48.7 39.4 9.3
DAYS MAX >= 90 0 0.0 0.0
DAYS MAX <= 32 0 2.6 -2.6
DAYS MIN <= 32 10 18.3 -8.3
DAYS MIN <= 0 0 0.3 -0.3
PRECIPITATION (INCHES)
RECORD
MAXIMUM 7.82 1985
MINIMUM 0.01 2006
TOTALS 1.52 1.98 -0.46 2.78
DAILY AVG. 0.05 NAN NAN
DAYS >= .01 5 6.7 -1.7
DAYS >= .10 5 3.9 1.1
DAYS >= .50 0 1.4 -1.4
DAYS >= 1.00 0 0.4 -0.4
GREATEST
24 HR. TOTAL 0.82 02/03 TO 02/04 0.77
DEGREE DAYS
HEATING TOTAL 464 719 -255 589
SINCE 7/1 2820 3313 -493 MM
COOLING TOTAL 0 1 -1 0
SINCE 1/1 0 1 -1 MM
FREEZE DATES
RECORD
EARLIEST 05/03/1976
LATEST 09/24/1989
EARLIEST 10/30
LATEST 04/23
..............................................................
WIND (MPH)
AVERAGE WIND SPEED 10.3
RESULTANT WIND SPEED/DIRECTION 3/190
HIGHEST WIND SPEED/DIRECTION 36/210 DATE 02/08
HIGHEST GUST SPEED/DIRECTION 49/220 DATE 02/08
SKY COVER
POSSIBLE SUNSHINE (PERCENT) MM
AVERAGE SKY COVER 0.25
NUMBER OF DAYS FAIR 23
NUMBER OF DAYS PC 2
NUMBER OF DAYS CLOUDY 4
AVERAGE RH (PERCENT) 56
WEATHER CONDITIONS. NUMBER OF DAYS WITH
THUNDERSTORM 2 MIXED PRECIP 0
HEAVY RAIN 0 RAIN 2
LIGHT RAIN 7 FREEZING RAIN 0
LT FREEZING RAIN 0 HAIL 0
HEAVY SNOW 1 SNOW 1
LIGHT SNOW 2 SLEET 0
FOG 6 FOG W/VIS <= 1/4 MILE 1
HAZE 3
- INDICATES NEGATIVE NUMBERS.
R INDICATES RECORD WAS SET OR TIED.
MM INDICATES DATA IS MISSING.
T INDICATES TRACE AMOUNT.
$$