000
CXUS51 KCLE 041836
CLSERI
CLIMATE REPORT
NATIONAL WEATHER SERVICE CLEVELAND, OH
136 PM EST MON MAR 04 2024
...................................
...THE ERIE PA CLIMATE SUMMARY FOR THE SEASON, FROM
12/1/2023 TO 2/29/2024...
CLIMATE NORMAL PERIOD 1991 TO 2020
CLIMATE RECORD PERIOD 1873 TO 2024
WEATHER OBSERVED NORMAL DEPART
VALUE DATE(S) VALUE FROM
NORMAL
................................................
TEMPERATURE (F)
RECORD
HIGH 77 02/24/2017
LOW -18 01/19/1994
HIGHEST 66 02/27
LOWEST 6 01/17
AVG. MAXIMUM 41.2 37.3 3.9
AVG. MINIMUM 29.5 23.6 5.9
MEAN 35.3 30.4 4.9
DAYS MAX >= 90 0 0.0
DAYS MAX <= 32 13 34.3
DAYS MIN <= 32 49 71.5
DAYS MIN <= 0 0 2.1
PRECIPITATION (INCHES)
RECORD
MAXIMUM 16.20 1887
MINIMUM 3.00 1906
TOTALS 8.65 10.10 -1.45
DAYS >= .01 48 53.6
DAYS >= .10 25 28.6
DAYS >= .50 3 4.8
DAYS >= 1.00 0 0.5
SNOWFALL (INCHES)
RECORDS
TOTAL 156.4 2018
TOTALS 16.9 77.5
DAYS >= TRACE 37
DAYS >= 1.0 4 21.4
DEGREE DAYS
HEATING TOTAL 2381 3106 -725
COOLING TOTAL 0 0 0
................................................
WIND (MPH)
HIGHEST GUST SPEED/DIRECTION 68/140 DATE 01/12
SKY COVER
POSSIBLE SUNSHINE (PERCENT) MM
NUMBER OF DAYS FAIR 16
NUMBER OF DAYS PC 20
NUMBER OF DAYS CLOUDY 55
WEATHER CONDITIONS. NUMBER OF DAYS WITH
THUNDERSTORM 3 MIXED PRECIP 0
HEAVY RAIN 4 RAIN 11
LIGHT RAIN 39 FREEZING RAIN 0
LT FREEZING RAIN 0 HAIL 2
HEAVY SNOW 2 SNOW 5
LIGHT SNOW 35 SLEET 0
FOG 59 FOG W/VIS <= 1/4 MILE 10
HAZE 25
- INDICATES NEGATIVE NUMBERS.
R INDICATES RECORD WAS SET OR TIED.
MM INDICATES DATA IS MISSING.
T INDICATES TRACE AMOUNT.
$$