000
CXUS52 KRAH 081548 RRB
CLSGSO
CLIMATE REPORT
NATIONAL WEATHER SERVICE RALEIGH NC
1047 AM EST FRI MAR 08 2024
...................................
...THE GREENSBORO NC CLIMATE SUMMARY FOR THE SEASON, FROM
12/1/2023 TO 2/29/2024...
CLIMATE NORMAL PERIOD 1991 TO 2020
CLIMATE RECORD PERIOD 1903 TO 2024
WEATHER OBSERVED NORMAL DEPART LAST YEAR`S
VALUE DATE(S) VALUE FROM VALUE
NORMAL
..............................................................
TEMPERATURE (F)
RECORD
HIGH 81 02/12/2017
02/26/1977
02/25/1930
LOW -8 01/21/1985
HIGHEST 73 01/26
LOWEST 11 01/21
AVG. MAXIMUM 54.4 51.5 2.9
AVG. MINIMUM 33.3 31.9 1.4
MEAN 43.8 41.7 2.1
DAYS MAX >= 90 0 0.0 0.0
DAYS MAX <= 32 1 3.6 -2.6
DAYS MIN <= 32 48 51.1 -3.1
DAYS MIN <= 0 0 0.0 0.0
PRECIPITATION (INCHES)
RECORD
MAXIMUM 17.84 1915
MINIMUM 3.81 1986
TOTALS 16.38 9.37 7.01
DAYS >= .01 30 28.5 1.5
DAYS >= 1.00 6 1.9 4.1
GREATEST
24 HR. TOTAL 3.14 12/10 TO 12/11
SNOWFALL (INCHES)
RECORDS
TOTAL 26.0 1966
TOTALS T 6.1 -6.1
DAYS >= TRACE 2 3.3 -1.3
DAYS >= 1.0 0 1.9 -1.9
GREATEST
SNOW DEPTH 0
DEGREE DAYS
HEATING TOTAL 1907 2100 -193
SINCE 7/1 2528 2806 -278
..............................................................
WIND (MPH)
AVERAGE WIND SPEED 7.0
HIGHEST WIND SPEED/DIRECTION 35/310 DATE 01/19
HIGHEST GUST SPEED/DIRECTION 48/160 DATE 01/09
SKY COVER
POSSIBLE SUNSHINE (PERCENT) MM
AVERAGE SKY COVER 0.58
NUMBER OF DAYS FAIR 23
NUMBER OF DAYS PC 33
NUMBER OF DAYS CLOUDY 35
AVERAGE RH (PERCENT) 62
WEATHER CONDITIONS. NUMBER OF DAYS WITH
THUNDERSTORM 2 MIXED PRECIP 0
HEAVY RAIN 10 RAIN 14
LIGHT RAIN 33 FREEZING RAIN 0
LT FREEZING RAIN 0 HAIL 0
HEAVY SNOW 0 SNOW 0
LIGHT SNOW 1 SLEET 2
FOG 31 FOG W/VIS <= 1/4 MILE 5
HAZE 5
- INDICATES NEGATIVE NUMBERS.
R INDICATES RECORD WAS SET OR TIED.
MM INDICATES DATA IS MISSING.
T INDICATES TRACE AMOUNT.
&&
DJF 2023-2024 WAS THE 3RD WETTEST DJF ON RECORD.
DJF 2023-2024 WAS THE 17TH WARMEST DJF ON RECORD.
$$