000
CXUS52 KMLB 011437
CLSMCO
CLIMATE REPORT
NATIONAL WEATHER SERVICE MELBOURNE FL
937 AM EST FRI MAR 1 2024
...................................
...THE ORLANDO INTL CLIMATE SUMMARY FOR THE WINTER SEASON, FROM
12/1/2023 TO 2/29/2024...
CLIMATE NORMAL PERIOD 1991 TO 2020
CLIMATE RECORD PERIOD 1892 TO 2024
WEATHER OBSERVED NORMAL DEPART LAST YEAR`S
VALUE DATE(S) VALUE FROM VALUE
NORMAL
..............................................................
TEMPERATURE (F)
WINTER RECORDS
WARMEST 68.1 1932
COOLEST 54.9 1958
DAILY RECORD
HIGH 90 12/07/1978
02/25/1962
02/24/1962
LOW 18 12/28/1894
WINTER 2023-2024
HIGHEST 86 12/02 88
12/03
LOWEST 38 01/21 30
AVG. MAXIMUM 73.3 73.5 -0.2 77.3
AVG. MINIMUM 53.9 51.6 2.3 55.1
MEAN 63.6 62.5 1.1 66.0
DAYS MAX >= 90 0 0.0 0.0 0
DAYS MAX <= 32 0 0.0 0.0 0
DAYS MIN <= 32 0 1.6 -1.6 2
DAYS MIN <= 0 0 0.0 0.0 0
PRECIPITATION (INCHES)
WINTER RECORDS
MAXIMUM 23.36 1998
MINIMUM 0.17 1907
DAILY RECORD
WETTEST 4.25 12/01/1925
WINTER 2023-2024
TOTALS 7.67 7.00 0.67 2.51
DAYS >= .01 26 20.5 5.5 16
DAYS >= .10 10 11.5 -1.5 6
DAYS >= .50 5 4.4 0.6 2
DAYS >= 1.00 2 1.9 0.1 0
GREATEST
24 HR. TOTAL 2.91 12/16 TO 12/17
SNOWFALL (INCHES)
TOTALS 0.0 0.0 0.0 0.0
SINCE 7/1 0.0 0.0 0.0 MM
DAYS >= TRACE 0 0
DEGREE DAYS
HEATING TOTAL 294 412 -118 240
SINCE 7/1 322 467 -145 MM
COOLING TOTAL 192 189 3 358
SINCE 1/1 102 113 -11 MM
..............................................................
WIND (MPH)
AVERAGE WIND SPEED 8.9
HIGHEST WIND SPEED/DIRECTION 40/260 DATE 01/09
HIGHEST GUST SPEED/DIRECTION 59/270 DATE 01/09
SKY COVER
POSSIBLE SUNSHINE (PERCENT) MM
AVERAGE SKY COVER 0.59
NUMBER OF DAYS FAIR 16
NUMBER OF DAYS PC 43
NUMBER OF DAYS CLOUDY 32
AVERAGE RH (PERCENT) 72
WEATHER CONDITIONS. NUMBER OF DAYS WITH
THUNDERSTORM 4 MIXED PRECIP 0
HEAVY RAIN 8 RAIN 10
LIGHT RAIN 39 LT FREEZING RAIN 0
HAIL 0 LIGHT SNOW 0
SLEET 0 FOG 36
FOG W/VIS <= 1/4 MILE 3 HAZE 4
- INDICATES NEGATIVE NUMBERS.
R INDICATES RECORD WAS SET OR TIED.
MM INDICATES DATA IS MISSING.
T INDICATES TRACE AMOUNT.
$$