000
CXUS51 KRLX 012206
CLSPKB
CLIMATE REPORT
NATIONAL WEATHER SERVICE CHARLESTON WV
506 PM EST FRI MAR 01 2024
...................................
...THE PARKERSBURG WV CLIMATE SUMMARY FOR THE SEASON, FROM
12/1/2023 TO 2/29/2024...
CLIMATE NORMAL PERIOD: 1991 TO 2020
CLIMATE RECORD PERIOD: 1926 TO 2024
WEATHER OBSERVED NORMAL DEPART LAST YEAR`S
VALUE DATE(S) VALUE FROM VALUE
NORMAL
..............................................................
TEMPERATURE (F)
RECORD
HIGH 79 02/20/2018
12/10/1971
02/24/2017
LOW -24 01/19/1994
HIGHEST 69 02/28 74
LOWEST 4 01/22 -2
AVG. MAXIMUM 48.3 43.0 5.3 49.1
AVG. MINIMUM 30.0 25.9 4.1 30.5
MEAN 39.1 34.5 4.6 39.8
DAYS MAX <= 32 9 20.0 -11.0 8
DAYS MAX >= 80 0 0
DAYS MIN <= 32 54 66.6 -12.6 54
DAYS MIN <= 0 0 2.0 -2.0 2
DAYS MIN <= 10 0 4
PRECIPITATION (INCHES)
RECORD
MAXIMUM 15.87 2018-2019
MINIMUM 3.22 1976-1977
TOTALS 9.45 9.74 -0.29 9.06
DAILY AVG. 0.10 0.10
DAYS >= .01 42 39.9 2.1 40
DAYS >= .10 20 21.0 -1.0 20
DAYS >= .50 6 6.6 -0.6 5
DAYS >= 1.00 1 1.2 -0.2 1
GREATEST
24 HR. TOTAL 1.26 01/09 TO 01/09 1.92
DEGREE DAYS
HEATING TOTAL 2340 2751 -411 2251
SINCE 7/1 3233 3796 -563 MM
COOLING TOTAL 0 0 0 0
SINCE 1/1 0 0 0 MM
..............................................................
WIND (MPH)
AVERAGE WIND SPEED 5.3
HIGHEST WIND SPEED/DIRECTION 31/210 DATE 02/28
HIGHEST GUST SPEED/DIRECTION 45/270 DATE 02/28
SKY COVER
AVERAGE SKY COVER 0.57
NUMBER OF DAYS FAIR 28
NUMBER OF DAYS PC 21
NUMBER OF DAYS CLOUDY 42
AVERAGE RH (PERCENT) 68
WEATHER CONDITIONS. NUMBER OF DAYS WITH
THUNDERSTORM 5 MIXED PRECIP 0
HEAVY RAIN 1 RAIN 14
LIGHT RAIN 40 FREEZING RAIN 0
LT FREEZING RAIN 0 HAIL 0
HEAVY SNOW 0 SNOW 2
LIGHT SNOW 16 SLEET 0
FOG 45 FOG W/VIS <= 1/4 MILE 1
HAZE 9
- INDICATES NEGATIVE NUMBERS.
R INDICATES RECORD WAS SET OR TIED.
MM INDICATES DATA IS MISSING.
T INDICATES TRACE AMOUNT.
$$