000
CXUS54 KFWD 250730
CF60F2
PRELIMINARY LOCAL CLIMATOLOGICAL DATA (WS FORM: F-6)
STATION: BOWIE
MONTH: APRIL
YEAR: 2024
LATITUDE: 33 36 N
LONGITUDE: 97 47 W
TEMPERATURE IN F: :PCPN: SNOW: WIND :SUNSHINE: SKY :PK WND
================================================================================
1 2 3 4 5 6A 6B 7 8 9 10 11 12 13 14 15 16 17 18
12Z AVG MX 2MIN
DY MAX MIN AVG DEP HDD CDD WTR SNW DPTH SPD SPD DIR MIN PSBL S-S WX SPD DR
================================================================================
1 76 58 67 9 0 2 0.06 M M 7.8 15 190 M M 7 1 26 220
2 60 46 53 -5 12 0 0.00 M M 12.0 22 320 M M 5 29 330
3 69 45 57 -1 8 0 0.00 M M 7.7 20 340 M M 0 23 330
4 82 41 62 4 3 0 0.00 M M 2.9 8 280 M M 0 M M
5 85 54 70 11 0 5 0.00 M M 6.3 13 170 M M 0 25 170
6 77 60 69 10 0 4 0.34 M M 14.9 21 170 M M 5 30 170
7 77 47 62 3 3 0 0.00 M M 7.6 12 280 M M 0 20 240
8 81 49 65 5 0 0 0.08 M M 5.9 14 210 M M 1 30 80
9 67 58 63 3 2 0 0.40 M M 8.2 15 100 M M 8 1 25 40
10 60 48 54 -6 11 0 0.67 M M 9.6 22 340 M M 6 1 33 10
11 70 48 59 -1 6 0 0.00 M M 8.6 16 320 M M 0 22 10
12 78 43 61 0 4 0 0.00 M M 6.4 15 220 M M 0 22 190
13 82 56 69 8 0 4 0.00 M M 12.5 22 190 M M 0 31 190
14 84 59 72 11 0 7 0.00 M M 10.0 16 220 M M 0 22 200
15 73 66 70 8 0 5 0.02 M M 9.9 15 160 M M 7 24 130
16 84 60 72 10 0 7 0.00 M M 9.0 23 170 M M 2 26 170
17 85 60 73 11 0 8 0.00 M M 7.1 15 160 M M 5 1 21 170
18 79 55 67 5 0 2 M M M 11.7 16 10 M M 6 25 10
19 62 54 58 -5 7 0 0.00 M M 5.3 10 20 M M 10 21 40
20 59 48 54 -9 11 0 1.36 M M 6.8 14 360 M M 9 1 23 100
21 63 46 55 -8 10 0 0.00 M M 5.5 10 10 M M 3 18 340
22 69 40 55 -8 10 0 0.00 M M 6.8 15 170 M M 0 21 170
23 79 52 66 2 0 1 M M M 9.5 18 200 M M 3 26 200
24 80 63 72 8 0 7 0.00 M M 5.4 10 120 M M 8 21 160
================================================================================
SM 1781 1256 87 52 2.93 M 197.3 M 85
================================================================================
AV 74.2 52.3 8.2 FASTST M M 4 MAX(MPH)
MISC ----> 23 170 33 10
================================================================================
NOTES:
# LAST OF SEVERAL OCCURRENCES
COLUMN 17 PEAK WIND IN M.P.H.
PRELIMINARY LOCAL CLIMATOLOGICAL DATA (WS FORM: F-6) , PAGE 2
STATION: BOWIE
MONTH: APRIL
YEAR: 2024
LATITUDE: 33 36 N
LONGITUDE: 97 47 W
[TEMPERATURE DATA] [PRECIPITATION DATA] SYMBOLS USED IN COLUMN 16
AVERAGE MONTHLY: 63.3 TOTAL FOR MONTH: 2.93 1 = FOG OR MIST
DPTR FM NORMAL: 2.4 DPTR FM NORMAL: 0.73 2 = FOG REDUCING VISIBILITY
HIGHEST: 85 ON 17, 5 GRTST 24HR 1.36 ON 20-20 TO 1/4 MILE OR LESS
LOWEST: 40 ON 22 3 = THUNDER
SNOW, ICE PELLETS, HAIL 4 = ICE PELLETS
TOTAL MONTH: M 5 = HAIL
GRTST 24HR M ON M 6 = FREEZING RAIN OR DRIZZLE
GRTST DEPTH: M ON M 7 = DUSTSTORM OR SANDSTORM:
VSBY 1/2 MILE OR LESS
8 = SMOKE OR HAZE
[NO. OF DAYS WITH] [WEATHER - DAYS WITH] 9 = BLOWING SNOW
X = TORNADO
MAX 32 OR BELOW: 0 0.01 INCH OR MORE: 7
MAX 90 OR ABOVE: 0 0.10 INCH OR MORE: 4
MIN 32 OR BELOW: 0 0.50 INCH OR MORE: 2
MIN 0 OR BELOW: 0 1.00 INCH OR MORE: 1
[HDD (BASE 65) ]
TOTAL THIS MO. 87 CLEAR (SCALE 0-3) 11
DPTR FM NORMAL -53 PTCLDY (SCALE 4-7) 10
TOTAL FM JUL 1 2422 CLOUDY (SCALE 8-10) 3
DPTR FM NORMAL -610
[CDD (BASE 65) ]
TOTAL THIS MO. 52
DPTR FM NORMAL 13 [PRESSURE DATA]
TOTAL FM JAN 1 102 HIGHEST SLP M ON M
DPTR FM NORMAL 48 LOWEST SLP M ON M
[REMARKS]