000
CXUS51 KBTV 010700
CF61V4
PRELIMINARY LOCAL CLIMATOLOGICAL DATA (WS FORM: F-6)
STATION: SAINT JOHNSBURY VT ASOS
MONTH: MAY
YEAR: 2022
LATITUDE: 44 25 N
LONGITUDE: 72 1 W
TEMPERATURE IN F: :PCPN: SNOW: WIND :SUNSHINE: SKY :PK WND
================================================================================
1 2 3 4 5 6A 6B 7 8 9 10 11 12 13 14 15 16 17 18
12Z AVG MX 2MIN
DY MAX MIN AVG DEP HDD CDD WTR SNW DPTH SPD SPD DIR MIN PSBL S-S WX SPD DR
================================================================================
1 69 29 49 -1 16 0 0.00 M M M M M M M 0 M M
2 62 35 49 -1 16 0 0.03 M M M M M M M 0 M M
3 60 46 53 3 12 0 0.06 M M M M M M M 0 M M
4 53 48 51 0 14 0 0.28 M M M M M M M 0 M M
5 63 38 51 0 14 0 0.00 M M M M M M M 0 M M
6 64 33 49 -3 16 0 0.00 M M M M M M M 0 M M
7 60 31 46 -6 19 0 0.00 M M M M M M M 0 M M
8 67 31 49 -3 16 0 0.00 M M M M M M M 0 M M
9 73 31 52 -1 13 0 0.00 M M M M M M M 0 M M
10 78 34 56 3 9 0 0.00 M M M M M M M 0 M M
11 84 36 60 6 5 0 0.00 M M M M M M M 0 M M
12 87 42 65 11 0 0 0.00 M M M M M M M 0 M M
13 90 52 71 17 0 6 0.00 M M M M M M M 0 M M
14 90 55 73 18 0 8 0.03 M M M M M M M 0 M M
15 73 62 68 13 0 3 0.20 M M M M M M M 0 M M
16 84 59 72 17 0 7 1.37 M M M M M M M 0 M M
17 65 47 56 0 9 0 0.42 M M M M M M M 0 M M
18 64 39 52 -4 13 0 0.00 M M M M M M M 0 M M
19 54 34 44 -12 21 0 0.24 M M M M M M M 0 M M
20 76 48 62 5 3 0 0.00 M M M M M M M 0 M M
21 87 59 73 16 0 8 0.00 M M M M M M M 0 M M
22 89 58 74 17 0 9 0.00 M M M M M M M 0 M M
23 63 43 53 -5 12 0 0.00 M M M M M M M 0 M M
24 67 37 52 -6 13 0 0.00 M M M M M M M 0 M M
25 74 44 59 1 6 0 0.00 M M M M M M M 0 M M
26 76 51 64 6 1 0 0.00 M M M M M M M 0 M M
27 78 62 70 11 0 5 0.00 M M M M M M M 0 M M
28 78 51 65 6 0 0 0.09 M M M M M M M 0 M M
29 79 49 64 5 1 0 0.00 M M M M M M M 0 M M
30 84 49 67 7 0 2 0.00 M M M M M M M 0 M M
31 74 59 67 7 0 2 0.00 M M M M M M M 0 M M
================================================================================
SM 2265 1392 229 50 2.72 M M M 0
================================================================================
AV 73.1 44.9 M FASTST M M 0 MAX(MPH)
MISC ----> M M M M
================================================================================
NOTES:
# LAST OF SEVERAL OCCURRENCES
COLUMN 17 PEAK WIND IN M.P.H.
PRELIMINARY LOCAL CLIMATOLOGICAL DATA (WS FORM: F-6) , PAGE 2
STATION: SAINT JOHNSBURY VT ASOS
MONTH: MAY
YEAR: 2022
LATITUDE: 44 25 N
LONGITUDE: 72 1 W
[TEMPERATURE DATA] [PRECIPITATION DATA] SYMBOLS USED IN COLUMN 16
AVERAGE MONTHLY: 59.0 TOTAL FOR MONTH: 2.72 1 = FOG OR MIST
DPTR FM NORMAL: 4.0 DPTR FM NORMAL: -1.02 2 = FOG REDUCING VISIBILITY
HIGHEST: 90 ON 14,13 GRTST 24HR 1.37 ON 16-16 TO 1/4 MILE OR LESS
LOWEST: 29 ON 1 3 = THUNDER
SNOW, ICE PELLETS, HAIL 4 = ICE PELLETS
TOTAL MONTH: M 5 = HAIL
GRTST 24HR M ON M 6 = FREEZING RAIN OR DRIZZLE
GRTST DEPTH: M ON M 7 = DUSTSTORM OR SANDSTORM:
VSBY 1/2 MILE OR LESS
8 = SMOKE OR HAZE
[NO. OF DAYS WITH] [WEATHER - DAYS WITH] 9 = BLOWING SNOW
X = TORNADO
MAX 32 OR BELOW: 0 0.01 INCH OR MORE: 9
MAX 90 OR ABOVE: 2 0.10 INCH OR MORE: 5
MIN 32 OR BELOW: 4 0.50 INCH OR MORE: 1
MIN 0 OR BELOW: 0 1.00 INCH OR MORE: 1
[HDD (BASE 65) ]
TOTAL THIS MO. 229 CLEAR (SCALE 0-3) 31
DPTR FM NORMAL -92 PTCLDY (SCALE 4-7) 0
TOTAL FM JUL 1 7334 CLOUDY (SCALE 8-10) 0
DPTR FM NORMAL -554
[CDD (BASE 65) ]
TOTAL THIS MO. 50
DPTR FM NORMAL 38 [PRESSURE DATA]
TOTAL FM JAN 1 50 HIGHEST SLP M ON M
DPTR FM NORMAL 37 LOWEST SLP M ON M
[REMARKS]
#FINAL-05-22#