000
CXUS55 KBOU 061340 CCA
CF633V
PRELIMINARY LOCAL CLIMATOLOGICAL DATA (WS FORM: F-6)
STATION: WALDEN
MONTH: SEPTEMBER
YEAR: 2022
LATITUDE: 40 45 N
LONGITUDE: 106 16 W
TEMPERATURE IN F: :PCPN: SNOW: WIND :SUNSHINE: SKY :PK WND
================================================================================
1 2 3 4 5 6A 6B 7 8 9 10 11 12 13 14 15 16 17 18
12Z AVG MX 2MIN
DY MAX MIN AVG DEP HDD CDD WTR SNW DPTH SPD SPD DIR MIN PSBL S-S WX SPD DR
================================================================================
1 79 34 57 M 8 0 M M M 5.6 10 140 M M 1 21 230
2 81 37 59 M 6 0 M M M 5.7 23 70 M M 1 31 70
3 81 37 59 M 6 0 M M M 4.5 10 120 M M 0 M M
4 84 36 60 M 5 0 M M M 7.3 14 340 M M 0 22 340
5 82 37 60 M 5 0 M M M 5.3 12 330 M M 0 M M
6 82 37 60 M 5 0 M M M 5.6 12 150 M M 0 M M
7 82 36 59 M 6 0 M M M 4.6 12 150 M M 0 M M
8 81 37 59 M 6 0 M M M 7.3 28 280 M M 2 46 280
9 70 37 54 M 11 0 M M M 8.1 16 350 M M 2 25 320
10 63 30 47 M 18 0 M M M 6.1 17 340 M M 3 22 350
11 73 23 48 M 17 0 M M M 5.2 12 340 M M 0 M M
12 73 28 51 M 14 0 M M M 4.9 9 150 M M 0 M M
13 77 28 53 M 12 0 M M M 6.2 13 200 M M 3 24 220
14 64 37 51 M 14 0 M M M 7.7 15 230 M M 6 23 220
15 59 41 50 M 15 0 M M M 8.8 15 200 M M 7 26 190
16 61 36 49 M 16 0 M M M 9.6 22 230 M M 4 33 260
17 63 34 49 M 16 0 M M M 6.9 15 210 M M 3 48 180
18 72 32 52 M 13 0 M M M 8.5 18 240 M M 0 25 240
19 73 32 53 M 12 0 M M M 10.8 23 240 M M 0 31 240
20 72 32 52 M 13 0 M M M 6.9 17 250 M M 5 28 190
21 64 41 53 M 12 0 M M M 4.3 12 170 M M 6 27 100
22 61 43 52 M 13 0 M M M 8.9 23 240 M M 6 38 130
23 61 34 48 M 17 0 M M M 11.2 21 250 M M 1 28 250
24 66 28 47 M 18 0 M M M 6.7 17 330 M M 0 22 330
25 66 28 47 M 18 0 M M M 5.8 14 350 M M 0 18 360
26 70 28 49 M 16 0 M M M 3.9 9 40 M M 0 M M
27 70 32 51 M 14 0 M M M 6.0 15 60 M M 3 24 60
28 72 32 52 M 13 0 M M M 6.0 10 140 M M 3 28 290
29 64 37 51 M 14 0 M M M 8.1 20 220 M M 5 36 250
30 54 36 45 M 20 0 M M M 6.1 12 110 M M 8 25 350
================================================================================
SM 2120 1020 373 0 M M 202.5 M 69
================================================================================
AV 70.7 34.0 6.7 FASTST M M 2 MAX(MPH)
MISC ----> 28 280 48 180
================================================================================
NOTES:
# LAST OF SEVERAL OCCURRENCES
COLUMN 17 PEAK WIND IN M.P.H.
PRELIMINARY LOCAL CLIMATOLOGICAL DATA (WS FORM: F-6) , PAGE 2
STATION: WALDEN
MONTH: SEPTEMBER
YEAR: 2022
LATITUDE: 40 45 N
LONGITUDE: 106 16 W
[TEMPERATURE DATA] [PRECIPITATION DATA] SYMBOLS USED IN COLUMN 16
AVERAGE MONTHLY: 52.3 TOTAL FOR MONTH: M 1 = FOG OR MIST
DPTR FM NORMAL: M DPTR FM NORMAL: M 2 = FOG REDUCING VISIBILITY
HIGHEST: 84 ON 4 GRTST 24HR M TO 1/4 MILE OR LESS
LOWEST: 23 ON 11 3 = THUNDER
SNOW, ICE PELLETS, HAIL 4 = ICE PELLETS
TOTAL MONTH: M 5 = HAIL
GRTST 24HR M ON M 6 = FREEZING RAIN OR DRIZZLE
GRTST DEPTH: M ON M 7 = DUSTSTORM OR SANDSTORM:
VSBY 1/2 MILE OR LESS
8 = SMOKE OR HAZE
[NO. OF DAYS WITH] [WEATHER - DAYS WITH] 9 = BLOWING SNOW
X = TORNADO
MAX 32 OR BELOW: 0 0.01 INCH OR MORE: 0
MAX 90 OR ABOVE: 0 0.10 INCH OR MORE: 0
MIN 32 OR BELOW: 12 0.50 INCH OR MORE: 0
MIN 0 OR BELOW: 0 1.00 INCH OR MORE: 0
[HDD (BASE 65) ]
TOTAL THIS MO. 373 CLEAR (SCALE 0-3) 21
DPTR FM NORMAL M PTCLDY (SCALE 4-7) 9
TOTAL FM JUL 1 702 CLOUDY (SCALE 8-10) 0
DPTR FM NORMAL M
[CDD (BASE 65) ]
TOTAL THIS MO. 0
DPTR FM NORMAL M [PRESSURE DATA]
TOTAL FM JAN 1 6 HIGHEST SLP M ON M
DPTR FM NORMAL M LOWEST SLP M ON M
[REMARKS]
#FINAL-09-22#