000
CXUS54 KEWX 011010
CF63T5
PRELIMINARY LOCAL CLIMATOLOGICAL DATA (WS FORM: F-6)
STATION: LA GRANGE
MONTH: JANUARY
YEAR: 2021
LATITUDE: 29 54 N
LONGITUDE: 96 57 W
TEMPERATURE IN F: :PCPN: SNOW: WIND :SUNSHINE: SKY :PK WND
================================================================================
1 2 3 4 5 6A 6B 7 8 9 10 11 12 13 14 15 16 17 18
12Z AVG MX 2MIN
DY MAX MIN AVG DEP HDD CDD WTR SNW DPTH SPD SPD DIR MIN PSBL S-S WX SPD DR
================================================================================
1 54 37 46 M 19 0 0.00 M M 7.0 15 330 M M 3 24 300
2 61 37 49 M 16 0 0.00 M M 4.9 10 310 M M 1 M M
3 70 39 55 M 10 0 0.00 M M 5.8 12 210 M M 0 21 210
4 76 40 58 M 7 0 0.00 M M 2.3 9 230 M M 3 12 M M
5 72 43 58 M 7 0 0.00 M M 4.4 9 160 M M 3 16 140
6 73 48 61 M 4 0 0.01 M M 8.6 24 190 M M 7 3 31 190
7 62 40 51 M 14 0 0.00 M M 10.3 17 320 M M 0 27 320
8 54 34 44 M 21 0 0.00 M M 3.5 9 340 M M 0 17 30
9 56 31 44 M 21 0 0.03 M M 1.6 6 80 M M 3 M M
10 46 34 40 M 25 0 0.90 M M 8.2 15 350 M M 10 20 350
11 46 30 38 M 27 0 0.00 M M 6.5 12 350 M M 6 1 18 340
12 48 27 38 M 27 0 0.00 M M 1.7 6 170 M M 4 1 M M
13 63 31 47 M 18 0 0.00 M M 5.0 12 190 M M 0 1 M M
14 71 40 56 M 9 0 0.00 M M 7.7 20 330 M M 0 29 340
15 63 39 51 M 14 0 0.00 M M 10.7 22 320 M M 0 30 290
16 63 38 51 M 14 0 0.00 M M 2.8 8 280 M M 3 M M
17 68 37 53 M 12 0 0.00 M M 2.5 10 320 M M 0 16 360
18 77 37 57 M 8 0 0.00 M M 7.3 17 190 M M 6 23 170
19 76 52 64 M 1 0 0.00 M M 7.9 16 180 M M 10 22 150
20 58 51 55 M 10 0 0.01 M M 5.1 9 340 M M 10 1 M M
21 64 52 58 M 7 0 0.00 M M 1.0 5 200 M M 10 1 M M
22 78 55 67 M 0 2 0.01 M M 3.6 9 10 M M 8 1 M M
23 65 54 60 M 5 0 0.00 M M 5.2 8 140 M M 10 1 16 130
24 75 62 69 M 0 4 0.00 M M 7.4 16 160 M M 10 1 23 160
25 76 50 63 M 2 0 0.00 M M 8.2 17 330 M M 7 1 25 170
26 77 46 62 M 3 0 0.00 M M 2.6 7 90 M M 2 8 M M
27 66 46 56 M 9 0 0.00 M M 9.0 15 350 M M 1 23 350
28 59 36 48 M 17 0 0.00 M M 2.6 8 30 M M 0 M M
29 69 37 53 M 12 0 0.00 M M 5.3 14 150 M M 4 17 160
30 78 57 68 M 0 3 0.00 M M 7.1 13 210 M M 7 1 20 210
31 68 47 58 M 7 0 0.00 M M 8.3 20 330 M M 1 25 350
================================================================================
SM 2032 1307 346 9 0.96 M 174.2 M 129
================================================================================
AV 65.5 42.2 5.6 FASTST M M 4 MAX(MPH)
MISC ----> 24 190 31 190
================================================================================
NOTES:
# LAST OF SEVERAL OCCURRENCES
COLUMN 17 PEAK WIND IN M.P.H.
PRELIMINARY LOCAL CLIMATOLOGICAL DATA (WS FORM: F-6) , PAGE 2
STATION: LA GRANGE
MONTH: JANUARY
YEAR: 2021
LATITUDE: 29 54 N
LONGITUDE: 96 57 W
[TEMPERATURE DATA] [PRECIPITATION DATA] SYMBOLS USED IN COLUMN 16
AVERAGE MONTHLY: 53.9 TOTAL FOR MONTH: 0.96 1 = FOG OR MIST
DPTR FM NORMAL: 0.0 DPTR FM NORMAL: M 2 = FOG REDUCING VISIBILITY
HIGHEST: 78 ON 30,22 GRTST 24HR 0.90 ON 10-10 TO 1/4 MILE OR LESS
LOWEST: 27 ON 12 3 = THUNDER
SNOW, ICE PELLETS, HAIL 4 = ICE PELLETS
TOTAL MONTH: M 5 = HAIL
GRTST 24HR M ON M 6 = FREEZING RAIN OR DRIZZLE
GRTST DEPTH: M ON M 7 = DUSTSTORM OR SANDSTORM:
VSBY 1/2 MILE OR LESS
8 = SMOKE OR HAZE
[NO. OF DAYS WITH] [WEATHER - DAYS WITH] 9 = BLOWING SNOW
X = TORNADO
MAX 32 OR BELOW: 0 0.01 INCH OR MORE: 5
MAX 90 OR ABOVE: 0 0.10 INCH OR MORE: 1
MIN 32 OR BELOW: 4 0.50 INCH OR MORE: 1
MIN 0 OR BELOW: 0 1.00 INCH OR MORE: 0
[HDD (BASE 65) ]
TOTAL THIS MO. 346 CLEAR (SCALE 0-3) 16
DPTR FM NORMAL M PTCLDY (SCALE 4-7) 9
TOTAL FM JUL 1 834 CLOUDY (SCALE 8-10) 6
DPTR FM NORMAL M
[CDD (BASE 65) ]
TOTAL THIS MO. 9
DPTR FM NORMAL M [PRESSURE DATA]
TOTAL FM JAN 1 9 HIGHEST SLP M ON M
DPTR FM NORMAL M LOWEST SLP M ON M
[REMARKS]
#FINAL-01-21#