000
CXUS54 KSJT 291000
CF6ABI
PRELIMINARY LOCAL CLIMATOLOGICAL DATA (WS FORM: F-6)
STATION: ABILENE
MONTH: MARCH
YEAR: 2024
LATITUDE: 32 25 N
LONGITUDE: 99 41 W
TEMPERATURE IN F: :PCPN: SNOW: WIND :SUNSHINE: SKY :PK WND
================================================================================
1 2 3 4 5 6A 6B 7 8 9 10 11 12 13 14 15 16 17 18
12Z AVG MX 2MIN
DY MAX MIN AVG DEP HDD CDD WTR SNW DPTH SPD SPD DIR MIN PSBL S-S WX SPD DR
================================================================================
1 78 35 57 3 8 0 0.00 0.0 0 9.6 17 220 M M 0 23 220
2 82 54 68 14 0 3 0.00 0.0 0 12.4 21 210 M M 0 27 190
3 83 59 71 17 0 6 0.00 0.0 0 14.6 24 190 M M 0 35 220
4 83 55 69 15 0 4 0.00 0.0 0 10.9 21 210 M M 0 18 33 200
5 75 44 60 5 5 0 0.00 0.0 0 6.8 15 340 M M 0 22 40
6 80 42 61 6 4 0 0.01 0.0 0 6.4 28 160 M M 2 3 41 170
7 65 56 61 6 4 0 1.41 0.0 0 9.3 20 140 M M 5 13 25 110
8 57 40 49 -7 16 0 T 0.0 0 13.5 26 340 M M 8 12 39 330
9 56 37 47 -9 18 0 0.00 0.0 0 11.8 26 350 M M 5 36 330
10 64 33 49 -7 16 0 0.00 0.0 0 6.0 14 140 M M 0 19 150
11 72 44 58 1 7 0 0.00 0.0 0 10.4 21 180 M M 1 29 230
12 78 57 68 11 0 3 0.00 0.0 0 14.6 22 190 M M 0 40 230
13 86 59 73 16 0 8 0.00 0.0 0 12.5 25 200 M M 0 39 230
14 81 61 71 13 0 6 0.00 0.0 0 7.6 17 180 M M 3 26 190
15 65 49 57 -1 8 0 0.02 0.0 0 12.5 24 350 M M 7 3 40 50
16 54 48 51 -7 14 0 0.08 0.0 0 7.8 14 350 M M 10 13 17 360
17 59 50 55 -3 10 0 0.10 0.0 0 8.2 18 30 M M 10 13 34 60
18 63 41 52 -7 13 0 0.00 0.0 0 5.7 14 10 M M 2 20 20
19 68 39 54 -5 11 0 0.00 0.0 0 8.5 17 180 M M 1 23 180
20 73 49 61 2 4 0 0.00 0.0 0 9.6 16 180 M M 1 23 210
21 74 50 62 2 3 0 0.30 0.0 0 6.5 20 340 M M 5 13 33 320
22 73 45 59 -1 6 0 0.00 0.0 0 6.6 18 360 M M 2 12 25 10
23 69 44 57 -3 8 0 0.00 0.0 M 9.7 24 160 M M 0 40 150
24 76 57 67 6 0 2 0.02 0.0 0 20.6 33 170 M M 5 3 52 170
25 69 39 54 -7 11 0 0.00 0.0 0 13.4 30 290 M M 4 8 44 260
26 60 33 47 -14 18 0 0.00 0.0 0 7.0 15 340 M M 0 20 350
27 72 41 57 -5 8 0 T 0.0 0 10.1 29 320 M M 1 47 310
28 78 33 56 -6 9 0 0.00 0.0 0 7.6 21 170 M M 0 30 230
================================================================================
SM 1993 1294 201 32 1.94 0.0 280.2 M 72
================================================================================
AV 71.2 46.2 10.0 FASTST M M 3 MAX(MPH)
MISC ----> 33 170 52 170
================================================================================
NOTES:
# LAST OF SEVERAL OCCURRENCES
COLUMN 17 PEAK WIND IN M.P.H.
PRELIMINARY LOCAL CLIMATOLOGICAL DATA (WS FORM: F-6) , PAGE 2
STATION: ABILENE
MONTH: MARCH
YEAR: 2024
LATITUDE: 32 25 N
LONGITUDE: 99 41 W
[TEMPERATURE DATA] [PRECIPITATION DATA] SYMBOLS USED IN COLUMN 16
AVERAGE MONTHLY: 58.7 TOTAL FOR MONTH: 1.94 1 = FOG OR MIST
DPTR FM NORMAL: 1.0 DPTR FM NORMAL: 0.38 2 = FOG REDUCING VISIBILITY
HIGHEST: 86 ON 13 GRTST 24HR 1.42 ON 6- 7 TO 1/4 MILE OR LESS
LOWEST: 33 ON 28,26 3 = THUNDER
SNOW, ICE PELLETS, HAIL 4 = ICE PELLETS
TOTAL MONTH: 0.0 INCH 5 = HAIL
GRTST 24HR 0.0 6 = FREEZING RAIN OR DRIZZLE
GRTST DEPTH: 0 7 = DUSTSTORM OR SANDSTORM:
VSBY 1/2 MILE OR LESS
8 = SMOKE OR HAZE
[NO. OF DAYS WITH] [WEATHER - DAYS WITH] 9 = BLOWING SNOW
X = TORNADO
MAX 32 OR BELOW: 0 0.01 INCH OR MORE: 7
MAX 90 OR ABOVE: 0 0.10 INCH OR MORE: 3
MIN 32 OR BELOW: 0 0.50 INCH OR MORE: 1
MIN 0 OR BELOW: 0 1.00 INCH OR MORE: 1
[HDD (BASE 65) ]
TOTAL THIS MO. 201 CLEAR (SCALE 0-3) 18
DPTR FM NORMAL -39 PTCLDY (SCALE 4-7) 7
TOTAL FM JUL 1 1935 CLOUDY (SCALE 8-10) 3
DPTR FM NORMAL -262
[CDD (BASE 65) ]
TOTAL THIS MO. 32
DPTR FM NORMAL -5 [PRESSURE DATA]
TOTAL FM JAN 1 67 HIGHEST SLP M ON M
DPTR FM NORMAL 20 LOWEST SLP 29.31 ON 24
[REMARKS]