000
CXUS54 KSJT 011100
CF6ABI
PRELIMINARY LOCAL CLIMATOLOGICAL DATA (WS FORM: F-6)
STATION: ABILENE
MONTH: NOVEMBER
YEAR: 2020
LATITUDE: 32 25 N
LONGITUDE: 99 41 W
TEMPERATURE IN F: :PCPN: SNOW: WIND :SUNSHINE: SKY :PK WND
================================================================================
1 2 3 4 5 6A 6B 7 8 9 10 11 12 13 14 15 16 17 18
12Z AVG MX 2MIN
DY MAX MIN AVG DEP HDD CDD WTR SNW DPTH SPD SPD DIR MIN PSBL S-S WX SPD DR
================================================================================
1 72 44 58 -3 7 0 0.00 0.0 0 6.8 18 80 M M 0 23 60
2 72 40 56 -4 9 0 0.00 0.0 0 7.1 14 200 M M 0 20 200
3 79 46 63 3 2 0 0.00 0.0 0 11.4 23 200 M M 0 31 190
4 80 54 67 7 0 2 0.00 0.0 0 12.9 24 190 M M 0 38 170
5 83 51 67 8 0 2 0.00 0.0 0 6.7 16 190 M M 0 26 180
6 80 43 62 3 3 0 0.00 0.0 0 5.8 16 150 M M 0 23 160
7 77 54 66 8 0 1 0.00 0.0 0 12.7 21 130 M M 0 28 140
8 80 56 68 10 0 3 T 0.0 0 16.9 29 190 M M 1 40 150
9 83 62 73 15 0 8 T 0.0 0 17.9 28 190 M M 1 39 200
10 72 43 58 1 7 0 T 0.0 0 8.5 30 340 M M 3 39 340
11 77 43 60 3 5 0 0.00 0.0 0 6.9 16 220 M M 0 22 220
12 83 54 69 13 0 4 0.00 0.0 0 8.3 20 50 M M 1 29 60
13 64 47 56 0 9 0 0.00 0.0 0 6.2 12 10 M M 6 17 20
14 83 52 68 13 0 3 0.00 0.0 0 11.2 32 210 M M 5 43 180
15 64 41 53 -2 12 0 0.00 0.0 0 7.3 25 10 M M 1 36 360
16 76 41 59 5 6 0 0.00 0.0 0 9.3 20 220 M M 0 29 210
17 74 43 59 5 6 0 0.00 0.0 0 9.5 17 140 M M 0 28 180
18 77 47 62 8 3 0 0.00 0.0 0 12.3 24 180 M M 0 35 180
19 78 57 68 15 0 3 0.00 0.0 0 15.5 28 200 M M 1 40 200
20 77 58 68 15 0 3 0.00 0.0 0 10.9 22 200 M M 2 30 160
21 77 50 64 12 1 0 0.00 0.0 0 6.0 15 150 M M 3 20 150
22 59 47 53 1 12 0 T 0.0 0 9.0 15 10 M M 9 1 20 360
23 70 46 58 7 7 0 0.00 0.0 0 12.7 23 160 M M 6 31 150
24 81 47 64 13 1 0 0.00 0.0 0 18.1 31 190 M M 2 8 42 180
25 66 37 52 1 13 0 0.00 0.0 0 7.2 16 320 M M 0 21 320
26 80 50 65 15 0 0 0.00 0.0 0 11.9 18 200 M M 0 33 200
27 62 45 54 4 11 0 T 0.0 0 9.7 21 360 M M 4 29 360
28 48 41 45 -4 20 0 0.71 0.0 0 8.8 17 340 M M 9 138 21 340
29 51 39 45 -4 20 0 0.00 0.0 0 13.5 25 350 M M 9 31 340
30 50 26 38 -11 27 0 0.00 0.0 0 8.4 20 10 M M 0 29 360
================================================================================
SM 2175 1404 181 29 0.71 0.0 309.4 M 63
================================================================================
AV 72.5 46.8 10.3 FASTST M M 2 MAX(MPH)
MISC ----> 32 210 43 180
================================================================================
NOTES:
# LAST OF SEVERAL OCCURRENCES
COLUMN 17 PEAK WIND IN M.P.H.
PRELIMINARY LOCAL CLIMATOLOGICAL DATA (WS FORM: F-6) , PAGE 2
STATION: ABILENE
MONTH: NOVEMBER
YEAR: 2020
LATITUDE: 32 25 N
LONGITUDE: 99 41 W
[TEMPERATURE DATA] [PRECIPITATION DATA] SYMBOLS USED IN COLUMN 16
AVERAGE MONTHLY: 59.7 TOTAL FOR MONTH: 0.71 1 = FOG OR MIST
DPTR FM NORMAL: 5.1 DPTR FM NORMAL: -0.70 2 = FOG REDUCING VISIBILITY
HIGHEST: 83 ON 14,12 GRTST 24HR 0.71 ON 28-28 TO 1/4 MILE OR LESS
LOWEST: 26 ON 30 3 = THUNDER
SNOW, ICE PELLETS, HAIL 4 = ICE PELLETS
TOTAL MONTH: 0.0 INCH 5 = HAIL
GRTST 24HR 0.0 6 = FREEZING RAIN OR DRIZZLE
GRTST DEPTH: 0 7 = DUSTSTORM OR SANDSTORM:
VSBY 1/2 MILE OR LESS
8 = SMOKE OR HAZE
[NO. OF DAYS WITH] [WEATHER - DAYS WITH] 9 = BLOWING SNOW
X = TORNADO
MAX 32 OR BELOW: 0 0.01 INCH OR MORE: 1
MAX 90 OR ABOVE: 0 0.10 INCH OR MORE: 1
MIN 32 OR BELOW: 1 0.50 INCH OR MORE: 1
MIN 0 OR BELOW: 0 1.00 INCH OR MORE: 0
[HDD (BASE 65) ]
TOTAL THIS MO. 181 CLEAR (SCALE 0-3) 23
DPTR FM NORMAL -148 PTCLDY (SCALE 4-7) 4
TOTAL FM JUL 1 366 CLOUDY (SCALE 8-10) 3
DPTR FM NORMAL -67
[CDD (BASE 65) ]
TOTAL THIS MO. 29
DPTR FM NORMAL 10 [PRESSURE DATA]
TOTAL FM JAN 1 2763 HIGHEST SLP 30.53 ON 30
DPTR FM NORMAL 355 LOWEST SLP 29.65 ON 24
[REMARKS]
#FINAL-11-20#