000
CXUS56 KEKA 011230
CF6ACV
PRELIMINARY LOCAL CLIMATOLOGICAL DATA (WS FORM: F-6)
STATION: ARCATA CA
MONTH: FEBRUARY
YEAR: 2020
LATITUDE: 40 58 N
LONGITUDE: 124 6 W
TEMPERATURE IN F: :PCPN: SNOW: WIND :SUNSHINE: SKY :PK WND
================================================================================
1 2 3 4 5 6A 6B 7 8 9 10 11 12 13 14 15 16 17 18
12Z AVG MX 2MIN
DY MAX MIN AVG DEP HDD CDD WTR SNW DPTH SPD SPD DIR MIN PSBL S-S WX SPD DR
================================================================================
1 56 44 50 3 15 0 0.16 M 0 4.3 16 340 M M 7 18 21 340
2 51 37 44 -3 21 0 0.27 M 0 6.1 22 310 M M 5 1 29 310
3 51 31 41 -6 24 0 0.01 M 0 7.1 18 360 M M 2 1 25 350
4 52 29 41 -6 24 0 0.00 0.0 0 6.2 18 340 M M 1 18 24 330
5 55 34 45 -2 20 0 0.00 0.0 0 5.4 16 340 M M 4 128 24 280
6 56 38 47 0 18 0 0.00 0.0 0 5.7 17 340 M M 3 18 23 330
7 55 47 51 4 14 0 T M 0 5.1 16 340 M M 9 18 20 340
8 54 44 49 2 16 0 0.03 M 0 12.5 30 350 M M 3 1 38 340
9 58 34 46 -1 19 0 0.00 0.0 0 6.9 18 360 M M 0 8 24 330
10 60 33 47 0 18 0 0.00 0.0 0 3.1 9 320 M M 0 18 10 320
11 66 36 51 4 14 0 0.00 0.0 0 7.3 22 340 M M 0 18 28 340
12 53 38 46 -1 19 0 0.00 0.0 0 5.0 18 340 M M 2 18 26 280
13 52 45 49 2 16 0 T 0.0 0 4.4 15 330 M M 9 1 19 280
14 54 38 46 -1 19 0 T 0.0 0 7.5 21 330 M M 2 1 27 340
15 53 36 45 -2 20 0 T 0.0 0 2.9 8 280 M M 8 18 10 310
16 54 46 50 3 15 0 0.53 M 0 5.5 15 330 M M 9 28 21 40
17 54 37 46 -1 19 0 0.00 0.0 0 4.8 17 340 M M 3 28 21 330
18 51 34 43 -4 22 0 0.00 0.0 0 3.5 12 280 M M 0 18 26 270
19 53 35 44 -3 21 0 0.00 0.0 0 3.7 12 280 M M 2 1 29 270
20 56 36 46 -1 19 0 0.00 0.0 0 2.4 9 300 M M 2 18 13 290
21 55 35 45 -2 20 0 0.00 0.0 0 4.5 16 330 M M 1 18 22 280
22 52 45 49 2 16 0 0.00 0.0 0 3.3 9 330 M M 8 15 290
23 56 39 48 1 17 0 0.01 0.0 0 4.6 12 350 M M M 16 350
24 54 32 43 -4 22 0 0.00 0.0 0 4.6 17 330 M M 0 18 29 270
25 59 35 47 0 18 0 0.00 0.0 0 4.9 15 340 M M 1 18 21 300
26 55 37 46 -2 19 0 0.00 0.0 0 5.1 15 340 M M 2 18 20 330
27 50 39 45 -3 20 0 0.00 0.0 0 2.1 8 290 M M 8 28 17 270
28 51 37 44 -4 21 0 0.00 0.0 0 3.2 14 330 M M 7 28 17 350
29 53 37 45 -3 20 0 T M 0 7.5 20 330 M M 2 18 24 320
================================================================================
SM 1579 1088 546 0 1.01 0.0 149.2 M 100
================================================================================
AV 54.5 37.5 5.1 FASTST M M 4 MAX(MPH)
MISC ----> # 30 350 # 38 340
================================================================================
NOTES:
# LAST OF SEVERAL OCCURRENCES
COLUMN 17 PEAK WIND IN M.P.H.
PRELIMINARY LOCAL CLIMATOLOGICAL DATA (WS FORM: F-6) , PAGE 2
STATION: ARCATA CA
MONTH: FEBRUARY
YEAR: 2020
LATITUDE: 40 58 N
LONGITUDE: 124 6 W
[TEMPERATURE DATA] [PRECIPITATION DATA] SYMBOLS USED IN COLUMN 16
AVERAGE MONTHLY: 46.0 TOTAL FOR MONTH: 1.01 1 = FOG OR MIST
DPTR FM NORMAL: -1.2 DPTR FM NORMAL: -5.54 2 = FOG REDUCING VISIBILITY
HIGHEST: 66 ON 11 GRTST 24HR 0.53 ON 16-16 TO 1/4 MILE OR LESS
LOWEST: 29 ON 4 3 = THUNDER
SNOW, ICE PELLETS, HAIL 4 = ICE PELLETS
TOTAL MONTH: 0.0 INCH 5 = HAIL
GRTST 24HR 0.0 6 = FREEZING RAIN OR DRIZZLE
GRTST DEPTH: 0 7 = DUSTSTORM OR SANDSTORM:
VSBY 1/2 MILE OR LESS
8 = SMOKE OR HAZE
[NO. OF DAYS WITH] [WEATHER - DAYS WITH] 9 = BLOWING SNOW
X = TORNADO
MAX 32 OR BELOW: 0 0.01 INCH OR MORE: 6
MAX 90 OR ABOVE: 0 0.10 INCH OR MORE: 3
MIN 32 OR BELOW: 3 0.50 INCH OR MORE: 1
MIN 0 OR BELOW: 0 1.00 INCH OR MORE: 0
[HDD (BASE 65) ]
TOTAL THIS MO. 546 CLEAR (SCALE 0-3) 16
DPTR FM NORMAL 49 PTCLDY (SCALE 4-7) 9
TOTAL FM JUL 1 2764 CLOUDY (SCALE 8-10) 3
DPTR FM NORMAL -558
[CDD (BASE 65) ]
TOTAL THIS MO. 0
DPTR FM NORMAL 0 [PRESSURE DATA]
TOTAL FM JAN 1 0 HIGHEST SLP 30.56 ON 24
DPTR FM NORMAL 0 LOWEST SLP 30.08 ON 13
[REMARKS]
#FINAL-02-20#