398
CXUS54 KLZK 011130
CF6ADF
PRELIMINARY LOCAL CLIMATOLOGICAL DATA (WS FORM: F-6)
STATION: Arkadelphia Airport
MONTH: SEPTEMBER
YEAR: 2020
LATITUDE: 34 9 N
LONGITUDE: 93 4 W
TEMPERATURE IN F: :PCPN: SNOW: WIND :SUNSHINE: SKY :PK WND
================================================================================
1 2 3 4 5 6A 6B 7 8 9 10 11 12 13 14 15 16 17 18
12Z AVG MX 2MIN
DY MAX MIN AVG DEP HDD CDD WTR SNW DPTH SPD SPD DIR MIN PSBL S-S WX SPD DR
================================================================================
1 88 73 81 3 0 16 0.19 M M 3.6 9 200 M M 5 138 M M
2 M M M M M M 0.61 M M 0.8 6 300 M M 6 138 M M
3 83 73 78 0 0 13 0.04 M M 3.2 8 230 M M 3 8 M M
4 99 99 99 22 0 34 M M M 1.9 7 310 M M 2 M M
5 82 68 75 -2 0 10 0.00 M M 1.7 8 30 M M 0 M M
6 88 64 76 -1 0 11 0.00 M M 1.5 8 230 M M 2 128 M M
7 89 66 78 2 0 13 0.00 M M 2.1 7 190 M M 0 M M
8 90 69 80 4 0 15 0.00 M M 0.6 6 150 M M 1 M M
9 90 69 80 4 0 15 0.00 M M 0.7 5 20 M M 2 M M
10 89 70 80 4 0 15 0.00 M M 2.0 8 340 M M 4 3 M M
11 88 72 80 5 0 15 0.00 M M 1.0 5 70 M M 4 M M
12 90 69 80 5 0 15 0.00 M M 1.7 8 290 M M 1 18 M M
13 87 70 79 5 0 14 0.00 M M 4.2 10 20 M M 3 M M
14 86 71 79 5 0 14 0.00 M M 7.3 12 20 M M 4 16 20
15 87 69 78 4 0 13 0.00 M M 5.1 10 10 M M 1 M M
16 87 71 79 6 0 14 0.00 M M 4.1 8 20 M M 3 M M
17 84 68 76 3 0 11 0.00 M M 2.5 9 20 M M 1 128 M M
18 80 63 72 -1 0 7 0.00 M M 7.0 12 20 M M 1 17 20
19 77 58 68 -4 0 3 0.00 M M 5.6 9 60 M M 0 M M
20 82 58 70 -2 0 5 0.00 M M 6.0 9 30 M M 1 M M
21 67 63 65 -7 0 0 0.42 M M 5.1 8 30 M M 9 1 M M
22 66 61 64 -7 1 0 2.95 M M 4.5 10 30 M M 10 1 M M
23 65 61 63 -8 2 0 0.38 M M 6.6 10 20 M M 10 18 17 20
24 71 58 65 -5 0 0 T M M 5.5 10 10 M M 8 1 17 10
25 76 57 67 -3 0 2 0.00 M M 0.6 6 20 M M 6 18 M M
26 77 57 67 -3 0 2 0.00 M M 0.9 5 170 M M 7 12 M M
27 85 57 71 2 0 6 0.00 M M 2.7 13 190 M M 6 128 M M
28 M M M M M M 0.98 M M 6.9 18 350 M M 9 3 31 360
29 75 52 64 -4 1 0 0.00 M M 5.1 12 330 M M 0 20 340
30 83 48 66 -2 0 1 0.00 M M 2.7 12 230 M M 0 1 M M
================================================================================
SM 2311 1834 4 264 5.57 M 103.2 M 109
================================================================================
AV 82.5 65.5 3.4 FASTST M M 4 MAX(MPH)
MISC ----> # 18 350 # 31 360
================================================================================
NOTES:
# LAST OF SEVERAL OCCURRENCES
COLUMN 17 PEAK WIND IN M.P.H.
PRELIMINARY LOCAL CLIMATOLOGICAL DATA (WS FORM: F-6) , PAGE 2
STATION: Arkadelphia Airport
MONTH: SEPTEMBER
YEAR: 2020
LATITUDE: 34 9 N
LONGITUDE: 93 4 W
[TEMPERATURE DATA] [PRECIPITATION DATA] SYMBOLS USED IN COLUMN 16
AVERAGE MONTHLY: 74.0 TOTAL FOR MONTH: 5.57 1 = FOG OR MIST
DPTR FM NORMAL: 0.6 DPTR FM NORMAL: 2.03 2 = FOG REDUCING VISIBILITY
HIGHEST: 99 ON 4 GRTST 24HR 2.95 ON 22-22 TO 1/4 MILE OR LESS
LOWEST: 48 ON 30 3 = THUNDER
SNOW, ICE PELLETS, HAIL 4 = ICE PELLETS
TOTAL MONTH: M 5 = HAIL
GRTST 24HR M ON M 6 = FREEZING RAIN OR DRIZZLE
GRTST DEPTH: M ON M 7 = DUSTSTORM OR SANDSTORM:
VSBY 1/2 MILE OR LESS
8 = SMOKE OR HAZE
[NO. OF DAYS WITH] [WEATHER - DAYS WITH] 9 = BLOWING SNOW
X = TORNADO
MAX 32 OR BELOW: 0 0.01 INCH OR MORE: 7
MAX 90 OR ABOVE: 4 0.10 INCH OR MORE: 6
MIN 32 OR BELOW: 0 0.50 INCH OR MORE: 3
MIN 0 OR BELOW: 0 1.00 INCH OR MORE: 1
[HDD (BASE 65) ]
TOTAL THIS MO. 4 CLEAR (SCALE 0-3) 15
DPTR FM NORMAL -12 PTCLDY (SCALE 4-7) 11
TOTAL FM JUL 1 4 CLOUDY (SCALE 8-10) 4
DPTR FM NORMAL -12
[CDD (BASE 65) ]
TOTAL THIS MO. 264
DPTR FM NORMAL -5 [PRESSURE DATA]
TOTAL FM JAN 1 1545 HIGHEST SLP M ON M
DPTR FM NORMAL -303 LOWEST SLP M ON M
[REMARKS]
#FINAL-09-20#