000
CXUS54 KFWD 010830
CF6AFW
PRELIMINARY LOCAL CLIMATOLOGICAL DATA (WS FORM: F-6)
STATION: FORT WORTH ALLIANCE
MONTH: FEBRUARY
YEAR: 2022
LATITUDE: 32 58 N
LONGITUDE: 97 19 W
TEMPERATURE IN F: :PCPN: SNOW: WIND :SUNSHINE: SKY :PK WND
================================================================================
1 2 3 4 5 6A 6B 7 8 9 10 11 12 13 14 15 16 17 18
12Z AVG MX 2MIN
DY MAX MIN AVG DEP HDD CDD WTR SNW DPTH SPD SPD DIR MIN PSBL S-S WX SPD DR
================================================================================
1 72 55 64 16 1 0 0.00 M M 13.0 21 180 M M 9 28 180
2 60 29 45 -3 20 0 0.50 M M 15.1 28 340 M M 10 146 36 330
3 29 18 24 -24 41 0 0.12 M M 17.0 26 350 M M 10 46 35 330
4 34 18 26 -23 39 0 0.00 M M 11.9 21 330 M M 4 26 330
5 48 20 34 -15 31 0 0.00 M M 7.2 17 170 M M 0 22 210
6 56 26 41 -8 24 0 0.00 M M 6.5 14 190 M M 1 24 200
7 59 31 45 -4 20 0 0.00 M M 8.5 17 350 M M 1 25 340
8 68 33 51 2 14 0 0.00 M M 10.5 20 190 M M 1 30 220
9 71 32 52 2 13 0 0.00 M M 4.1 14 330 M M 2 21 350
10 71 36 54 4 11 0 0.00 M M 5.6 16 10 M M 2 20 360
11 77 43 60 10 5 0 0.00 M M 11.2 26 40 M M 2 38 20
12 56 29 43 -7 22 0 0.00 M M 16.6 32 360 M M 6 40 360
13 65 27 46 -4 19 0 0.00 M M 6.2 17 250 M M 0 24 310
14 72 37 55 5 10 0 0.00 M M 10.8 23 180 M M 0 29 160
15 72 45 59 9 6 0 0.00 M M 21.5 32 180 M M 2 43 170
16 72 61 67 16 0 2 T M M 23.0 36 170 M M 9 48 180
17 68 29 49 -2 16 0 0.03 M M 19.4 35 280 M M 9 18 48 260
18 54 20 37 -14 28 0 0.00 M M 4.4 12 360 M M 1 18 330
19 65 32 49 -2 16 0 0.00 M M 5.1 15 150 M M 0 21 170
20 68 39 54 2 11 0 0.00 M M 14.2 25 170 M M 6 37 180
21 83 56 70 18 0 5 0.01 M M 14.5 30 160 M M 8 13 40 150
22 65 30 48 -4 17 0 0.08 M M 14.5 28 310 M M 8 13 35 310
23 30 21 26 -26 39 0 0.02 M M 16.0 26 360 M M 10 13468 35 360
24 29 20 25 -27 40 0 T M M 11.5 20 350 M M 10 16 24 350
25 39 20 30 -23 35 0 0.00 M M 11.4 21 10 M M 7 28 340
26 39 32 36 -17 29 0 0.04 M M 7.6 14 10 M M 10 18 21 50
27 58 28 43 -10 22 0 0.00 M M 8.1 18 350 M M 1 18 25 330
28 66 30 48 -6 17 0 0.00 M M 3.4 12 180 M M 5 20 210
================================================================================
SM 1646 897 546 7 0.80 M 318.8 M 134
================================================================================
AV 58.8 32.0 11.4 FASTST M M 5 MAX(MPH)
MISC ----> 36 170 # 48 180
================================================================================
NOTES:
# LAST OF SEVERAL OCCURRENCES
COLUMN 17 PEAK WIND IN M.P.H.
PRELIMINARY LOCAL CLIMATOLOGICAL DATA (WS FORM: F-6) , PAGE 2
STATION: FORT WORTH ALLIANCE
MONTH: FEBRUARY
YEAR: 2022
LATITUDE: 32 58 N
LONGITUDE: 97 19 W
[TEMPERATURE DATA] [PRECIPITATION DATA] SYMBOLS USED IN COLUMN 16
AVERAGE MONTHLY: 45.4 TOTAL FOR MONTH: 0.80 1 = FOG OR MIST
DPTR FM NORMAL: -5.2 DPTR FM NORMAL: -1.43 2 = FOG REDUCING VISIBILITY
HIGHEST: 83 ON 21 GRTST 24HR 0.62 ON 2- 3 TO 1/4 MILE OR LESS
LOWEST: 18 ON 4, 3 3 = THUNDER
SNOW, ICE PELLETS, HAIL 4 = ICE PELLETS
TOTAL MONTH: M 5 = HAIL
GRTST 24HR M ON M 6 = FREEZING RAIN OR DRIZZLE
GRTST DEPTH: M ON M 7 = DUSTSTORM OR SANDSTORM:
VSBY 1/2 MILE OR LESS
8 = SMOKE OR HAZE
[NO. OF DAYS WITH] [WEATHER - DAYS WITH] 9 = BLOWING SNOW
X = TORNADO
MAX 32 OR BELOW: 3 0.01 INCH OR MORE: 7
MAX 90 OR ABOVE: 0 0.10 INCH OR MORE: 2
MIN 32 OR BELOW: 19 0.50 INCH OR MORE: 1
MIN 0 OR BELOW: 0 1.00 INCH OR MORE: 0
[HDD (BASE 65) ]
TOTAL THIS MO. 546 CLEAR (SCALE 0-3) 13
DPTR FM NORMAL 133 PTCLDY (SCALE 4-7) 6
TOTAL FM JUL 1 1643 CLOUDY (SCALE 8-10) 9
DPTR FM NORMAL -226
[CDD (BASE 65) ]
TOTAL THIS MO. 7
DPTR FM NORMAL -3 [PRESSURE DATA]
TOTAL FM JAN 1 7 HIGHEST SLP 30.69 ON 4
DPTR FM NORMAL 0 LOWEST SLP 29.59 ON 21
[REMARKS]
#FINAL-02-22#