000
CXUS54 KFWD 010831
CF6AFW
PRELIMINARY LOCAL CLIMATOLOGICAL DATA (WS FORM: F-6)
STATION: FORT WORTH ALLIANCE
MONTH: NOVEMBER
YEAR: 2023
LATITUDE: 32 58 N
LONGITUDE: 97 19 W
TEMPERATURE IN F: :PCPN: SNOW: WIND :SUNSHINE: SKY :PK WND
================================================================================
1 2 3 4 5 6A 6B 7 8 9 10 11 12 13 14 15 16 17 18
12Z AVG MX 2MIN
DY MAX MIN AVG DEP HDD CDD WTR SNW DPTH SPD SPD DIR MIN PSBL S-S WX SPD DR
================================================================================
1 56 31 44 -18 21 0 0.00 M M 5.7 12 350 M M 0 21 20
2 63 37 50 -11 15 0 0.00 M M 9.9 18 160 M M 1 24 160
3 72 45 59 -2 6 0 0.00 M M 11.8 22 170 M M 0 30 180
4 75 54 65 5 0 0 0.00 M M 11.0 20 170 M M 2 1 25 180
5 81 61 71 11 0 6 0.00 M M 11.4 21 180 M M 7 27 180
6 83 65 74 14 0 9 0.00 M M 15.5 25 180 M M 4 32 180
7 85 60 73 13 0 8 0.00 M M 14.9 25 190 M M 0 8 34 190
8 85 67 76 17 0 11 0.00 M M 14.0 20 180 M M 3 27 190
9 73 51 62 3 3 0 0.23 M M 14.0 24 10 M M 10 1 30 10
10 60 49 55 -3 10 0 T M M 9.4 17 10 M M 10 23 60
11 66 53 60 2 5 0 0.00 M M 6.0 12 70 M M 7 16 40
12 65 47 56 -2 9 0 0.00 M M 2.6 7 100 M M 7 13 90
13 65 48 57 0 8 0 T M M 4.9 13 70 M M 8 15 70
14 70 46 58 1 7 0 0.00 M M 2.6 8 120 M M 4 8 13 90
15 72 47 60 3 5 0 0.00 M M 1.4 9 110 M M 2 18 13 90
16 62 50 56 0 9 0 T M M 9.8 17 170 M M 8 12 23 160
17 61 56 59 3 6 0 T M M 8.1 17 160 M M 10 1 20 160
18 70 51 61 5 4 0 0.00 M M 4.1 9 170 M M 8 1 14 320
19 65 55 60 5 5 0 0.07 M M 11.9 24 180 M M 9 1 33 180
20 73 53 63 8 2 0 T M M 14.5 23 350 M M 6 1 32 360
21 59 40 50 -5 15 0 T M M 17.0 31 340 M M 7 40 360
22 63 35 49 -5 16 0 0.00 M M 6.4 17 330 M M 0 24 300
23 63 39 51 -3 14 0 0.00 M M 7.3 16 150 M M 4 20 160
24 63 41 52 -2 13 0 0.00 M M 3.8 9 70 M M 3 8 14 90
25 61 39 50 -4 15 0 0.14 M M 7.4 15 170 M M 6 18 27 130
26 51 33 42 -11 23 0 T M M 13.9 23 330 M M 7 1 36 300
27 54 29 42 -11 23 0 0.00 M M 2.5 9 20 M M 6 13 40
28 62 35 49 -4 16 0 0.00 M M 5.4 14 170 M M 4 18 180
29 64 39 52 0 13 0 0.00 M M 10.3 21 160 M M 7 28 140
30 63 55 59 7 6 0 0.03 M M 7.4 15 160 M M 9 12 20 150
================================================================================
SM 2005 1411 269 34 0.47 M 264.9 M 159
================================================================================
AV 66.8 47.0 8.8 FASTST M M 5 MAX(MPH)
MISC ----> 31 340 40 360
================================================================================
NOTES:
# LAST OF SEVERAL OCCURRENCES
COLUMN 17 PEAK WIND IN M.P.H.
PRELIMINARY LOCAL CLIMATOLOGICAL DATA (WS FORM: F-6) , PAGE 2
STATION: FORT WORTH ALLIANCE
MONTH: NOVEMBER
YEAR: 2023
LATITUDE: 32 58 N
LONGITUDE: 97 19 W
[TEMPERATURE DATA] [PRECIPITATION DATA] SYMBOLS USED IN COLUMN 16
AVERAGE MONTHLY: 56.9 TOTAL FOR MONTH: 0.47 1 = FOG OR MIST
DPTR FM NORMAL: 0.3 DPTR FM NORMAL: -2.04 2 = FOG REDUCING VISIBILITY
HIGHEST: 85 ON 8, 7 GRTST 24HR 0.23 ON 9- 9 TO 1/4 MILE OR LESS
LOWEST: 29 ON 27 3 = THUNDER
SNOW, ICE PELLETS, HAIL 4 = ICE PELLETS
TOTAL MONTH: M 5 = HAIL
GRTST 24HR M ON M 6 = FREEZING RAIN OR DRIZZLE
GRTST DEPTH: M ON M 7 = DUSTSTORM OR SANDSTORM:
VSBY 1/2 MILE OR LESS
8 = SMOKE OR HAZE
[NO. OF DAYS WITH] [WEATHER - DAYS WITH] 9 = BLOWING SNOW
X = TORNADO
MAX 32 OR BELOW: 0 0.01 INCH OR MORE: 4
MAX 90 OR ABOVE: 0 0.10 INCH OR MORE: 2
MIN 32 OR BELOW: 2 0.50 INCH OR MORE: 0
MIN 0 OR BELOW: 0 1.00 INCH OR MORE: 0
[HDD (BASE 65) ]
TOTAL THIS MO. 269 CLEAR (SCALE 0-3) 9
DPTR FM NORMAL -12 PTCLDY (SCALE 4-7) 16
TOTAL FM JUL 1 361 CLOUDY (SCALE 8-10) 5
DPTR FM NORMAL 3
[CDD (BASE 65) ]
TOTAL THIS MO. 34
DPTR FM NORMAL 3 [PRESSURE DATA]
TOTAL FM JAN 1 3520 HIGHEST SLP 30.55 ON 1
DPTR FM NORMAL 598 LOWEST SLP 29.57 ON 20
[REMARKS]
#FINAL-11-23#