000
CXUS55 KCYS 020313
CF6AIA
PRELIMINARY LOCAL CLIMATOLOGICAL DATA (WS FORM: F-6) ...CORRECTED...
STATION: ALLIANCE NEBRASKA AIRPORT
MONTH: APRIL
YEAR: 2021
LATITUDE: 42 2 N
LONGITUDE: 102 48 W
TEMPERATURE IN F: :PCPN: SNOW: WIND :SUNSHINE: SKY :PK WND
================================================================================
1 2 3 4 5 6A 6B 7 8 9 10 11 12 13 14 15 16 17 18
12Z AVG MX 2MIN
DY MAX MIN AVG DEP HDD CDD WTR SNW DPTH SPD SPD DIR MIN PSBL S-S WX SPD DR
================================================================================
1 70 20 45 4 20 0 0.00 M M 11.5 21 230 M M 0 30 230
2 76 20 48 6 17 0 0.00 M M 8.8 24 300 M M 0 34 290
3 79 24 52 10 13 0 0.00 M M 8.1 23 290 M M 0 30 300
4 83 25 54 12 11 0 0.00 M M 6.8 26 280 M M 0 40 280
5 81 31 56 14 9 0 0.00 M M 10.7 29 40 M M 0 37 40
6 50 32 41 -1 24 0 0.10 M M 21.9 36 10 M M 8 138 47 30
7 53 24 39 -4 26 0 0.05 M M 16.4 29 340 M M 4 1 36 340
8 67 21 44 1 21 0 0.00 M M 10.3 24 330 M M 1 31 340
9 49 18 34 -9 31 0 0.05 M M 17.1 32 320 M M 4 1 44 340
10 66 14 40 -3 25 0 0.00 M M 7.8 16 260 M M 0 8 21 260
11 51 29 40 -4 25 0 0.00 M M 19.8 40 320 M M 1 53 330
12 48 19 34 -10 31 0 0.00 M M 15.1 28 330 M M 5 43 330
13 47 18 33 -11 32 0 0.00 M M 12.9 24 310 M M 0 34 310
14 38 22 30 -14 35 0 0.10 M M 4.0 10 60 M M 9 1 13 60
15 34 30 32 -13 33 0 0.04 M M 10.0 16 100 M M 10 16 20 100
16 36 30 33 -12 32 0 0.43 M M 12.0 20 330 M M 10 1 24 330
17 49 23 36 -9 29 0 0.00 M M 9.9 20 350 M M 6 25 350
18 65 21 43 -2 22 0 0.00 M M 12.4 26 30 M M 2 34 10
19 33 13 23 -23 42 0 T M M 13.6 25 30 M M 9 18 32 10
20 38 11 25 -21 40 0 T M M 15.5 29 310 M M 5 1 39 290
21 46 9 28 -18 37 0 0.00 M M 7.6 15 320 M M 3 21 330
22 58 23 41 -5 24 0 T M M 11.9 30 160 M M 4 18 37 160
23 56 19 38 -9 27 0 0.00 M M 10.4 21 20 M M 3 32 20
24 58 27 43 -4 22 0 0.00 M M 12.2 22 170 M M 5 33 170
25 76 36 56 8 9 0 0.00 M M 9.6 28 200 M M 2 45 210
26 77 39 58 10 7 0 0.00 M M 8.1 20 40 M M 2 31 110
27 62 46 54 6 11 0 0.01 M M 16.1 26 10 M M 9 1 35 20
28 65 31 48 0 17 0 0.00 M M 10.7 20 360 M M 3 26 350
29 74 27 51 2 14 0 0.00 M M 7.8 20 300 M M 0 26 310
30 82 32 57 8 8 0 0.00 M M 7.3 14 230 M M 0 19 260
================================================================================
SM 1767 734 694 0 0.78 M 346.3 M 105
================================================================================
AV 58.9 24.5 11.5 FASTST M M 4 MAX(MPH)
MISC ----> 40 320 53 330
================================================================================
NOTES:
# LAST OF SEVERAL OCCURRENCES
COLUMN 17 PEAK WIND IN M.P.H.
PRELIMINARY LOCAL CLIMATOLOGICAL DATA (WS FORM: F-6) , PAGE 2
STATION: ALLIANCE NEBRASKA AIRPORT
MONTH: APRIL
YEAR: 2021
LATITUDE: 42 2 N
LONGITUDE: 102 48 W
[TEMPERATURE DATA] [PRECIPITATION DATA] SYMBOLS USED IN COLUMN 16
AVERAGE MONTHLY: 41.7 TOTAL FOR MONTH: 0.78 1 = FOG OR MIST
DPTR FM NORMAL: -3.2 DPTR FM NORMAL: -0.67 2 = FOG REDUCING VISIBILITY
HIGHEST: 83 ON 4 GRTST 24HR 0.47 ON 15-16 TO 1/4 MILE OR LESS
LOWEST: 9 ON 21 3 = THUNDER
SNOW, ICE PELLETS, HAIL 4 = ICE PELLETS
TOTAL MONTH: M 5 = HAIL
GRTST 24HR M ON M 6 = FREEZING RAIN OR DRIZZLE
GRTST DEPTH: M ON M 7 = DUSTSTORM OR SANDSTORM:
VSBY 1/2 MILE OR LESS
8 = SMOKE OR HAZE
[NO. OF DAYS WITH] [WEATHER - DAYS WITH] 9 = BLOWING SNOW
X = TORNADO
MAX 32 OR BELOW: 0 0.01 INCH OR MORE: 7
MAX 90 OR ABOVE: 0 0.10 INCH OR MORE: 3
MIN 32 OR BELOW: 27 0.50 INCH OR MORE: 0
MIN 0 OR BELOW: 0 1.00 INCH OR MORE: 0
[HDD (BASE 65) ]
TOTAL THIS MO. 694 CLEAR (SCALE 0-3) 17
DPTR FM NORMAL 91 PTCLDY (SCALE 4-7) 8
TOTAL FM JUL 1 6918 CLOUDY (SCALE 8-10) 5
DPTR FM NORMAL 29
[CDD (BASE 65) ]
TOTAL THIS MO. 0
DPTR FM NORMAL 0 [PRESSURE DATA]
TOTAL FM JAN 1 0 HIGHEST SLP 30.45 ON 1
DPTR FM NORMAL 0 LOWEST SLP 29.40 ON 26
[REMARKS]
APRIL 3RD...TIED RECORD HIGH 79 DEGREES PREVIOUSLY SET IN 1943
APRIL 4TH...RECORD HIGH 83 DEGREES (PREVIOUS 78 DEGREES IN 2000)
APRIL 5TH...TIED RECORD HIGH 81 DEGREES PREVIOUSLY SET IN 2006
APRIL 21ST...RECORD LOW 9 DEGREES (PREVIOUS 12 DEGREES IN 1927)
#FINAL-04-21#