000
CXAK56 PAJK 011410
CF6AJN
PRELIMINARY LOCAL CLIMATOLOGICAL DATA (WS FORM: F-6)
STATION: JUNEAU
MONTH: FEBRUARY
YEAR: 2023
LATITUDE: 58 22 N
LONGITUDE: 134 35 W
TEMPERATURE IN F: :PCPN: SNOW: WIND :SUNSHINE: SKY :PK WND
================================================================================
1 2 3 4 5 6A 6B 7 8 9 10 11 12 13 14 15 16 17 18
12Z AVG MX 2MIN
DY MAX MIN AVG DEP HDD CDD WTR SNW DPTH SPD SPD DIR MIN PSBL S-S WX SPD DR
================================================================================
1 35 29 32 3 33 0 0.02 0.6 2 2.8 12 140 M M 10 12 15 140
2 32 29 31 2 34 0 0.37 6.8 5 1.4 10 260 M M 10 1 12 270
3 34 31 33 3 32 0 0.04 1.3 9 2.8 16 100 M M 10 1 20 80
4 34 31 33 3 32 0 0.08 0.9 7 1.2 12 240 M M 10 1 14 240
5 36 31 34 4 31 0 0.31 0.2 8 14.4 26 120 M M 10 1 35 130
6 37 33 35 5 30 0 0.35 0.1 5 8.1 26 120 M M 9 1 35 140
7 38 27 33 3 32 0 T T 4 6.8 15 80 M M 7 1 18 80
8 37 31 34 4 31 0 0.09 1.4 5 9.1 20 120 M M 9 1 23 120
9 38 31 35 5 30 0 0.23 2.1 4 3.7 17 90 M M 10 1 23 100
10 39 31 35 5 30 0 0.20 4.3 5 11.6 38 120 M M 9 19 50 110
11 38 33 36 6 29 0 0.36 0.4 8 15.7 36 120 M M 10 19 47 110
12 40 36 38 8 27 0 0.57 0.0 5 14.9 24 120 M M 10 1 29 120
13 36 31 34 4 31 0 0.24 1.2 1 4.7 12 100 M M 10 1 18 120
14 33 29 31 1 34 0 0.06 1.6 2 10.0 23 120 M M 10 19 28 130
15 35 31 33 3 32 0 0.28 2.4 4 11.7 21 120 M M 10 1 28 130
16 36 32 34 4 31 0 0.04 T 3 6.6 14 90 M M 10 1 19 110
17 35 32 34 4 31 0 0.47 2.5 4 7.6 22 110 M M 10 1 26 110
18 37 32 35 5 30 0 0.27 T 4 9.6 23 120 M M 10 1 30 110
19 39 33 36 6 29 0 0.03 0.0 3 6.4 14 100 M M 10 1 17 100
20 40 27 34 4 31 0 T 0.0 2 7.0 21 110 M M 7 1 28 100
21 35 17 26 -4 39 0 0.00 0.0 2 3.3 16 70 M M 1 20 80
22 28 15 22 -8 43 0 0.00 0.0 2 8.6 25 110 M M 1 32 100
23 23 15 19 -12 46 0 T T 2 11.3 24 110 M M 4 32 110
24 25 18 22 -9 43 0 0.36 14.3 14 10.1 18 130 M M 10 1 23 130
25 32 11 22 -9 43 0 0.22 6.3 16 2.5 10 130 M M 8 1 12 130
26 29 12 21 -10 44 0 0.00 0.0 12 0.2 6 40 M M 8 1 7 60
27 29 8 19 -12 46 0 0.00 0.0 10 1.8 14 100 M M 7 1 15 100
28 26 2 14 -17 51 0 0.01 0.1 8 5.5 17 100 M M 6 19 21 90
================================================================================
SM 956 718 975 0 4.60 46.5 199.4 M 236
================================================================================
AV 34.1 25.6 7.1 FASTST M M 8 MAX(MPH)
MISC ----> 38 120 50 110
================================================================================
NOTES:
# LAST OF SEVERAL OCCURRENCES
COLUMN 17 PEAK WIND IN M.P.H.
PRELIMINARY LOCAL CLIMATOLOGICAL DATA (WS FORM: F-6) , PAGE 2
STATION: JUNEAU
MONTH: FEBRUARY
YEAR: 2023
LATITUDE: 58 22 N
LONGITUDE: 134 35 W
[TEMPERATURE DATA] [PRECIPITATION DATA] SYMBOLS USED IN COLUMN 16
AVERAGE MONTHLY: 29.9 TOTAL FOR MONTH: 4.60 1 = FOG OR MIST
DPTR FM NORMAL: -0.2 DPTR FM NORMAL: 0.29 2 = FOG REDUCING VISIBILITY
HIGHEST: 40 ON 20,12 GRTST 24HR 0.71 ON 12-13 TO 1/4 MILE OR LESS
LOWEST: 2 ON 28 3 = THUNDER
SNOW, ICE PELLETS, HAIL 4 = ICE PELLETS
TOTAL MONTH: 47.4 INCHES 5 = HAIL
GRTST 24HR 14.3 ON 24-24 6 = FREEZING RAIN OR DRIZZLE
GRTST DEPTH: 16 ON 25 7 = DUSTSTORM OR SANDSTORM:
VSBY 1/2 MILE OR LESS
8 = SMOKE OR HAZE
[NO. OF DAYS WITH] [WEATHER - DAYS WITH] 9 = BLOWING SNOW
X = TORNADO
MAX 32 OR BELOW: 8 0.01 INCH OR MORE: 21
MAX 90 OR ABOVE: 0 0.10 INCH OR MORE: 13
MIN 32 OR BELOW: 24 0.50 INCH OR MORE: 1
MIN 0 OR BELOW: 0 1.00 INCH OR MORE: 0
[HDD (BASE 65) ]
TOTAL THIS MO. 975 CLEAR (SCALE 0-3) 2
DPTR FM NORMAL -1 PTCLDY (SCALE 4-7) 6
TOTAL FM JUL 1 5498 CLOUDY (SCALE 8-10) 20
DPTR FM NORMAL -306
[CDD (BASE 65) ]
TOTAL THIS MO. 0
DPTR FM NORMAL 0 [PRESSURE DATA]
TOTAL FM JAN 1 0 HIGHEST SLP 30.62 ON 23
DPTR FM NORMAL 0 LOWEST SLP 29.19 ON 12
[REMARKS]
#FINAL-02-23#