000
CXUS56 KSGX 011045
CF6AJO
PRELIMINARY LOCAL CLIMATOLOGICAL DATA (WS FORM: F-6)
STATION: CORONA AIRPORT CA
MONTH: MAY
YEAR: 2023
LATITUDE: 33 53 N
LONGITUDE: 117-36 E
TEMPERATURE IN F: :PCPN: SNOW: WIND :SUNSHINE: SKY :PK WND
================================================================================
1 2 3 4 5 6A 6B 7 8 9 10 11 12 13 14 15 16 17 18
12Z AVG MX 2MIN
DY MAX MIN AVG DEP HDD CDD WTR SNW DPTH SPD SPD DIR MIN PSBL S-S WX SPD DR
================================================================================
1 69 54 62 M 3 0 0.02 M M 5.0 12 230 M M 9 1 21 260
2 66 50 58 M 7 0 T M M 7.0 14 240 M M 8 8 23 250
3 66 49 58 M 7 0 0.00 M M 4.7 15 290 M M 7 21 290
4 65 48 57 M 8 0 0.39 M M 5.0 12 200 M M 7 18 18 320
5 67 52 60 M 5 0 0.01 M M 5.6 12 250 M M 6 1 17 250
6 70 44 57 M 8 0 0.00 M M 5.2 16 290 M M 0 22 290
7 72 45 59 M 6 0 0.00 M M 5.9 16 300 M M 0 21 280
8 74 45 60 M 5 0 0.00 M M 6.0 16 280 M M 0 22 280
9 71 48 60 M 5 0 T M M 5.4 13 290 M M 7 1 20 260
10 69 52 61 M 4 0 T M M 6.1 12 270 M M 8 16 270
11 74 49 62 M 3 0 0.02 M M 4.3 12 260 M M 4 18 260
12 78 48 63 M 2 0 0.00 M M 4.8 16 290 M M 3 1 M M
13 82 49 66 M 0 1 0.00 M M 6.5 17 280 M M 1 12 26 270
14 84 58 71 M 0 6 0.00 M M 6.2 16 270 M M 4 1 23 270
15 78 55 67 M 0 2 0.00 M M 5.8 17 270 M M 4 18 24 270
16 83 57 70 M 0 5 0.00 M M 6.9 16 280 M M 2 18 24 280
17 82 53 68 M 0 3 0.00 M M 6.6 13 280 M M 0 1 25 280
18 76 52 64 M 1 0 0.00 M M 7.0 15 290 M M 0 1 18 270
19 71 58 65 M 0 0 0.00 M M 6.5 13 270 M M 5 18 20 290
20 81 61 71 M 0 6 T M M 7.4 21 290 M M 4 18 28 290
21 83 59 71 M 0 6 T M M 5.6 16 290 M M 4 1 22 290
22 78 60 69 M 0 4 0.00 M M 7.2 18 290 M M 5 1 23 290
23 68 58 63 M 2 0 0.00 M M 7.1 14 280 M M 10 1 21 280
24 68 57 63 M 2 0 0.00 M M 7.7 15 260 M M 7 23 260
25 71 57 64 M 1 0 T M M 5.9 16 240 M M 8 21 240
26 69 55 62 M 3 0 0.00 M M 7.0 13 290 M M 9 17 270
27 73 55 64 M 1 0 0.00 M M 7.4 15 260 M M 5 22 260
28 69 60 65 M 0 0 0.00 M M 5.1 12 280 M M 9 M M
29 72 58 65 M 0 0 0.00 M M 7.5 14 280 M M 8 18 280
30 67 57 62 M 3 0 0.00 M M 7.6 16 240 M M 8 21 240
31 67 57 62 M 3 0 0.00 M M 7.4 12 270 M M 10 16 270
================================================================================
SM 2263 1660 79 33 0.44 M 193.4 M 162
================================================================================
AV 73.0 53.5 6.2 FASTST M M 5 MAX(MPH)
MISC ----> 21 290 28 290
================================================================================
NOTES:
# LAST OF SEVERAL OCCURRENCES
COLUMN 17 PEAK WIND IN M.P.H.
PRELIMINARY LOCAL CLIMATOLOGICAL DATA (WS FORM: F-6) , PAGE 2
STATION: CORONA AIRPORT CA
MONTH: MAY
YEAR: 2023
LATITUDE: 33 53 N
LONGITUDE: 117-36 E
[TEMPERATURE DATA] [PRECIPITATION DATA] SYMBOLS USED IN COLUMN 16
AVERAGE MONTHLY: 63.3 TOTAL FOR MONTH: 0.44 1 = FOG OR MIST
DPTR FM NORMAL: 0.0 DPTR FM NORMAL: M 2 = FOG REDUCING VISIBILITY
HIGHEST: 84 ON 14 GRTST 24HR 0.39 ON 4- 4 TO 1/4 MILE OR LESS
LOWEST: 44 ON 6 3 = THUNDER
SNOW, ICE PELLETS, HAIL 4 = ICE PELLETS
TOTAL MONTH: M 5 = HAIL
GRTST 24HR M ON M 6 = FREEZING RAIN OR DRIZZLE
GRTST DEPTH: M ON M 7 = DUSTSTORM OR SANDSTORM:
VSBY 1/2 MILE OR LESS
8 = SMOKE OR HAZE
[NO. OF DAYS WITH] [WEATHER - DAYS WITH] 9 = BLOWING SNOW
X = TORNADO
MAX 32 OR BELOW: 0 0.01 INCH OR MORE: 4
MAX 90 OR ABOVE: 0 0.10 INCH OR MORE: 1
MIN 32 OR BELOW: 0 0.50 INCH OR MORE: 0
MIN 0 OR BELOW: 0 1.00 INCH OR MORE: 0
[HDD (BASE 65) ]
TOTAL THIS MO. 79 CLEAR (SCALE 0-3) 8
DPTR FM NORMAL M PTCLDY (SCALE 4-7) 17
TOTAL FM JUL 1 1743 CLOUDY (SCALE 8-10) 6
DPTR FM NORMAL M
[CDD (BASE 65) ]
TOTAL THIS MO. 33
DPTR FM NORMAL M [PRESSURE DATA]
TOTAL FM JAN 1 44 HIGHEST SLP M ON M
DPTR FM NORMAL M LOWEST SLP M ON M
[REMARKS]
#FINAL-05-23#