000
CXUS56 KSGX 011145
CF6AJO
PRELIMINARY LOCAL CLIMATOLOGICAL DATA (WS FORM: F-6)
STATION: CORONA AIRPORT CA
MONTH: FEBRUARY
YEAR: 2024
LATITUDE: 33 53 N
LONGITUDE: 117-36 E
TEMPERATURE IN F: :PCPN: SNOW: WIND :SUNSHINE: SKY :PK WND
================================================================================
1 2 3 4 5 6A 6B 7 8 9 10 11 12 13 14 15 16 17 18
12Z AVG MX 2MIN
DY MAX MIN AVG DEP HDD CDD WTR SNW DPTH SPD SPD DIR MIN PSBL S-S WX SPD DR
================================================================================
1 55 49 52 M 13 0 0.00 M M 3.7 10 80 M M 8 1 M M
2 61 45 53 M 12 0 0.00 M M 6.6 13 220 M M 4 20 220
3 61 43 52 M 13 0 0.00 M M 5.4 9 260 M M 4 16 260
4 60 49 55 M 10 0 0.00 M M 1.6 7 100 M M 8 1 M M
5 56 52 54 M 11 0 0.00 M M 4.0 12 240 M M 10 1 M M
6 52 46 49 M 16 0 0.00 M M 3.1 9 20 M M 10 1 M M
7 57 46 52 M 13 0 0.00 M M 4.2 16 240 M M 9 1 25 240
8 58 46 52 M 13 0 0.00 M M 7.1 14 270 M M 6 22 250
9 59 42 51 M 14 0 0.00 M M 4.0 12 260 M M 6 M M
10 64 37 51 M 14 0 0.00 M M 5.2 22 50 M M 1 1 29 50
11 67 41 54 M 11 0 0.00 M M 5.4 9 260 M M 0 M M
12 69 35 52 M 13 0 0.00 M M 3.0 8 60 M M 0 M M
13 67 38 53 M 12 0 0.00 M M 4.5 14 260 M M 0 20 260
14 65 41 53 M 12 0 0.00 M M 3.7 10 260 M M 2 M M
15 67 41 54 M 11 0 0.00 M M 3.8 9 260 M M 0 1 M M
16 69 50 60 M 5 0 0.00 M M 3.5 13 270 M M 5 18 M M
17 64 48 56 M 9 0 0.00 M M 3.6 12 270 M M 6 18 18 270
18 68 48 58 M 7 0 0.00 M M 4.0 13 270 M M 7 M M
19 58 52 55 M 10 0 T M M 2.3 7 300 M M 10 1 M M
20 58 54 56 M 9 0 M M M 2.5 10 100 M M 10 1 M M
21 64 49 57 M 8 0 M M M 2.9 13 270 M M 6 1 16 260
22 69 43 56 M 9 0 0.00 M M 2.9 9 260 M M 1 1 M M
23 76 46 61 M 4 0 0.00 M M 6.6 12 70 M M 0 18 110
24 74 50 62 M 3 0 0.00 M M 3.2 10 260 M M 0 M M
25 69 47 58 M 7 0 0.00 M M 3.7 14 290 M M 0 M M
26 63 49 56 M 9 0 0.00 M M 3.0 8 260 M M 6 1 M M
27 66 48 57 M 8 0 0.00 M M 3.3 10 260 M M 6 1 M M
28 72 43 58 M 7 0 0.00 M M 4.3 14 270 M M 0 1 20 290
29 65 48 57 M 8 0 0.00 M M 4.7 12 280 M M 8 18 260
================================================================================
SM 1853 1326 291 0 T M 115.7 M 133
================================================================================
AV 63.9 45.7 4.0 FASTST M M 5 MAX(MPH)
MISC ----> 22 50 29 50
================================================================================
NOTES:
# LAST OF SEVERAL OCCURRENCES
COLUMN 17 PEAK WIND IN M.P.H.
PRELIMINARY LOCAL CLIMATOLOGICAL DATA (WS FORM: F-6) , PAGE 2
STATION: CORONA AIRPORT CA
MONTH: FEBRUARY
YEAR: 2024
LATITUDE: 33 53 N
LONGITUDE: 117-36 E
[TEMPERATURE DATA] [PRECIPITATION DATA] SYMBOLS USED IN COLUMN 16
AVERAGE MONTHLY: 54.8 TOTAL FOR MONTH: T 1 = FOG OR MIST
DPTR FM NORMAL: 0.0 DPTR FM NORMAL: M 2 = FOG REDUCING VISIBILITY
HIGHEST: 76 ON 23 GRTST 24HR T ON 19-19 TO 1/4 MILE OR LESS
LOWEST: 35 ON 12 3 = THUNDER
SNOW, ICE PELLETS, HAIL 4 = ICE PELLETS
TOTAL MONTH: M 5 = HAIL
GRTST 24HR M ON M 6 = FREEZING RAIN OR DRIZZLE
GRTST DEPTH: M ON M 7 = DUSTSTORM OR SANDSTORM:
VSBY 1/2 MILE OR LESS
8 = SMOKE OR HAZE
[NO. OF DAYS WITH] [WEATHER - DAYS WITH] 9 = BLOWING SNOW
X = TORNADO
MAX 32 OR BELOW: 0 0.01 INCH OR MORE: 0
MAX 90 OR ABOVE: 0 0.10 INCH OR MORE: 0
MIN 32 OR BELOW: 0 0.50 INCH OR MORE: 0
MIN 0 OR BELOW: 0 1.00 INCH OR MORE: 0
[HDD (BASE 65) ]
TOTAL THIS MO. 291 CLEAR (SCALE 0-3) 11
DPTR FM NORMAL M PTCLDY (SCALE 4-7) 11
TOTAL FM JUL 1 988 CLOUDY (SCALE 8-10) 7
DPTR FM NORMAL M
[CDD (BASE 65) ]
TOTAL THIS MO. 0
DPTR FM NORMAL M [PRESSURE DATA]
TOTAL FM JAN 1 3 HIGHEST SLP M ON M
DPTR FM NORMAL M LOWEST SLP M ON M
[REMARKS]
#FINAL-02-24#