000
CXAK56 PAFC 061023
CF6AKN
PRELIMINARY LOCAL CLIMATOLOGICAL DATA (WS FORM: F-6)
STATION: KING SALMON
MONTH: JANUARY
YEAR: 2024
LATITUDE: 58 41 N
LONGITUDE: 156 39 W
TEMPERATURE IN F: :PCPN: SNOW: WIND :SUNSHINE: SKY :PK WND
================================================================================
1 2 3 4 5 6A 6B 7 8 9 10 11 12 13 14 15 16 17 18
12Z AVG MX 2MIN
DY MAX MIN AVG DEP HDD CDD WTR SNW DPTH SPD SPD DIR MIN PSBL S-S WX SPD DR
================================================================================
1 42 36 39 23 26 0 0.00 M M 19.2 33 80 M M 4 49 80
2 42 36 39 23 26 0 0.00 M M 23.7 39 100 M M 4 56 100
3 42 33 38 22 27 0 0.00 M M 16.9 33 100 M M 3 48 110
4 40 35 38 23 27 0 0.00 M M 9.3 15 100 M M 8 21 110
5 40 33 37 22 28 0 0.04 M M 8.5 16 120 M M 9 168 23 110
6 46 31 39 24 26 0 0.01 M M 15.4 29 100 M M 8 1 43 100
7 39 34 37 22 28 0 0.07 M M 14.9 29 150 M M 5 1 38 150
8 35 23 29 14 36 0 0.08 M M 5.3 14 170 M M 9 12 16 160
9 25 11 18 3 47 0 0.00 M M 2.4 9 50 M M 7 128 12 50
10 42 25 34 19 31 0 0.00 M M 8.9 16 110 M M 8 24 100
11 44 40 42 27 23 0 0.00 M M 26.9 45 100 M M 3 67 100
12 43 36 40 24 25 0 0.00 M M 12.8 33 140 M M 7 46 130
13 46 34 40 24 25 0 T M M 20.4 35 150 M M 8 18 45 100
14 34 13 24 8 41 0 0.02 M M 7.9 18 210 M M 5 18 27 210
15 30 12 21 5 44 0 0.00 M M 2.3 8 360 M M 0 10 350
16 32 13 23 7 42 0 0.00 M M 9.4 20 350 M M 0 28 350
17 25 17 21 5 44 0 0.00 M M 12.3 23 360 M M 0 34 360
18 25 14 20 4 45 0 0.00 M M 12.1 21 350 M M 0 27 360
19 25 11 18 1 47 0 0.00 M M 13.9 24 10 M M 0 35 360
20 20 8 14 -3 51 0 0.00 M M 18.6 28 360 M M 0 37 360
21 8 -2 3 -14 62 0 0.00 M M 21.8 31 360 M M 2 42 360
22 2 -3 0 -17 65 0 0.00 M M 16.4 28 350 M M 0 37 360
23 5 -6 0 -18 65 0 0.00 M M 12.0 20 360 M M 0 27 20
24 11 -3 4 -14 61 0 0.00 M M 4.8 16 360 M M 0 22 360
25 10 -3 4 -14 61 0 0.00 M M 12.3 22 360 M M 0 33 360
26 0 -10 -5 -23 70 0 0.00 M M 18.6 28 360 M M 0 41 10
27 -10 -17 -13 -32 78 0 0.00 M M 15.1 28 350 M M 0 37 360
28 -15 -20 -17 -36 82 0 0.00 M M 13.8 24 350 M M 0 34 350
29 -9 -21 -15 -34 80 0 0.00 M M 6.9 17 340 M M 2 8 24 340
30 0 -23 -11 -31 76 0 0.00 M M 3.6 8 30 M M 1 11 30
31 17 -8 5 -15 60 0 0.07 M M 3.3 13 340 M M 9 18 16 340
================================================================================
SM 736 379 1449 0 0.29 M 389.7 M 102
================================================================================
AV 23.7 12.2 12.6 FASTST M M 3 MAX(MPH)
MISC ----> 45 100 67 100
================================================================================
NOTES:
# LAST OF SEVERAL OCCURRENCES
COLUMN 17 PEAK WIND IN M.P.H.
PRELIMINARY LOCAL CLIMATOLOGICAL DATA (WS FORM: F-6) , PAGE 2
STATION: KING SALMON
MONTH: JANUARY
YEAR: 2024
LATITUDE: 58 41 N
LONGITUDE: 156 39 W
[TEMPERATURE DATA] [PRECIPITATION DATA] SYMBOLS USED IN COLUMN 16
AVERAGE MONTHLY: 18.0 TOTAL FOR MONTH: 0.29 1 = FOG OR MIST
DPTR FM NORMAL: 1.4 DPTR FM NORMAL: -0.64 2 = FOG REDUCING VISIBILITY
HIGHEST: 46 ON 13, 6 GRTST 24HR 0.17 ON 9-10 TO 1/4 MILE OR LESS
LOWEST: -23 ON 30 3 = THUNDER
SNOW, ICE PELLETS, HAIL 4 = ICE PELLETS
TOTAL MONTH: M 5 = HAIL
GRTST 24HR M ON M 6 = FREEZING RAIN OR DRIZZLE
GRTST DEPTH: M ON M 7 = DUSTSTORM OR SANDSTORM:
VSBY 1/2 MILE OR LESS
8 = SMOKE OR HAZE
[NO. OF DAYS WITH] [WEATHER - DAYS WITH] 9 = BLOWING SNOW
X = TORNADO
MAX 32 OR BELOW: 18 0.01 INCH OR MORE: 6
MAX 90 OR ABOVE: 0 0.10 INCH OR MORE: 0
MIN 32 OR BELOW: 22 0.50 INCH OR MORE: 0
MIN 0 OR BELOW: 11 1.00 INCH OR MORE: 0
[HDD (BASE 65) ]
TOTAL THIS MO. 1449 CLEAR (SCALE 0-3) 17
DPTR FM NORMAL -50 PTCLDY (SCALE 4-7) 10
TOTAL FM JUL 1 5992 CLOUDY (SCALE 8-10) 4
DPTR FM NORMAL -75
[CDD (BASE 65) ]
TOTAL THIS MO. 0
DPTR FM NORMAL 0 [PRESSURE DATA]
TOTAL FM JAN 1 0 HIGHEST SLP 30.59 ON 17
DPTR FM NORMAL 0 LOWEST SLP 28.77 ON 4
[REMARKS]
#FINAL-01-24#