000
CXUS51 KALY 010629
CLMALB
CLIMATE REPORT
NATIONAL WEATHER SERVICE ALBANY NY
229 AM EDT TUE AUG 01 2023
...................................
...THE ALBANY NY CLIMATE SUMMARY FOR THE MONTH OF JULY 2023...
CLIMATE NORMAL PERIOD: 1991 TO 2020
CLIMATE RECORD PERIOD: 1874 TO 2023
WEATHER OBSERVED NORMAL DEPART LAST YEAR`S
VALUE DATE(S) VALUE FROM VALUE DATE(S)
NORMAL
................................................................
TEMPERATURE (F)
RECORD
HIGH 104 07/04/1911
LOW 40 07/02/1978
HIGHEST 93 07/05 97 07/20
07/23
07/24
LOWEST 55 07/31 52 07/10
AVG. MAXIMUM 85.8 83.9 1.9 87.4
AVG. MINIMUM 65.7 62.4 3.3 63.8
MEAN 75.8 73.1 2.7 75.6
DAYS MAX >= 90 5 4.5 0.5 11
DAYS MAX <= 32 0 0.0 0.0 0
DAYS MIN <= 32 0 0.0 0.0 0
DAYS MIN <= 0 0 0.0 0.0 0
PRECIPITATION (INCHES)
RECORD
MAXIMUM 9.91 2009
MINIMUM 0.49 1968
TOTALS 10.70R 4.55 6.15 1.45
DAILY AVG. 0.35 0.05
DAYS >= .01 19 11.4 7.6 10
DAYS >= .10 13 7.5 5.5 4
DAYS >= .50 6 3.2 2.8 1
DAYS >= 1.00 4 1.1 2.9 0
GREATEST
24 HR. TOTAL 2.31 07/18 TO 07/18
DEGREE DAYS
HEATING TOTAL 0 3 -3 0
SINCE 7/1 0 0 0 0
COOLING TOTAL 343 255 88 336
SINCE 1/1 519 437 82 533
................................................................
WIND (MPH)
AVERAGE WIND SPEED 5.8
HIGHEST WIND SPEED/DIRECTION 26/150 DATE 07/13
HIGHEST GUST SPEED/DIRECTION 36/220 DATE 07/13
SKY COVER
AVERAGE SKY COVER 0.64
AVERAGE RH (PERCENT) 70
WEATHER CONDITIONS. NUMBER OF DAYS WITH
THUNDERSTORM 13 MIXED PRECIP 0
HEAVY RAIN 9 RAIN 12
LIGHT RAIN 19 FREEZING RAIN 0
LT FREEZING RAIN 0 HAIL 0
HEAVY SNOW 0 SNOW 0
LIGHT SNOW 0 SLEET 0
FOG 22 FOG W/VIS <= 1/4 MILE 3
HAZE 8
- INDICATES NEGATIVE NUMBERS.
R INDICATES RECORD WAS SET OR TIED.
MM INDICATES DATA IS MISSING.
T INDICATES TRACE AMOUNT.
$$