000
CXUS54 KCRP 011310
CF6ALI
PRELIMINARY LOCAL CLIMATOLOGICAL DATA (WS FORM: F-6)
STATION: ALICE
MONTH: DECEMBER
YEAR: 2023
LATITUDE: 27 44 N
LONGITUDE: 98 1 W
TEMPERATURE IN F: :PCPN: SNOW: WIND :SUNSHINE: SKY :PK WND
================================================================================
1 2 3 4 5 6A 6B 7 8 9 10 11 12 13 14 15 16 17 18
12Z AVG MX 2MIN
DY MAX MIN AVG DEP HDD CDD WTR SNW DPTH SPD SPD DIR MIN PSBL S-S WX SPD DR
================================================================================
1 69 62 66 4 0 1 0.02 0.0 0 5.9 13 360 M M 10 1 18 360
2 77 52 65 4 0 0 0.00 0.0 0 6.3 18 300 M M 4 25 300
3 76 47 62 1 3 0 0.00 0.0 0 4.3 9 330 M M 0 12 340
4 78 46 62 1 3 0 0.00 0.0 0 3.6 12 10 M M 0 16 10
5 77 48 63 2 2 0 0.00 0.0 0 4.1 10 30 M M 0 1 14 30
6 77 50 64 4 1 0 0.00 0.0 0 6.3 14 70 M M 0 1 19 80
7 79 51 65 5 0 0 T 0.0 0 7.3 18 170 M M 7 25 150
8 86 63 75 15 0 10 0.00 0.0 0 9.2 18 170 M M 3 1 25 170
9 86 64 75 15 0 10 0.00 0.0 0 10.5 24 360 M M 8 35 20
10 66 36 51 -9 14 0 0.00 0.0 0 10.3 25 360 M M 0 36 360
11 70 29 50 -10 15 0 0.00 0.0 0 4.9 14 140 M M 0 20 160
12 75 45 60 1 5 0 0.01 0.0 0 8.4 18 120 M M 7 26 120
13 68 59 64 5 1 0 0.75 0.0 0 9.5 18 70 M M 10 1 26 60
14 69 58 64 5 1 0 0.16 0.0 0 9.7 16 60 M M 10 1 24 60
15 75 63 69 10 0 4 0.02 0.0 0 7.5 15 60 M M 10 12 21 60
16 72 46 59 0 6 0 0.00 0.0 0 11.2 20 340 M M 3 1 27 350
17 73 39 56 -2 9 0 0.00 0.0 0 4.0 8 150 M M 0 10 140
18 80 42 61 3 4 0 0.00 0.0 0 4.9 12 350 M M 0 19 30
19 74 47 61 3 4 0 M M 0 6.3 15 140 M M 0 21 170
20 80 55 68 10 0 3 0.00 0.0 0 7.9 20 130 M M M 1 27 130
21 78 59 69 11 0 4 0.00 0.0 0 6.8 16 140 M M 9 1 23 130
22 79 63 71 13 0 6 T 0.0 0 4.2 9 140 M M 9 1 13 140
23 74 63 69 11 0 4 0.02 0.0 0 5.7 16 160 M M 9 12 23 150
24 80 55 68 10 0 3 0.01 0.0 0 7.2 20 320 M M 5 12 26 280
25 66 50 58 1 7 0 0.00 0.0 0 8.6 17 10 M M 3 26 340
26 64 49 57 0 8 0 0.00 0.0 0 2.8 8 80 M M 8 10 100
27 75 47 61 4 4 0 0.00 0.0 0 6.5 13 50 M M 2 18 50
28 67 40 54 -3 11 0 0.00 0.0 0 4.3 10 50 M M M 15 40
29 68 41 55 -2 10 0 0.00 0.0 0 6.2 15 30 M M M 20 40
30 M M M M M M 0.00 0.0 0 M M M M M M M M
31 80 40 60 3 5 0 0.00 0.0 0 8.0 24 180 M M M 12 34 190
================================================================================
SM 2238 1509 113 45 0.99 0.0 202.4 M 117
================================================================================
AV 74.6 50.3 6.7 FASTST M M 5 MAX(MPH)
MISC ----> 25 360 36 360
================================================================================
NOTES:
# LAST OF SEVERAL OCCURRENCES
COLUMN 17 PEAK WIND IN M.P.H.
PRELIMINARY LOCAL CLIMATOLOGICAL DATA (WS FORM: F-6) , PAGE 2
STATION: ALICE
MONTH: DECEMBER
YEAR: 2023
LATITUDE: 27 44 N
LONGITUDE: 98 1 W
[TEMPERATURE DATA] [PRECIPITATION DATA] SYMBOLS USED IN COLUMN 16
AVERAGE MONTHLY: 62.5 TOTAL FOR MONTH: 0.99 1 = FOG OR MIST
DPTR FM NORMAL: 3.6 DPTR FM NORMAL: -0.87 2 = FOG REDUCING VISIBILITY
HIGHEST: 86 ON 9, 8 GRTST 24HR 0.76 ON 13-14 TO 1/4 MILE OR LESS
LOWEST: 29 ON 11 3 = THUNDER
SNOW, ICE PELLETS, HAIL 4 = ICE PELLETS
TOTAL MONTH: 0.0 INCH 5 = HAIL
GRTST 24HR 0.0 6 = FREEZING RAIN OR DRIZZLE
GRTST DEPTH: 0 7 = DUSTSTORM OR SANDSTORM:
VSBY 1/2 MILE OR LESS
8 = SMOKE OR HAZE
[NO. OF DAYS WITH] [WEATHER - DAYS WITH] 9 = BLOWING SNOW
X = TORNADO
MAX 32 OR BELOW: 0 0.01 INCH OR MORE: 7
MAX 90 OR ABOVE: 0 0.10 INCH OR MORE: 2
MIN 32 OR BELOW: 1 0.50 INCH OR MORE: 1
MIN 0 OR BELOW: 0 1.00 INCH OR MORE: 0
[HDD (BASE 65) ]
TOTAL THIS MO. 113 CLEAR (SCALE 0-3) 12
DPTR FM NORMAL -127 PTCLDY (SCALE 4-7) 7
TOTAL FM JUL 1 234 CLOUDY (SCALE 8-10) 12
DPTR FM NORMAL -117
[CDD (BASE 65) ]
TOTAL THIS MO. 45
DPTR FM NORMAL -3 [PRESSURE DATA]
TOTAL FM JAN 1 3835 HIGHEST SLP M ON M
DPTR FM NORMAL 71 LOWEST SLP 29.76 ON 8
[REMARKS]
#FINAL-12-23#