000
CXUS54 KCRP 011300
CF6ALI
PRELIMINARY LOCAL CLIMATOLOGICAL DATA (WS FORM: F-6)
STATION: ALICE
MONTH: FEBRUARY
YEAR: 2020
LATITUDE: 27 44 N
LONGITUDE: 98 1 W
TEMPERATURE IN F: :PCPN: SNOW: WIND :SUNSHINE: SKY :PK WND
================================================================================
1 2 3 4 5 6A 6B 7 8 9 10 11 12 13 14 15 16 17 18
12Z AVG MX 2MIN
DY MAX MIN AVG DEP HDD CDD WTR SNW DPTH SPD SPD DIR MIN PSBL S-S WX SPD DR
================================================================================
1 72 44 58 0 7 0 0.00 0.0 0 7.7 14 300 M M 0 19 320
2 81 41 61 3 4 0 0.00 0.0 0 10.7 18 200 M M 0 23 210
3 78 59 69 10 0 4 0.00 0.0 0 15.4 28 150 M M 2 36 170
4 85 61 73 14 0 8 0.00 0.0 0 7.0 21 180 M M 0 1 27 180
5 66 45 56 -3 9 0 T M 0 15.8 25 360 M M 9 1 33 360
6 64 36 50 -9 15 0 0.00 0.0 0 12.3 24 310 M M 3 31 310
7 81 37 59 -1 6 0 0.00 0.0 0 9.3 23 190 M M 0 28 190
8 81 48 65 5 0 0 0.00 0.0 0 11.3 26 140 M M 6 12 33 140
9 84 67 76 16 0 11 0.01 0.0 0 14.2 26 130 M M 9 33 130
10 90 69 80 20 0 15 0.00 0.0 0 10.4 22 190 M M 6 1 27 200
11 72 49 61 1 4 0 0.10 M 0 13.2 18 20 M M 10 1 22 20
12 58 47 53 -8 12 0 T M 0 7.5 17 330 M M 8 1 22 340
13 68 44 56 -5 9 0 0.00 0.0 0 10.9 21 40 M M 1 25 360
14 64 37 51 -10 14 0 0.00 0.0 0 8.3 15 60 M M 0 19 120
15 73 45 59 -2 6 0 0.00 0.0 0 7.3 15 130 M M 5 20 160
16 83 61 72 10 0 7 0.00 0.0 0 5.2 17 150 M M 9 12 20 150
17 91 68 80 18 0 15 T 0.0 0 10.4 24 160 M M 5 1 30 150
18 81 57 69 7 0 4 0.08 0.0 0 11.5 24 20 M M 9 18 31 20
19 57 53 55 -7 10 0 T 0.0 0 10.4 16 20 M M 10 1 19 20
20 54 48 51 -11 14 0 0.09 M 0 14.5 23 360 M M 10 1 29 360
21 61 45 53 -10 12 0 0.00 0.0 0 10.3 20 20 M M 6 25 30
22 68 40 54 -9 11 0 0.00 0.0 0 6.7 18 130 M M 5 22 130
23 78 59 69 6 0 4 0.00 0.0 0 11.4 23 160 M M 7 29 160
24 83 57 70 7 0 5 0.00 0.0 0 6.0 18 340 M M 5 24 340
25 86 54 70 7 0 5 0.00 0.0 0 8.7 29 10 M M 1 36 30
26 62 41 52 -12 13 0 0.00 0.0 0 16.5 30 340 M M 4 37 360
27 67 30 49 -15 16 0 0.00 0.0 0 4.4 15 130 M M 0 18 150
28 77 38 58 -6 7 0 0.00 0.0 0 6.9 15 170 M M 0 18 160
29 79 40 60 -4 5 0 T M 0 12.9 29 140 M M 0 36 140
================================================================================
SM 2144 1420 174 78 0.28 0.0 297.1 M 130
================================================================================
AV 73.9 49.0 10.2 FASTST M M 4 MAX(MPH)
MISC ----> # 30 340 # 37 360
================================================================================
NOTES:
# LAST OF SEVERAL OCCURRENCES
COLUMN 17 PEAK WIND IN M.P.H.
PRELIMINARY LOCAL CLIMATOLOGICAL DATA (WS FORM: F-6) , PAGE 2
STATION: ALICE
MONTH: FEBRUARY
YEAR: 2020
LATITUDE: 27 44 N
LONGITUDE: 98 1 W
[TEMPERATURE DATA] [PRECIPITATION DATA] SYMBOLS USED IN COLUMN 16
AVERAGE MONTHLY: 61.5 TOTAL FOR MONTH: 0.28 1 = FOG OR MIST
DPTR FM NORMAL: 0.2 DPTR FM NORMAL: -1.36 2 = FOG REDUCING VISIBILITY
HIGHEST: 91 ON 17 GRTST 24HR 0.10 ON 11-11 TO 1/4 MILE OR LESS
LOWEST: 30 ON 27 3 = THUNDER
SNOW, ICE PELLETS, HAIL 4 = ICE PELLETS
TOTAL MONTH: 0.0 INCH 5 = HAIL
GRTST 24HR 0.0 6 = FREEZING RAIN OR DRIZZLE
GRTST DEPTH: 0 7 = DUSTSTORM OR SANDSTORM:
VSBY 1/2 MILE OR LESS
8 = SMOKE OR HAZE
[NO. OF DAYS WITH] [WEATHER - DAYS WITH] 9 = BLOWING SNOW
X = TORNADO
MAX 32 OR BELOW: 0 0.01 INCH OR MORE: 4
MAX 90 OR ABOVE: 2 0.10 INCH OR MORE: 1
MIN 32 OR BELOW: 1 0.50 INCH OR MORE: 0
MIN 0 OR BELOW: 0 1.00 INCH OR MORE: 0
[HDD (BASE 65) ]
TOTAL THIS MO. 174 CLEAR (SCALE 0-3) 12
DPTR FM NORMAL 9 PTCLDY (SCALE 4-7) 10
TOTAL FM JUL 1 631 CLOUDY (SCALE 8-10) 7
DPTR FM NORMAL -177
[CDD (BASE 65) ]
TOTAL THIS MO. 78
DPTR FM NORMAL 19 [PRESSURE DATA]
TOTAL FM JAN 1 163 HIGHEST SLP 30.68 ON 21
DPTR FM NORMAL 74 LOWEST SLP 29.65 ON 4
[REMARKS]
#FINAL-02-20#