000
CXUS54 KEPZ 011030
CF6ALM
PRELIMINARY LOCAL CLIMATOLOGICAL DATA (WS FORM: F-6)
STATION: ALAMOGORDO
MONTH: JUNE
YEAR: 2021
LATITUDE: 32 49 N
LONGITUDE: 106 0 W
TEMPERATURE IN F: :PCPN: SNOW: WIND :SUNSHINE: SKY :PK WND
================================================================================
1 2 3 4 5 6A 6B 7 8 9 10 11 12 13 14 15 16 17 18
12Z AVG MX 2MIN
DY MAX MIN AVG DEP HDD CDD WTR SNW DPTH SPD SPD DIR MIN PSBL S-S WX SPD DR
================================================================================
1 84 54 69 M 0 4 0.00 M M 6.0 14 330 M M 0 22 150
2 91 55 73 M 0 8 0.00 M M 6.7 30 310 M M 1 40 310
3 82 61 72 M 0 7 0.00 M M 7.9 18 150 M M 3 24 150
4 84 61 73 M 0 8 0.00 M M 7.0 14 160 M M 1 17 170
5 95 55 75 M 0 10 T M M 5.6 18 100 M M 1 30 290
6 99 61 80 M 0 15 0.00 M M 5.8 15 310 M M 0 20 0
7 97 66 82 M 0 17 0.00 M M 7.6 14 250 M M 0 23 220
8 95 64 80 M 0 15 0.00 M M 9.7 17 180 M M 0 22 210
9 100 68 84 M 0 19 0.00 M M 6.2 10 240 M M 0 20 240
10 104 59 82 M 0 17 0.00 M M 6.9 15 260 M M 0 22 240
11 102 61 82 M 0 17 0.00 M M 4.3 9 240 M M 0 18 240
12 104 64 84 M 0 19 0.00 M M 9.5 23 120 M M 0 31 120
13 102 68 85 M 0 20 0.00 M M 8.2 21 190 M M 0 30 190
14 102 68 85 M 0 20 0.00 M M 7.0 23 100 M M 0 27 120
15 99 70 85 M 0 20 0.00 M M 8.4 17 170 M M 0 29 210
16 100 64 82 M 0 17 0.00 M M 10.0 23 190 M M 0 8 30 190
17 97 73 85 M 0 20 0.00 M M 11.8 17 170 M M 0 25 170
18 99 64 82 M 0 17 0.00 M M 6.8 12 150 M M 0 20 99
19 100 66 83 M 0 18 0.00 M M 7.0 13 150 M M 0 22 160
20 106 77 92 M 0 27 T M M 7.8 22 310 M M 0 38 36 310
21 102 72 87 M 0 22 0.00 M M 10.5 20 350 M M 0 30 320
22 97 66 82 M 0 17 0.00 M M 5.7 14 220 M M 0 20 220
23 100 70 85 M 0 20 0.00 M M 6.7 14 210 M M 0 24 210
24 100 73 87 M 0 22 0.00 M M 6.3 15 250 M M 1 20 220
25 100 70 85 M 0 20 0.00 M M 9.2 20 240 M M 0 29 240
26 97 64 81 M 0 16 0.00 M M 6.5 20 60 M M 0 27 60
27 88 61 75 M 0 10 0.66 M M 8.6 27 320 M M 4 138 33 320
28 66 61 64 M 1 0 0.35 M M 3.5 13 160 M M 8 1 M M
29 73 63 68 M 0 3 0.22 M M 3.2 9 340 M M 8 18 M M
30 79 64 72 M 0 7 0.22 M M 3.6 10 50 M M 7 18 17 330
================================================================================
SM 2844 1943 1 452 1.45 M 214.0 M 34
================================================================================
AV 94.8 64.8 7.1 FASTST M M 1 MAX(MPH)
MISC ----> 30 310 40 310
================================================================================
NOTES:
# LAST OF SEVERAL OCCURRENCES
COLUMN 17 PEAK WIND IN M.P.H.
PRELIMINARY LOCAL CLIMATOLOGICAL DATA (WS FORM: F-6) , PAGE 2
STATION: ALAMOGORDO
MONTH: JUNE
YEAR: 2021
LATITUDE: 32 49 N
LONGITUDE: 106 0 W
[TEMPERATURE DATA] [PRECIPITATION DATA] SYMBOLS USED IN COLUMN 16
AVERAGE MONTHLY: 79.8 TOTAL FOR MONTH: 1.45 1 = FOG OR MIST
DPTR FM NORMAL: 0.0 DPTR FM NORMAL: M 2 = FOG REDUCING VISIBILITY
HIGHEST: 106 ON 20 GRTST 24HR 0.66 ON 27-27 TO 1/4 MILE OR LESS
LOWEST: 54 ON 1 3 = THUNDER
SNOW, ICE PELLETS, HAIL 4 = ICE PELLETS
TOTAL MONTH: M 5 = HAIL
GRTST 24HR M ON M 6 = FREEZING RAIN OR DRIZZLE
GRTST DEPTH: M ON M 7 = DUSTSTORM OR SANDSTORM:
VSBY 1/2 MILE OR LESS
8 = SMOKE OR HAZE
[NO. OF DAYS WITH] [WEATHER - DAYS WITH] 9 = BLOWING SNOW
X = TORNADO
MAX 32 OR BELOW: 0 0.01 INCH OR MORE: 4
MAX 90 OR ABOVE: 23 0.10 INCH OR MORE: 4
MIN 32 OR BELOW: 0 0.50 INCH OR MORE: 1
MIN 0 OR BELOW: 0 1.00 INCH OR MORE: 0
[HDD (BASE 65) ]
TOTAL THIS MO. 1 CLEAR (SCALE 0-3) 26
DPTR FM NORMAL M PTCLDY (SCALE 4-7) 4
TOTAL FM JUL 1 2846 CLOUDY (SCALE 8-10) 0
DPTR FM NORMAL M
[CDD (BASE 65) ]
TOTAL THIS MO. 452
DPTR FM NORMAL M [PRESSURE DATA]
TOTAL FM JAN 1 699 HIGHEST SLP M ON M
DPTR FM NORMAL M LOWEST SLP M ON M
[REMARKS]
#FINAL-06-21#