000
CXUS53 KDMX 011046
CF6AMW
PRELIMINARY LOCAL CLIMATOLOGICAL DATA (WS FORM: F-6)
STATION: AMES IA
MONTH: JULY
YEAR: 2021
LATITUDE: 41 59 N
LONGITUDE: 93 37 W
TEMPERATURE IN F: :PCPN: SNOW: WIND :SUNSHINE: SKY :PK WND
================================================================================
1 2 3 4 5 6A 6B 7 8 9 10 11 12 13 14 15 16 17 18
12Z AVG MX 2MIN
DY MAX MIN AVG DEP HDD CDD WTR SNW DPTH SPD SPD DIR MIN PSBL S-S WX SPD DR
================================================================================
1 89 64 77 4 0 12 0.00 0.0 0 6.0 15 20 M M 1 21 40
2 89 63 76 3 0 11 0.00 0.0 0 4.3 15 20 M M 4 21 40
3 88 60 74 1 0 9 T 0.0 0 2.5 10 210 M M 0 15 220
4 90 64 77 4 0 12 0.00 0.0 0 9.0 17 230 M M 0 18 27 200
5 92 67 80 7 0 15 0.00 0.0 0 10.3 21 220 M M 2 18 25 220
6 91 69 80 7 0 15 0.00 0.0 0 8.7 18 220 M M 2 26 180
7 76 60 68 -5 0 3 0.08 0.0 0 8.7 21 350 M M 7 1 27 350
8 76 58 67 -6 0 2 T 0.0 0 5.0 10 20 M M 5 8 16 40
9 79 63 71 -3 0 6 1.45 0.0 0 8.6 23 180 M M 7 13 35 190
10 76 65 71 -3 0 6 0.50 0.0 0 8.6 39 180 M M 10 13 50 180
11 80 61 71 -3 0 6 0.00 0.0 0 10.0 20 40 M M 4 27 20
12 77 56 67 -7 0 2 0.00 0.0 0 4.0 13 50 M M 5 18 60
13 82 59 71 -3 0 6 T 0.0 0 4.9 14 170 M M 2 1 18 180
14 87 67 77 3 0 12 0.68 0.0 0 8.1 26 180 M M 5 138 43 210
15 81 63 72 -2 0 7 0.00 0.0 0 5.4 14 30 M M 4 1 18 50
16 82 60 71 -3 0 6 0.00 0.0 0 1.9 8 70 M M 1 18 13 50
17 82 58 70 -4 0 5 0.00 0.0 0 3.8 12 160 M M 3 128 16 160
18 84 60 72 -2 0 7 0.00 0.0 0 3.1 9 110 M M 1 18 14 110
19 85 61 73 -1 0 8 0.00 0.0 0 3.4 9 350 M M 2 1 12 120
20 86 59 73 -1 0 8 0.00 0.0 0 3.5 12 320 M M 1 16 300
21 86 61 74 1 0 9 0.00 0.0 0 3.3 10 270 M M 0 1 15 270
22 86 63 75 2 0 10 0.00 0.0 0 6.2 17 210 M M 1 18 23 230
23 90 63 77 4 0 12 0.00 0.0 0 7.7 16 210 M M 0 18 22 210
24 93 66 80 7 0 15 0.00 0.0 0 6.7 15 360 M M 2 20 350
25 88 60 74 1 0 9 0.00 0.0 0 3.1 9 210 M M 0 1 12 230
26 89 60 75 2 0 10 0.00 0.0 0 4.1 13 230 M M 0 1 18 190
27 93 58 76 3 0 11 0.00 0.0 0 6.8 16 180 M M 0 1 21 170
28 94 73 84 11 0 19 0.00 0.0 0 6.9 14 260 M M 0 17 260
29 93 71 82 9 0 17 0.00 0.0 0 8.5 15 10 M M 3 8 21 10
30 79 61 70 -3 0 5 0.36 0.0 0 6.4 14 40 M M 7 18 19 40
31 81 66 74 1 0 9 0.55 0.0 0 7.0 14 330 M M 6 18 19 330
================================================================================
SM 2644 1939 0 284 3.62 0.0 186.5 M 85
================================================================================
AV 85.3 62.5 6.0 FASTST M M 3 MAX(MPH)
MISC ----> 39 180 50 180
================================================================================
NOTES:
# LAST OF SEVERAL OCCURRENCES
COLUMN 17 PEAK WIND IN M.P.H.
PRELIMINARY LOCAL CLIMATOLOGICAL DATA (WS FORM: F-6) , PAGE 2
STATION: AMES IA
MONTH: JULY
YEAR: 2021
LATITUDE: 41 59 N
LONGITUDE: 93 37 W
[TEMPERATURE DATA] [PRECIPITATION DATA] SYMBOLS USED IN COLUMN 16
AVERAGE MONTHLY: 73.9 TOTAL FOR MONTH: 3.62 1 = FOG OR MIST
DPTR FM NORMAL: 0.6 DPTR FM NORMAL: -0.82 2 = FOG REDUCING VISIBILITY
HIGHEST: 94 ON 28 GRTST 24HR 1.45 ON 9- 9 TO 1/4 MILE OR LESS
LOWEST: 56 ON 12 3 = THUNDER
SNOW, ICE PELLETS, HAIL 4 = ICE PELLETS
TOTAL MONTH: 0.0 INCH 5 = HAIL
GRTST 24HR 0.0 6 = FREEZING RAIN OR DRIZZLE
GRTST DEPTH: 0 7 = DUSTSTORM OR SANDSTORM:
VSBY 1/2 MILE OR LESS
8 = SMOKE OR HAZE
[NO. OF DAYS WITH] [WEATHER - DAYS WITH] 9 = BLOWING SNOW
X = TORNADO
MAX 32 OR BELOW: 0 0.01 INCH OR MORE: 6
MAX 90 OR ABOVE: 8 0.10 INCH OR MORE: 5
MIN 32 OR BELOW: 0 0.50 INCH OR MORE: 4
MIN 0 OR BELOW: 0 1.00 INCH OR MORE: 1
[HDD (BASE 65) ]
TOTAL THIS MO. 0 CLEAR (SCALE 0-3) 20
DPTR FM NORMAL -4 PTCLDY (SCALE 4-7) 10
TOTAL FM JUL 1 0 CLOUDY (SCALE 8-10) 1
DPTR FM NORMAL 0
[CDD (BASE 65) ]
TOTAL THIS MO. 284
DPTR FM NORMAL 21 [PRESSURE DATA]
TOTAL FM JAN 1 677 HIGHEST SLP 30.21 ON 18
DPTR FM NORMAL 171 LOWEST SLP 29.66 ON 10
[REMARKS]
#FINAL-07-21#