000
CXAK56 PAFC 011033
CF6ANC
PRELIMINARY LOCAL CLIMATOLOGICAL DATA (WS FORM: F-6)
STATION: ANCHORAGE AK
MONTH: JANUARY
YEAR: 2023
LATITUDE: 61 10 N
LONGITUDE: 150 2 W
TEMPERATURE IN F: :PCPN: SNOW: WIND :SUNSHINE: SKY :PK WND
================================================================================
1 2 3 4 5 6A 6B 7 8 9 10 11 12 13 14 15 16 17 18
12Z AVG MX 2MIN
DY MAX MIN AVG DEP HDD CDD WTR SNW DPTH SPD SPD DIR MIN PSBL S-S WX SPD DR
================================================================================
1 35 22 29 12 36 0 0.14 0.5 24 6.4 24 360 M M 10 1 31 360
2 37 24 31 14 34 0 0.00 0.0 24 5.8 24 160 M M 8 30 160
3 38 21 30 13 35 0 0.00 0.0 24 5.5 20 160 M M 8 27 170
4 31 22 27 10 38 0 0.00 0.0 23 4.3 18 360 M M 7 23 350
5 27 9 18 1 47 0 0.00 0.0 23 3.0 9 340 M M 5 11 340
6 18 5 12 -4 53 0 0.00 0.0 22 1.2 6 80 M M 4 12 9 150
7 13 -2 6 -10 59 0 0.00 0.0 22 3.6 10 20 M M 1 14 10
8 17 -1 8 -8 57 0 0.05 0.9 22 4.2 12 30 M M 8 12 15 30
9 23 13 18 2 47 0 T T 23 7.2 15 60 M M 7 1 18 160
10 28 21 25 9 40 0 T T 23 3.4 10 340 M M 10 12 340
11 30 18 24 8 41 0 T 0.0 23 3.5 14 40 M M 8 1 16 50
12 27 17 22 6 43 0 0.00 0.0 23 3.5 9 360 M M 8 1 12 360
13 24 16 20 4 45 0 0.00 0.0 23 6.3 10 50 M M 8 14 100
14 26 19 23 7 42 0 0.09 0.9 22 5.1 10 50 M M 6 1 17 160
15 27 22 25 9 40 0 T T 23 4.2 9 40 M M 8 12 40
16 27 23 25 9 40 0 0.00 0.0 23 2.9 8 10 M M 9 10 10
17 29 12 21 5 44 0 0.00 0.0 23 3.3 13 40 M M 6 17 50
18 19 8 14 -2 51 0 0.00 0.0 22 3.3 8 340 M M 7 12 M M
19 27 16 22 6 43 0 0.08 1.5 22 4.7 12 50 M M 9 1 22 160
20 31 26 29 12 36 0 0.12 1.3 25 7.9 18 10 M M 10 1 24 20
21 33 12 23 6 42 0 T 0.2 26 7.6 15 20 M M 6 1 20 40
22 23 16 20 3 45 0 0.00 0.0 25 7.8 16 20 M M 8 19 20
23 33 21 27 10 38 0 0.07 1.1 25 2.4 8 30 M M 10 1 13 30
24 42 29 36 19 29 0 0.03 T 26 13.9 25 160 M M 8 6 38 170
25 40 30 35 18 30 0 T T 23 7.1 17 200 M M 9 1 28 170
26 40 30 35 17 30 0 T T 22 8.7 22 210 M M 9 37 200
27 31 26 29 11 36 0 0.00 0.0 21 3.6 10 360 M M 9 13 20
28 30 21 26 8 39 0 0.00 0.0 21 1.3 7 40 M M 8 9 360
29 29 19 24 6 41 0 0.01 T 21 2.4 8 30 M M 8 1 10 60
30 31 28 30 12 35 0 0.00 0.0 21 2.1 7 40 M M 10 12 9 20
31 31 24 28 9 37 0 T T 21 1.6 7 50 M M 10 12 8 40
================================================================================
SM 897 567 1273 0 0.59 6.4 147.8 M 242
================================================================================
AV 28.9 18.3 4.8 FASTST M M 8 MAX(MPH)
MISC ----> 25 160 38 170
================================================================================
NOTES:
# LAST OF SEVERAL OCCURRENCES
COLUMN 17 PEAK WIND IN M.P.H.
PRELIMINARY LOCAL CLIMATOLOGICAL DATA (WS FORM: F-6) , PAGE 2
STATION: ANCHORAGE AK
MONTH: JANUARY
YEAR: 2023
LATITUDE: 61 10 N
LONGITUDE: 150 2 W
[TEMPERATURE DATA] [PRECIPITATION DATA] SYMBOLS USED IN COLUMN 16
AVERAGE MONTHLY: 23.6 TOTAL FOR MONTH: 0.59 1 = FOG OR MIST
DPTR FM NORMAL: 6.7 DPTR FM NORMAL: -0.16 2 = FOG REDUCING VISIBILITY
HIGHEST: 42 ON 24 GRTST 24HR 1.18 ON 29-29 TO 1/4 MILE OR LESS
LOWEST: -2 ON 7 3 = THUNDER
SNOW, ICE PELLETS, HAIL 4 = ICE PELLETS
TOTAL MONTH: 6.4 INCHES 5 = HAIL
GRTST 24HR 1.5 ON 19-19 6 = FREEZING RAIN OR DRIZZLE
GRTST DEPTH: 26 ON 24,21 7 = DUSTSTORM OR SANDSTORM:
VSBY 1/2 MILE OR LESS
8 = SMOKE OR HAZE
[NO. OF DAYS WITH] [WEATHER - DAYS WITH] 9 = BLOWING SNOW
X = TORNADO
MAX 32 OR BELOW: 23 0.01 INCH OR MORE: 8
MAX 90 OR ABOVE: 0 0.10 INCH OR MORE: 2
MIN 32 OR BELOW: 31 0.50 INCH OR MORE: 0
MIN 0 OR BELOW: 2 1.00 INCH OR MORE: 0
[HDD (BASE 65) ]
TOTAL THIS MO. 1273 CLEAR (SCALE 0-3) 1
DPTR FM NORMAL -220 PTCLDY (SCALE 4-7) 16
TOTAL FM JUL 1 5801 CLOUDY (SCALE 8-10) 14
DPTR FM NORMAL -118
[CDD (BASE 65) ]
TOTAL THIS MO. 0
DPTR FM NORMAL 0 [PRESSURE DATA]
TOTAL FM JAN 1 0 HIGHEST SLP M ON M
DPTR FM NORMAL 0 LOWEST SLP 28.64 ON 1
[REMARKS]
#FINAL-01-23#