000
CXUS53 KIWX 010910
CF6AOH
PRELIMINARY LOCAL CLIMATOLOGICAL DATA (WS FORM: F-6)
STATION: LIMA
MONTH: DECEMBER
YEAR: 2021
LATITUDE: 40 42 N
LONGITUDE: 84 1 W
TEMPERATURE IN F: :PCPN: SNOW: WIND :SUNSHINE: SKY :PK WND
================================================================================
1 2 3 4 5 6A 6B 7 8 9 10 11 12 13 14 15 16 17 18
12Z AVG MX 2MIN
DY MAX MIN AVG DEP HDD CDD WTR SNW DPTH SPD SPD DIR MIN PSBL S-S WX SPD DR
================================================================================
1 45 27 36 0 29 0 0.04 M M 8.9 20 240 M M 6 1 25 230
2 57 37 47 11 18 0 0.00 M M 14.4 28 250 M M 3 18 37 250
3 48 35 42 6 23 0 T M M 5.0 12 50 M M 7 1 16 110
4 46 30 38 3 27 0 0.00 M M 6.0 15 300 M M 5 128 19 310
5 60 29 45 10 20 0 0.03 M M 13.1 24 200 M M 7 39 190
6 58 24 41 6 24 0 0.14 M M 21.4 38 270 M M 7 1 54 270
7 25 19 22 -12 43 0 0.00 M M 6.9 22 280 M M 4 28 270
8 35 22 29 -5 36 0 T M M 8.0 16 300 M M 7 20 280
9 45 21 33 -1 32 0 0.00 M M 9.9 23 150 M M 5 31 150
10 58 45 52 18 13 0 0.10 M M 9.4 25 170 M M 10 128 36 170
11 64 33 49 16 16 0 1.31 M M 21.0 47 260 M M 7 13 61 260
12 46 30 38 5 27 0 0.00 M M 11.4 23 230 M M 0 30 230
13 48 34 41 8 24 0 0.00 M M 10.6 20 240 M M 0 27 240
14 53 29 41 9 24 0 0.00 M M 8.6 17 150 M M 4 23 150
15 62 47 55 23 10 0 0.07 M M 14.1 23 190 M M 6 35 180
16 59 37 48 16 17 0 0.13 M M 19.4 30 200 M M 5 18 45 200
17 40 27 34 2 31 0 0.04 M M 5.7 17 260 M M 3 1 23 240
18 41 33 37 6 28 0 0.36 M M 9.7 17 330 M M 10 16 24 340
19 33 31 32 1 33 0 0.00 M M 4.9 12 190 M M 10 17 360
20 41 26 34 3 31 0 0.00 M M 8.4 18 200 M M 1 24 200
21 44 25 35 4 30 0 0.00 M M 10.2 24 270 M M 2 18 32 270
22 36 20 28 -2 37 0 T M M 13.1 29 270 M M 6 35 270
23 46 20 33 3 32 0 0.00 M M 12.0 23 160 M M 6 30 170
24 59 45 52 22 13 0 0.00 M M 12.0 21 200 M M 9 34 200
25 59 43 51 21 14 0 0.60 M M 9.8 25 230 M M 10 1 36 230
26 45 34 40 10 25 0 0.00 M M 7.8 21 100 M M 4 12 26 100
27 62 36 49 20 16 0 0.60 M M 13.2 28 280 M M 8 18 38 270
28 42 35 39 10 26 0 0.78 M M 7.9 25 100 M M 7 1 35 100
29 41 36 39 10 26 0 0.00 M M 5.9 13 290 M M 10 1 17 270
30 44 35 40 11 25 0 0.04 M M 4.2 10 90 M M 10 1 14 100
31 57 40 49 20 16 0 0.00 M M 8.2 17 140 M M 6 12 22 140
================================================================================
SM 1499 985 766 0 4.24 M 321.1 M 185
================================================================================
AV 48.4 31.8 10.4 FASTST M M 6 MAX(MPH)
MISC ----> 47 260 61 260
================================================================================
NOTES:
# LAST OF SEVERAL OCCURRENCES
COLUMN 17 PEAK WIND IN M.P.H.
PRELIMINARY LOCAL CLIMATOLOGICAL DATA (WS FORM: F-6) , PAGE 2
STATION: LIMA
MONTH: DECEMBER
YEAR: 2021
LATITUDE: 40 42 N
LONGITUDE: 84 1 W
[TEMPERATURE DATA] [PRECIPITATION DATA] SYMBOLS USED IN COLUMN 16
AVERAGE MONTHLY: 40.1 TOTAL FOR MONTH: 4.24 1 = FOG OR MIST
DPTR FM NORMAL: 8.0 DPTR FM NORMAL: 1.97 2 = FOG REDUCING VISIBILITY
HIGHEST: 64 ON 11 GRTST 24HR 1.41 ON 10-11 TO 1/4 MILE OR LESS
LOWEST: 19 ON 7 3 = THUNDER
SNOW, ICE PELLETS, HAIL 4 = ICE PELLETS
TOTAL MONTH: M 5 = HAIL
GRTST 24HR M ON M 6 = FREEZING RAIN OR DRIZZLE
GRTST DEPTH: M ON M 7 = DUSTSTORM OR SANDSTORM:
VSBY 1/2 MILE OR LESS
8 = SMOKE OR HAZE
[NO. OF DAYS WITH] [WEATHER - DAYS WITH] 9 = BLOWING SNOW
X = TORNADO
MAX 32 OR BELOW: 1 0.01 INCH OR MORE: 13
MAX 90 OR ABOVE: 0 0.10 INCH OR MORE: 8
MIN 32 OR BELOW: 15 0.50 INCH OR MORE: 4
MIN 0 OR BELOW: 0 1.00 INCH OR MORE: 1
[HDD (BASE 65) ]
TOTAL THIS MO. 766 CLEAR (SCALE 0-3) 4
DPTR FM NORMAL -254 PTCLDY (SCALE 4-7) 19
TOTAL FM JUL 1 1715 CLOUDY (SCALE 8-10) 8
DPTR FM NORMAL -462
[CDD (BASE 65) ]
TOTAL THIS MO. 0
DPTR FM NORMAL 0 [PRESSURE DATA]
TOTAL FM JAN 1 1133 HIGHEST SLP M ON M
DPTR FM NORMAL 287 LOWEST SLP 29.35 ON 11
[REMARKS]
#FINAL-12-21#