000
CXUS53 KIWX 010910
CF6AOH
PRELIMINARY LOCAL CLIMATOLOGICAL DATA (WS FORM: F-6)
STATION: LIMA
MONTH: DECEMBER
YEAR: 2020
LATITUDE: 40 42 N
LONGITUDE: 84 1 W
TEMPERATURE IN F: :PCPN: SNOW: WIND :SUNSHINE: SKY :PK WND
================================================================================
1 2 3 4 5 6A 6B 7 8 9 10 11 12 13 14 15 16 17 18
12Z AVG MX 2MIN
DY MAX MIN AVG DEP HDD CDD WTR SNW DPTH SPD SPD DIR MIN PSBL S-S WX SPD DR
================================================================================
1 32 28 30 -6 35 0 0.04 M M 13.2 24 270 M M 10 1 33 260
2 38 25 32 -3 33 0 0.00 M M 10.9 17 270 M M 0 26 270
3 38 26 32 -3 33 0 0.00 M M 10.5 17 200 M M 3 24 200
4 47 33 40 6 25 0 0.00 M M 10.2 21 240 M M 4 27 230
5 35 26 31 -3 34 0 0.00 M M 5.8 13 360 M M 6 1 17 340
6 34 24 29 -5 36 0 0.00 M M 3.7 14 10 M M 5 17 10
7 33 27 30 -3 35 0 0.00 M M 6.2 10 330 M M 10 15 340
8 35 25 30 -3 35 0 0.00 M M 9.5 16 200 M M 8 27 220
9 50 33 42 10 23 0 0.00 M M 11.5 20 250 M M 3 18 25 230
10 53 26 40 8 25 0 0.00 0.0 0 6.3 14 160 M M 0 18 18 170
11 61 41 51 19 14 0 0.00 M M 9.4 15 210 M M 0 21 210
12 57 41 49 18 16 0 0.18 M M 16.4 33 240 M M 9 1 45 240
13 41 35 38 7 27 0 0.00 M M 6.7 20 260 M M 10 27 260
14 36 24 30 -1 35 0 0.00 M M 8.3 20 300 M M 8 29 310
15 32 21 27 -3 38 0 0.00 M M 7.8 15 50 M M 0 21 50
16 30 26 28 -2 37 0 0.06 M M 7.8 16 80 M M 8 18 21 80
17 29 26 28 -2 37 0 0.01 M M 5.3 9 330 M M 10 18 14 300
18 34 23 29 -1 36 0 0.00 M M 6.6 13 170 M M 5 18 17 170
19 39 28 34 5 31 0 0.01 M M 11.6 17 190 M M 6 1 26 190
20 39 34 37 8 28 0 T M M 9.2 17 260 M M 7 128 22 240
21 42 34 38 9 27 0 0.01 M M 12.9 24 270 M M 7 18 37 280
22 41 31 36 7 29 0 T M M 11.0 21 280 M M 7 33 260
23 53 33 43 15 22 0 0.12 M M 17.6 26 180 M M 4 40 210
24 50 16 33 5 32 0 0.01 M M 16.2 28 260 M M 10 16 40 190
25 19 14 17 -11 48 0 0.01 M M 16.9 28 240 M M 10 36 250
26 33 16 25 -3 40 0 T M M 10.9 29 230 M M 3 37 240
27 49 17 33 5 32 0 0.04 M M 13.0 24 210 M M 2 38 200
28 46 25 36 8 29 0 0.06 M M 14.6 31 250 M M 10 18 45 250
29 35 19 27 0 38 0 T M M 6.6 18 140 M M 2 26 120
30 47 30 39 12 26 0 0.40 M M 16.2 24 200 M M 8 1 38 220
31 31 27 29 2 36 0 0.00 M M 6.2 15 300 M M 10 18 22 300
================================================================================
SM 1239 834 972 0 0.95 0.0 319.0 M 185
================================================================================
AV 40.0 26.9 10.3 FASTST M M 6 MAX(MPH)
MISC ----> 33 240 # 45 240
================================================================================
NOTES:
# LAST OF SEVERAL OCCURRENCES
COLUMN 17 PEAK WIND IN M.P.H.
PRELIMINARY LOCAL CLIMATOLOGICAL DATA (WS FORM: F-6) , PAGE 2
STATION: LIMA
MONTH: DECEMBER
YEAR: 2020
LATITUDE: 40 42 N
LONGITUDE: 84 1 W
[TEMPERATURE DATA] [PRECIPITATION DATA] SYMBOLS USED IN COLUMN 16
AVERAGE MONTHLY: 33.4 TOTAL FOR MONTH: 0.95 1 = FOG OR MIST
DPTR FM NORMAL: 2.8 DPTR FM NORMAL: -1.57 2 = FOG REDUCING VISIBILITY
HIGHEST: 61 ON 11 GRTST 24HR 0.40 ON 30-30 TO 1/4 MILE OR LESS
LOWEST: 14 ON 25 3 = THUNDER
SNOW, ICE PELLETS, HAIL 4 = ICE PELLETS
TOTAL MONTH: 0.0 INCH 5 = HAIL
GRTST 24HR 0.0 6 = FREEZING RAIN OR DRIZZLE
GRTST DEPTH: 0 7 = DUSTSTORM OR SANDSTORM:
VSBY 1/2 MILE OR LESS
8 = SMOKE OR HAZE
[NO. OF DAYS WITH] [WEATHER - DAYS WITH] 9 = BLOWING SNOW
X = TORNADO
MAX 32 OR BELOW: 6 0.01 INCH OR MORE: 12
MAX 90 OR ABOVE: 0 0.10 INCH OR MORE: 3
MIN 32 OR BELOW: 23 0.50 INCH OR MORE: 0
MIN 0 OR BELOW: 0 1.00 INCH OR MORE: 0
[HDD (BASE 65) ]
TOTAL THIS MO. 972 CLEAR (SCALE 0-3) 7
DPTR FM NORMAL -94 PTCLDY (SCALE 4-7) 14
TOTAL FM JUL 1 1858 CLOUDY (SCALE 8-10) 10
DPTR FM NORMAL -374
[CDD (BASE 65) ]
TOTAL THIS MO. 0
DPTR FM NORMAL 0 [PRESSURE DATA]
TOTAL FM JAN 1 985 HIGHEST SLP 30.61 ON 29
DPTR FM NORMAL 159 LOWEST SLP 29.59 ON 24
[REMARKS]
#FINAL-12-20#