000
CXUS51 KCTP 010800
CF6AOO
PRELIMINARY LOCAL CLIMATOLOGICAL DATA (WS FORM: F-6)
STATION: ALTOONA
MONTH: MAY
YEAR: 2023
LATITUDE: 40 17 N
LONGITUDE: 78 19 W
TEMPERATURE IN F: :PCPN: SNOW: WIND :SUNSHINE: SKY :PK WND
================================================================================
1 2 3 4 5 6A 6B 7 8 9 10 11 12 13 14 15 16 17 18
12Z AVG MX 2MIN
DY MAX MIN AVG DEP HDD CDD WTR SNW DPTH SPD SPD DIR MIN PSBL S-S WX SPD DR
================================================================================
1 52 39 46 -10 19 0 0.17 M M 13.5 29 270 M M 9 1 37 280
2 45 37 41 -15 24 0 0.08 M M 11.0 20 270 M M 10 26 270
3 47 37 42 -15 23 0 0.16 M M 8.5 22 280 M M 10 1 28 280
4 56 41 49 -8 16 0 0.14 M M 6.0 20 350 M M 10 1 25 350
5 63 37 50 -7 15 0 T M M 2.3 10 50 M M 5 12 14 40
6 71 38 55 -3 10 0 0.00 M M 2.0 8 120 M M 0 1 12 220
7 68 50 59 1 6 0 0.11 M M 3.7 14 250 M M 8 18 19 260
8 72 58 65 7 0 0 0.00 M M 6.3 15 340 M M 6 19 310
9 73 50 62 4 3 0 0.03 M M 4.2 15 40 M M 6 20 50
10 70 41 56 -3 9 0 0.00 M M 2.9 9 210 M M 0 15 90
11 80 44 62 3 3 0 0.00 M M 2.2 9 80 M M 0 13 70
12 84 50 67 8 0 2 0.00 M M 1.5 9 10 M M 0 8 11 10
13 69 55 62 2 3 0 0.26 M M 2.9 10 210 M M 7 12 12 210
14 75 52 64 4 1 0 0.00 M M 5.2 14 20 M M 3 12 25 360
15 77 44 61 1 4 0 0.00 M M 3.2 13 30 M M 0 16 30
16 76 48 62 2 3 0 0.00 M M 7.4 17 290 M M 0 24 290
17 68 45 57 -4 8 0 0.00 M M 9.1 18 300 M M 1 26 300
18 66 37 52 -9 13 0 0.00 M M 8.1 17 160 M M 0 23 170
19 73 50 62 1 3 0 0.00 M M 11.3 23 160 M M 2 29 150
20 70 52 61 0 4 0 0.14 M M 8.9 16 310 M M 5 1 23 310
21 74 49 62 0 3 0 0.00 M M 8.6 18 310 M M 2 26 330
22 76 48 62 0 3 0 0.00 M M 2.4 13 190 M M 2 16 150
23 75 49 62 0 3 0 0.00 M M 4.6 15 150 M M 2 18 18 150
24 78 48 63 1 2 0 0.00 M M 7.3 21 40 M M 2 1 27 30
25 67 41 54 -9 11 0 0.00 M M 7.4 17 20 M M 0 8 24 30
26 72 40 56 -7 9 0 0.00 M M 3.5 13 30 M M 0 8 20 30
27 77 43 60 -3 5 0 0.00 M M 4.1 14 100 M M 0 23 90
28 76 47 62 -2 3 0 0.00 M M 3.0 13 80 M M 0 17 90
29 84 56 70 6 0 5 T M M 5.7 16 110 M M 4 8 24 120
30 81 55 68 4 0 3 0.00 M M 6.9 16 120 M M 0 23 130
31 81 49 65 1 0 0 0.00 M M 4.1 14 80 M M 0 18 120
================================================================================
SM 2196 1430 206 10 1.09 M 177.8 M 94
================================================================================
AV 70.8 46.1 5.7 FASTST M M 3 MAX(MPH)
MISC ----> 29 270 37 280
================================================================================
NOTES:
# LAST OF SEVERAL OCCURRENCES
COLUMN 17 PEAK WIND IN M.P.H.
PRELIMINARY LOCAL CLIMATOLOGICAL DATA (WS FORM: F-6) , PAGE 2
STATION: ALTOONA
MONTH: MAY
YEAR: 2023
LATITUDE: 40 17 N
LONGITUDE: 78 19 W
[TEMPERATURE DATA] [PRECIPITATION DATA] SYMBOLS USED IN COLUMN 16
AVERAGE MONTHLY: 58.5 TOTAL FOR MONTH: 1.09 1 = FOG OR MIST
DPTR FM NORMAL: -1.8 DPTR FM NORMAL: -2.63 2 = FOG REDUCING VISIBILITY
HIGHEST: 84 ON 29,12 GRTST 24HR 0.26 ON 13-13 TO 1/4 MILE OR LESS
LOWEST: 37 ON 18, 5 3 = THUNDER
SNOW, ICE PELLETS, HAIL 4 = ICE PELLETS
TOTAL MONTH: M 5 = HAIL
GRTST 24HR M ON M 6 = FREEZING RAIN OR DRIZZLE
GRTST DEPTH: M ON M 7 = DUSTSTORM OR SANDSTORM:
VSBY 1/2 MILE OR LESS
8 = SMOKE OR HAZE
[NO. OF DAYS WITH] [WEATHER - DAYS WITH] 9 = BLOWING SNOW
X = TORNADO
MAX 32 OR BELOW: 0 0.01 INCH OR MORE: 8
MAX 90 OR ABOVE: 0 0.10 INCH OR MORE: 6
MIN 32 OR BELOW: 0 0.50 INCH OR MORE: 0
MIN 0 OR BELOW: 0 1.00 INCH OR MORE: 0
[HDD (BASE 65) ]
TOTAL THIS MO. 206 CLEAR (SCALE 0-3) 20
DPTR FM NORMAL 13 PTCLDY (SCALE 4-7) 7
TOTAL FM JUL 1 5143 CLOUDY (SCALE 8-10) 4
DPTR FM NORMAL -583
[CDD (BASE 65) ]
TOTAL THIS MO. 10
DPTR FM NORMAL -37 [PRESSURE DATA]
TOTAL FM JAN 1 28 HIGHEST SLP 30.35 ON 27
DPTR FM NORMAL -27 LOWEST SLP 29.30 ON 1
[REMARKS]
#FINAL-05-23#