000
CXUS51 KCTP 010900
CF6AOO
PRELIMINARY LOCAL CLIMATOLOGICAL DATA (WS FORM: F-6)
STATION: ALTOONA
MONTH: DECEMBER
YEAR: 2022
LATITUDE: 40 17 N
LONGITUDE: 78 19 W
TEMPERATURE IN F: :PCPN: SNOW: WIND :SUNSHINE: SKY :PK WND
================================================================================
1 2 3 4 5 6A 6B 7 8 9 10 11 12 13 14 15 16 17 18
12Z AVG MX 2MIN
DY MAX MIN AVG DEP HDD CDD WTR SNW DPTH SPD SPD DIR MIN PSBL S-S WX SPD DR
================================================================================
1 34 20 27 -10 38 0 0.00 M M 12.7 30 290 M M 5 45 300
2 43 19 31 -6 34 0 0.00 M M 4.2 13 170 M M 5 17 170
3 59 35 47 11 18 0 0.33 M M 13.4 31 260 M M 8 1 41 260
4 39 26 33 -3 32 0 0.00 M M 6.6 18 280 M M 0 21 290
5 45 20 33 -3 32 0 0.00 M M 4.6 16 160 M M 0 20 160
6 43 34 39 3 26 0 0.12 0.0 0 2.2 14 160 M M 10 18 17 170
7 63 42 53 18 12 0 0.17 0.0 0 5.3 16 290 M M 9 1 21 280
8 50 36 43 8 22 0 0.00 0.0 0 5.9 15 10 M M 9 19 320
9 42 27 35 0 30 0 0.00 0.0 0 4.6 9 80 M M 0 1 12 90
10 36 25 31 -3 34 0 T 0.0 0 3.6 8 160 M M 8 11 150
11 39 34 37 3 28 0 0.04 M M 6.2 14 330 M M 10 1 18 320
12 36 32 34 0 31 0 T M M 8.4 20 340 M M 10 24 340
13 37 20 29 -5 36 0 0.00 M M 2.8 10 20 M M 2 8 14 40
14 33 18 26 -7 39 0 0.00 M M 2.5 8 10 M M 1 8 10 360
15 34 30 32 -1 33 0 0.99 M M 6.3 15 140 M M 10 1246 19 150
16 40 31 36 3 29 0 0.05 M M 3.5 15 270 M M 9 124 20 290
17 34 29 32 -1 33 0 T M M 9.2 18 280 M M 9 1 23 250
18 29 25 27 -5 38 0 T M M 12.3 25 270 M M 10 1 32 280
19 27 24 26 -6 39 0 T M M 10.9 21 280 M M 10 29 290
20 31 20 26 -6 39 0 0.00 M M 3.5 15 340 M M 6 18 18 350
21 40 16 28 -4 37 0 0.00 M M 1.6 7 190 M M 0 18 9 180
22 34 29 32 0 33 0 1.48 M M 4.4 13 170 M M 7 1268 17 180
23 34 -3 16 -15 49 0 0.21 M M 20.3 38 260 M M 10 128 50 270
24 11 -3 4 -27 61 0 T M M 18.6 37 260 M M 10 8 45 260
25 16 11 14 -17 51 0 T M M 14.9 23 260 M M 10 8 28 260
26 22 10 16 -15 49 0 T M M 8.1 18 260 M M 7 23 270
27 31 22 27 -4 38 0 0.00 M M 6.3 13 230 M M 10 15 240
28 43 20 32 2 33 0 0.00 M M 3.4 10 210 M M 1 1 12 220
29 50 22 36 6 29 0 0.00 M M 4.4 14 200 M M 2 16 200
30 56 40 48 18 17 0 0.00 M M 1.3 9 180 M M 7 12 170
31 51 40 46 16 19 0 0.06 M M 3.9 13 280 M M 8 128 17 270
================================================================================
SM 1182 751 1039 0 3.45 0.0 215.9 M 203
================================================================================
AV 38.1 24.2 7.0 FASTST M M 7 MAX(MPH)
MISC ----> 38 260 50 270
================================================================================
NOTES:
# LAST OF SEVERAL OCCURRENCES
COLUMN 17 PEAK WIND IN M.P.H.
PRELIMINARY LOCAL CLIMATOLOGICAL DATA (WS FORM: F-6) , PAGE 2
STATION: ALTOONA
MONTH: DECEMBER
YEAR: 2022
LATITUDE: 40 17 N
LONGITUDE: 78 19 W
[TEMPERATURE DATA] [PRECIPITATION DATA] SYMBOLS USED IN COLUMN 16
AVERAGE MONTHLY: 31.2 TOTAL FOR MONTH: 3.45 1 = FOG OR MIST
DPTR FM NORMAL: -1.9 DPTR FM NORMAL: 0.88 2 = FOG REDUCING VISIBILITY
HIGHEST: 63 ON 7 GRTST 24HR 1.67 ON 22-23 TO 1/4 MILE OR LESS
LOWEST: -3 ON 24,23 3 = THUNDER
SNOW, ICE PELLETS, HAIL 4 = ICE PELLETS
TOTAL MONTH: 0.0 INCH 5 = HAIL
GRTST 24HR 0.0 6 = FREEZING RAIN OR DRIZZLE
GRTST DEPTH: 0 7 = DUSTSTORM OR SANDSTORM:
VSBY 1/2 MILE OR LESS
8 = SMOKE OR HAZE
[NO. OF DAYS WITH] [WEATHER - DAYS WITH] 9 = BLOWING SNOW
X = TORNADO
MAX 32 OR BELOW: 7 0.01 INCH OR MORE: 9
MAX 90 OR ABOVE: 0 0.10 INCH OR MORE: 6
MIN 32 OR BELOW: 24 0.50 INCH OR MORE: 2
MIN 0 OR BELOW: 2 1.00 INCH OR MORE: 1
[HDD (BASE 65) ]
TOTAL THIS MO. 1039 CLEAR (SCALE 0-3) 8
DPTR FM NORMAL 49 PTCLDY (SCALE 4-7) 9
TOTAL FM JUL 1 2204 CLOUDY (SCALE 8-10) 14
DPTR FM NORMAL 25
[CDD (BASE 65) ]
TOTAL THIS MO. 0
DPTR FM NORMAL 0 [PRESSURE DATA]
TOTAL FM JAN 1 773 HIGHEST SLP 30.52 ON 1
DPTR FM NORMAL 81 LOWEST SLP 29.13 ON 23
[REMARKS]
#FINAL-12-22#