000
CXUS56 KMTR 010900
CF6APC
PRELIMINARY LOCAL CLIMATOLOGICAL DATA (WS FORM: F-6)
STATION: NAPA AIRPORT
MONTH: MARCH
YEAR: 2022
LATITUDE: 38 13 N
LONGITUDE: 122 17 W
TEMPERATURE IN F: :PCPN: SNOW: WIND :SUNSHINE: SKY :PK WND
================================================================================
1 2 3 4 5 6A 6B 7 8 9 10 11 12 13 14 15 16 17 18
12Z AVG MX 2MIN
DY MAX MIN AVG DEP HDD CDD WTR SNW DPTH SPD SPD DIR MIN PSBL S-S WX SPD DR
================================================================================
1 68 38 53 1 12 0 0.00 M M 4.6 10 240 M M 0 1 16 250
2 66 42 54 2 11 0 0.00 M M 4.9 17 280 M M 3 12 20 280
3 57 44 51 -1 14 0 0.03 M M 2.5 10 270 M M 7 1 13 270
4 63 41 52 0 13 0 0.03 M M 12.5 33 270 M M 6 1 42 280
5 58 32 45 -7 20 0 0.00 M M 4.6 16 270 M M 2 19 270
6 61 29 45 -7 20 0 0.00 M M 4.1 15 200 M M 0 18 200
7 70 30 50 -2 15 0 0.00 M M 8.3 21 360 M M 0 25 20
8 72 34 53 1 12 0 0.00 M M 5.1 13 210 M M 0 16 190
9 69 34 52 0 13 0 0.00 M M 5.0 20 260 M M 0 24 260
10 69 36 53 0 12 0 0.00 M M 8.3 25 350 M M 0 32 10
11 70 33 52 -1 13 0 0.00 M M 3.9 14 270 M M 0 16 270
12 63 32 48 -5 17 0 0.00 M M 7.9 23 280 M M 3 27 270
13 63 42 53 0 12 0 T M M 8.3 20 210 M M 3 35 260
14 67 35 51 -2 14 0 0.00 M M 4.9 18 200 M M 1 1 21 200
15 66 45 56 3 9 0 0.14 M M 9.1 17 270 M M 6 1 22 260
16 67 38 53 0 12 0 0.00 M M 4.5 15 200 M M 0 1 17 200
17 62 41 52 -1 13 0 0.00 M M 5.3 21 210 M M 1 25 210
18 67 36 52 -1 13 0 0.00 M M 5.4 15 240 M M 0 17 270
19 59 41 50 -3 15 0 0.01 M M 9.2 21 290 M M 6 26 290
20 69 36 53 0 12 0 0.00 M M 6.2 22 260 M M 0 26 270
21 73 37 55 2 10 0 0.00 M M 4.4 15 200 M M 0 1 17 200
22 87 53 70 17 0 5 0.00 M M 7.3 16 20 M M 0 20 350
23 68 46 57 4 8 0 0.00 M M 6.9 15 210 M M 2 1 16 210
24 67 42 55 2 10 0 0.00 M M 4.8 16 190 M M 1 1 19 190
25 65 42 54 0 11 0 0.00 M M 7.0 13 200 M M 5 1 15 200
26 69 38 54 0 11 0 0.00 M M 7.1 22 260 M M 0 12 25 260
27 61 47 54 0 11 0 0.15 M M 8.1 22 220 M M 6 1 28 220
28 62 44 53 -1 12 0 0.22 M M 6.6 20 280 M M 7 12 23 290
29 64 42 53 -1 12 0 0.00 M M 7.2 16 240 M M 5 12 19 250
30 62 44 53 -1 12 0 0.00 M M 7.6 15 190 M M 5 18 210
31 65 39 52 -2 13 0 0.00 M M 4.9 17 200 M M 1 12 20 200
================================================================================
SM 2049 1213 382 5 0.58 M 196.5 M 70
================================================================================
AV 66.1 39.1 6.3 FASTST M M 2 MAX(MPH)
MISC ----> 33 270 42 280
================================================================================
NOTES:
# LAST OF SEVERAL OCCURRENCES
COLUMN 17 PEAK WIND IN M.P.H.
PRELIMINARY LOCAL CLIMATOLOGICAL DATA (WS FORM: F-6) , PAGE 2
STATION: NAPA AIRPORT
MONTH: MARCH
YEAR: 2022
LATITUDE: 38 13 N
LONGITUDE: 122 17 W
[TEMPERATURE DATA] [PRECIPITATION DATA] SYMBOLS USED IN COLUMN 16
AVERAGE MONTHLY: 52.6 TOTAL FOR MONTH: 0.58 1 = FOG OR MIST
DPTR FM NORMAL: -0.4 DPTR FM NORMAL: -2.43 2 = FOG REDUCING VISIBILITY
HIGHEST: 87 ON 22 GRTST 24HR 0.37 ON 27-28 TO 1/4 MILE OR LESS
LOWEST: 29 ON 6 3 = THUNDER
SNOW, ICE PELLETS, HAIL 4 = ICE PELLETS
TOTAL MONTH: M 5 = HAIL
GRTST 24HR M ON M 6 = FREEZING RAIN OR DRIZZLE
GRTST DEPTH: M ON M 7 = DUSTSTORM OR SANDSTORM:
VSBY 1/2 MILE OR LESS
8 = SMOKE OR HAZE
[NO. OF DAYS WITH] [WEATHER - DAYS WITH] 9 = BLOWING SNOW
X = TORNADO
MAX 32 OR BELOW: 0 0.01 INCH OR MORE: 6
MAX 90 OR ABOVE: 0 0.10 INCH OR MORE: 3
MIN 32 OR BELOW: 4 0.50 INCH OR MORE: 0
MIN 0 OR BELOW: 0 1.00 INCH OR MORE: 0
[HDD (BASE 65) ]
TOTAL THIS MO. 382 CLEAR (SCALE 0-3) 21
DPTR FM NORMAL 8 PTCLDY (SCALE 4-7) 10
TOTAL FM JUL 1 2454 CLOUDY (SCALE 8-10) 0
DPTR FM NORMAL -15
[CDD (BASE 65) ]
TOTAL THIS MO. 5
DPTR FM NORMAL 5 [PRESSURE DATA]
TOTAL FM JAN 1 5 HIGHEST SLP M ON M
DPTR FM NORMAL 5 LOWEST SLP 29.63 ON 27
[REMARKS]
#FINAL-03-22#