000
CXUS53 KAPX 010730
CF6APX
PRELIMINARY LOCAL CLIMATOLOGICAL DATA (WS FORM: F-6)
STATION: GAYLORD WFO
MONTH: MAY
YEAR: 2021
LATITUDE: 45 4 N
LONGITUDE: 84 43 W
TEMPERATURE IN F: :PCPN: SNOW: WIND :SUNSHINE: SKY :PK WND
================================================================================
1 2 3 4 5 6A 6B 7 8 9 10 11 12 13 14 15 16 17 18
12Z AVG MX 2MIN
DY MAX MIN AVG DEP HDD CDD WTR SNW DPTH SPD SPD DIR MIN PSBL S-S WX SPD DR
================================================================================
1 67 29 48 0 17 0 T 0.0 0 M M M M M M M M
2 68 46 57 9 8 0 0.70 0.0 0 M M M M M M M M
3 50 44 47 -2 18 0 1.18 0.0 0 M M M M M M 1 M M
4 47 37 42 -7 23 0 0.23 0.0 0 M M M M M M M M
5 48 33 41 -9 24 0 0.02 0.0 0 M M M M M M M M
6 48 30 39 -11 26 0 0.07 0.0 0 M M M M M M M M
7 37 31 34 -16 31 0 0.30 0.4 0 M M M M M M M M
8 50 30 40 -11 25 0 0.00 0.0 0 M M M M M M M M
9 51 31 41 -10 24 0 0.00 0.0 0 M M M M M M M M
10 47 31 39 -13 26 0 0.00 0.0 0 M M M M M M M M
11 50 31 41 -11 24 0 0.01 T 0 M M M M M M M M
12 59 35 47 -5 18 0 0.00 0.0 0 M M M M M M M M
13 67 36 52 -1 13 0 0.00 0.0 0 M M M M M M M M
14 68 42 55 2 10 0 0.00 0.0 0 M M M M M M M M
15 68 45 57 3 8 0 T 0.0 0 M M M M M M M M
16 64 47 56 2 9 0 T 0.0 0 M M M M M M M M
17 77 47 62 8 3 0 0.00 0.0 0 M M M M M M M M
18 80 51 66 11 0 1 0.00 0.0 0 M M M M M M M M
19 78 56 67 12 0 2 0.05 0.0 0 M M M M M M M M
20 82 61 72 16 0 7 T 0.0 0 M M M M M M M M
21 84 63 74 18 0 9 T 0.0 0 M M M M M M M M
22 78 63 71 15 0 6 0.08 0.0 0 M M M M M M M M
23 67 51 59 2 6 0 T 0.0 0 M M M M M M M M
24 79 50 65 8 0 0 0.00 0.0 0 M M M M M M M M
25 84 60 72 15 0 7 0.10 0.0 0 M M M M M M 3 M M
26 66 37 52 -6 13 0 0.14 0.0 0 M M M M M M M M
27 52 35 44 -14 21 0 0.07 T 0 M M M M M M M M
28 52 36 44 -14 21 0 0.04 T 0 M M M M M M M M
29 64 35 50 -9 15 0 0.00 0.0 0 M M M M M M M M
30 69 36 53 -6 12 0 0.00 0.0 0 M M M M M M M M
31 69 43 56 -3 9 0 0.00 0.0 0 M M M M M M M M
================================================================================
SM 1970 1302 404 32 2.99 0.4 M M M
================================================================================
AV 63.5 42.0 M FASTST M M M MAX(MPH)
MISC ----> M M M M
================================================================================
NOTES:
# LAST OF SEVERAL OCCURRENCES
COLUMN 17 PEAK WIND IN M.P.H.
PRELIMINARY LOCAL CLIMATOLOGICAL DATA (WS FORM: F-6) , PAGE 2
STATION: GAYLORD WFO
MONTH: MAY
YEAR: 2021
LATITUDE: 45 4 N
LONGITUDE: 84 43 W
[TEMPERATURE DATA] [PRECIPITATION DATA] SYMBOLS USED IN COLUMN 16
AVERAGE MONTHLY: 52.8 TOTAL FOR MONTH: 2.99 1 = FOG OR MIST
DPTR FM NORMAL: -1.1 DPTR FM NORMAL: -0.30 2 = FOG REDUCING VISIBILITY
HIGHEST: 84 ON 25,21 GRTST 24HR 1.18 ON 3- 3 TO 1/4 MILE OR LESS
LOWEST: 29 ON 1 3 = THUNDER
SNOW, ICE PELLETS, HAIL 4 = ICE PELLETS
TOTAL MONTH: 0.4 INCH 5 = HAIL
GRTST 24HR 0.4 ON 7- 7 6 = FREEZING RAIN OR DRIZZLE
GRTST DEPTH: 0 7 = DUSTSTORM OR SANDSTORM:
VSBY 1/2 MILE OR LESS
8 = SMOKE OR HAZE
[NO. OF DAYS WITH] [WEATHER - DAYS WITH] 9 = BLOWING SNOW
X = TORNADO
MAX 32 OR BELOW: 0 0.01 INCH OR MORE: 13
MAX 90 OR ABOVE: 0 0.10 INCH OR MORE: 6
MIN 32 OR BELOW: 7 0.50 INCH OR MORE: 2
MIN 0 OR BELOW: 0 1.00 INCH OR MORE: 1
[HDD (BASE 65) ]
TOTAL THIS MO. 404 CLEAR (SCALE 0-3) 0
DPTR FM NORMAL 40 PTCLDY (SCALE 4-7) 0
TOTAL FM JUL 1 7467 CLOUDY (SCALE 8-10) 31
DPTR FM NORMAL -570
[CDD (BASE 65) ]
TOTAL THIS MO. 32
DPTR FM NORMAL 14 [PRESSURE DATA]
TOTAL FM JAN 1 32 HIGHEST SLP M ON M
DPTR FM NORMAL 12 LOWEST SLP M ON M
[REMARKS]
#FINAL-05-21#