000
CXUS54 KLCH 011333
CF6ARA
PRELIMINARY LOCAL CLIMATOLOGICAL DATA (WS FORM: F-6)
STATION: NEW IBERIA
MONTH: MAY
YEAR: 2021
LATITUDE: 30 1 N
LONGITUDE: 91 53 W
TEMPERATURE IN F: :PCPN: SNOW: WIND :SUNSHINE: SKY :PK WND
================================================================================
1 2 3 4 5 6A 6B 7 8 9 10 11 12 13 14 15 16 17 18
12Z AVG MX 2MIN
DY MAX MIN AVG DEP HDD CDD WTR SNW DPTH SPD SPD DIR MIN PSBL S-S WX SPD DR
================================================================================
1 82 67 75 3 0 10 T 0.0 M 10.4 21 140 M M 5 26 140
2 81 67 74 1 0 9 1.22 0.0 M 12.2 23 200 M M 8 13 31 170
3 85 77 81 8 0 16 T 0.0 M 14.2 21 180 M M 10 28 180
4 85 72 79 6 0 14 T 0.0 M 9.1 23 210 M M 10 13 32 210
5 79 64 72 -1 0 7 0.00 0.0 M 10.7 18 360 M M 7 3 24 360
6 83 60 72 -2 0 7 0.00 0.0 M 8.7 16 40 M M 0 22 60
7 86 57 72 -2 0 7 0.00 0.0 M 4.2 13 20 M M 0 18 16 350
8 84 60 72 -2 0 7 0.00 0.0 M 9.0 18 180 M M 0 25 170
9 84 71 78 4 0 13 0.07 0.0 M 13.0 22 190 M M 6 13 29 180
10 86 69 78 3 0 13 1.73 0.0 M 6.9 21 350 M M 6 13 27 350
11 84 68 76 1 0 11 6.08 0.0 M 10.2 25 50 M M 8 13 33 50
12 78 68 73 -2 0 8 0.32 0.0 M 9.7 16 40 M M 9 1 23 20
13 78 64 71 -5 0 6 0.00 0.0 M 9.8 18 30 M M 8 24 20
14 81 61 71 -5 0 6 0.00 0.0 M 6.2 13 30 M M 1 17 50
15 83 62 73 -3 0 8 0.00 0.0 M 7.0 15 180 M M 2 22 150
16 83 69 76 0 0 11 0.00 0.0 M 10.9 18 130 M M 2 26 140
17 78 68 73 -3 0 8 4.34 M M 11.7 23 30 M M 9 13 33 150
18 75 67 71 -6 0 6 0.18 M M 8.6 18 260 M M 6 1 26 260
19 84 66 75 -2 0 10 0.48 0.0 0 11.0 24 130 M M 7 13 36 130
20 81 69 75 -2 0 10 2.58 M M 13.3 22 100 M M 8 13 28 100
21 79 73 76 -2 0 11 0.47 M M 14.5 23 110 M M 9 1 34 100
22 87 69 78 0 0 13 T 0.0 0 11.5 21 120 M M 4 29 120
23 85 67 76 -2 0 11 0.00 0.0 M 8.4 17 110 M M 2 21 110
24 85 69 77 -1 0 12 T 0.0 M 6.1 14 190 M M 3 19 200
25 85 68 77 -1 0 12 0.00 0.0 M 9.0 18 180 M M 3 26 170
26 88 69 79 0 0 14 0.00 0.0 M 4.7 13 210 M M 2 1 17 190
27 87 70 79 0 0 14 0.00 0.0 M 6.1 15 210 M M 3 12 20 170
28 85 69 77 -2 0 12 0.12 M M 5.2 35 330 M M 2 1 51 300
29 81 67 74 -5 0 9 0.02 M M 4.1 12 30 M M 2 13 16 30
30 84 63 74 -5 0 9 0.00 0.0 M 9.5 18 50 M M 1 24 50
31 87 65 76 -4 0 11 T M M 7.0 14 190 M M 1 20 210
================================================================================
SM 2573 2075 0 315 17.61 0.0 282.9 M 144
================================================================================
AV 83.0 66.9 9.1 FASTST M M 5 MAX(MPH)
MISC ----> 35 330 51 300
================================================================================
NOTES:
# LAST OF SEVERAL OCCURRENCES
COLUMN 17 PEAK WIND IN M.P.H.
PRELIMINARY LOCAL CLIMATOLOGICAL DATA (WS FORM: F-6) , PAGE 2
STATION: NEW IBERIA
MONTH: MAY
YEAR: 2021
LATITUDE: 30 1 N
LONGITUDE: 91 53 W
[TEMPERATURE DATA] [PRECIPITATION DATA] SYMBOLS USED IN COLUMN 16
AVERAGE MONTHLY: 75.0 TOTAL FOR MONTH: 17.61 1 = FOG OR MIST
DPTR FM NORMAL: -1.1 DPTR FM NORMAL: 13.22 2 = FOG REDUCING VISIBILITY
HIGHEST: 88 ON 26 GRTST 24HR 6.27 ON 11-12 TO 1/4 MILE OR LESS
LOWEST: 57 ON 7 3 = THUNDER
SNOW, ICE PELLETS, HAIL 4 = ICE PELLETS
TOTAL MONTH: 0.0 INCH 5 = HAIL
GRTST 24HR 0.0 6 = FREEZING RAIN OR DRIZZLE
GRTST DEPTH: 0 7 = DUSTSTORM OR SANDSTORM:
VSBY 1/2 MILE OR LESS
8 = SMOKE OR HAZE
[NO. OF DAYS WITH] [WEATHER - DAYS WITH] 9 = BLOWING SNOW
X = TORNADO
MAX 32 OR BELOW: 0 0.01 INCH OR MORE: 12
MAX 90 OR ABOVE: 0 0.10 INCH OR MORE: 10
MIN 32 OR BELOW: 0 0.50 INCH OR MORE: 5
MIN 0 OR BELOW: 0 1.00 INCH OR MORE: 5
[HDD (BASE 65) ]
TOTAL THIS MO. 0 CLEAR (SCALE 0-3) 14
DPTR FM NORMAL -2 PTCLDY (SCALE 4-7) 12
TOTAL FM JUL 1 1423 CLOUDY (SCALE 8-10) 5
DPTR FM NORMAL 62
[CDD (BASE 65) ]
TOTAL THIS MO. 315
DPTR FM NORMAL -32 [PRESSURE DATA]
TOTAL FM JAN 1 584 HIGHEST SLP 30.24 ON 22
DPTR FM NORMAL -21 LOWEST SLP 29.68 ON 3
[REMARKS]
#FINAL-05-21#