000
CXUS54 KHGX 152048
CF6ARM
PRELIMINARY LOCAL CLIMATOLOGICAL DATA (WS FORM: F-6)
STATION: Wharton
MONTH: SEPTEMBER
YEAR: 2023
LATITUDE: 29 15 N
LONGITUDE: 96 9 W
TEMPERATURE IN F: :PCPN: SNOW: WIND :SUNSHINE: SKY :PK WND
================================================================================
1 2 3 4 5 6A 6B 7 8 9 10 11 12 13 14 15 16 17 18
12Z AVG MX 2MIN
DY MAX MIN AVG DEP HDD CDD WTR SNW DPTH SPD SPD DIR MIN PSBL S-S WX SPD DR
================================================================================
1 101 70 86 M 0 21 0.00 0.0 0 4.5 14 150 M M 1 17 150
2 100 72 86 M 0 21 M 0.0 0 4.8 13 140 M M 2 25 100
3 101 73 87 M 0 22 M 0.0 0 5.1 16 160 M M 2 22 190
4 98 74 86 M 0 21 0.01 0.0 0 7.5 20 180 M M 3 1 25 150
5 100 77 89 M 0 24 M 0.0 0 9.5 17 190 M M 2 23 180
6 103 74 89 M 0 24 M 0.0 0 4.6 18 160 M M 2 1 20 160
7 103 75 89 M 0 24 0.01 0.0 0 4.7 14 170 M M 1 22 230
8 105 77 91 M 0 26 0.05 0.0 0 7.2 24 120 M M 1 33 120
9 103 78 91 M 0 26 M 0.0 0 6.0 14 160 M M 2 23 160
10 98 73 86 M 0 21 M 0.0 0 5.2 9 350 M M 2 16 80
11 98 68 83 M 0 18 M 0.0 0 4.2 15 160 M M 0 17 160
12 100 70 85 M 0 20 0.00 0.0 0 4.1 13 150 M M 1 21 180
13 97 73 85 M 0 20 M 0.0 M 4.3 14 360 M M 2 21 360
14 89 74 82 M 0 17 0.03 0.0 M 4.2 12 120 M M 4 9 0
15 96 73 85 M 0 20 0.01 0.0 0 5.3 17 320 M M 5 1 30 180
16 90 71 81 M 0 16 0.03 0.0 0 3.7 18 360 M M 3 52 0
17 93 71 82 M 0 17 0.00 0.0 0 3.3 7 40 M M 4 1 M M
18 95 70 83 M 0 18 0.00 0.0 0 2.6 12 160 M M 2 1 M M
19 95 66 81 M 0 16 0.00 0.0 0 4.6 14 170 M M 2 18 90
20 98 70 84 M 0 19 0.00 0.0 0 5.8 14 130 M M 2 21 140
21 99 74 87 M 0 22 0.00 0.0 0 5.6 16 160 M M 2 21 160
22 96 73 85 M 0 20 0.01 0.0 0 6.7 15 190 M M 1 20 190
23 99 76 88 M 0 23 0.00 0.0 0 6.9 16 180 M M 3 22 190
24 98 74 86 M 0 21 M 0.0 0 8.5 16 150 M M 2 22 150
25 95 72 84 M 0 19 0.03 0.0 0 6.9 14 360 M M 4 32 360
26 93 71 82 M 0 17 M 0.0 M 2.3 14 160 M M 2 1 M M
27 95 74 85 M 0 20 0.01 0.0 M 2.1 10 180 M M 2 1 17 0
28 95 73 84 M 0 19 0.00 0.0 0 3.7 13 170 M M 1 18 20 50
29 92 77 85 M 0 20 M 0.0 0 6.2 14 90 M M 1 18 25 90
30 95 76 86 M 0 21 0.00 0.0 0 5.6 13 90 M M 1 23 50
================================================================================
SM 2920 2189 0 613 0.19 0.0 155.7 M 62
================================================================================
AV 97.3 73.0 5.2 FASTST M M 2 MAX(MPH)
MISC ----> 24 120 52 0
================================================================================
NOTES:
# LAST OF SEVERAL OCCURRENCES
COLUMN 17 PEAK WIND IN M.P.H.
PRELIMINARY LOCAL CLIMATOLOGICAL DATA (WS FORM: F-6) , PAGE 2
STATION: Wharton
MONTH: SEPTEMBER
YEAR: 2023
LATITUDE: 29 15 N
LONGITUDE: 96 9 W
[TEMPERATURE DATA] [PRECIPITATION DATA] SYMBOLS USED IN COLUMN 16
AVERAGE MONTHLY: 85.2 TOTAL FOR MONTH: 0.19 1 = FOG OR MIST
DPTR FM NORMAL: 0.0 DPTR FM NORMAL: M 2 = FOG REDUCING VISIBILITY
HIGHEST: 105 ON 8 GRTST 24HR 0.05 ON 8- 8 TO 1/4 MILE OR LESS
LOWEST: 66 ON 19 3 = THUNDER
SNOW, ICE PELLETS, HAIL 4 = ICE PELLETS
TOTAL MONTH: 0.0 INCH 5 = HAIL
GRTST 24HR 0.0 6 = FREEZING RAIN OR DRIZZLE
GRTST DEPTH: 0 7 = DUSTSTORM OR SANDSTORM:
VSBY 1/2 MILE OR LESS
8 = SMOKE OR HAZE
[NO. OF DAYS WITH] [WEATHER - DAYS WITH] 9 = BLOWING SNOW
X = TORNADO
MAX 32 OR BELOW: 0 0.01 INCH OR MORE: 9
MAX 90 OR ABOVE: 29 0.10 INCH OR MORE: 0
MIN 32 OR BELOW: 0 0.50 INCH OR MORE: 0
MIN 0 OR BELOW: 0 1.00 INCH OR MORE: 0
[HDD (BASE 65) ]
TOTAL THIS MO. 0 CLEAR (SCALE 0-3) 26
DPTR FM NORMAL M PTCLDY (SCALE 4-7) 4
TOTAL FM JUL 1 0 CLOUDY (SCALE 8-10) 0
DPTR FM NORMAL M
[CDD (BASE 65) ]
TOTAL THIS MO. 613
DPTR FM NORMAL M [PRESSURE DATA]
TOTAL FM JAN 1 3332 HIGHEST SLP M ON M
DPTR FM NORMAL M LOWEST SLP M ON M
[REMARKS]
#FINAL-09-23#