732
CXUS51 KBUF 010905
CF6ART
PRELIMINARY LOCAL CLIMATOLOGICAL DATA (WS FORM: F-6)
STATION: WATERTOWN NY
MONTH: NOVEMBER
YEAR: 2020
LATITUDE: 43 59 N
LONGITUDE: 76 2 W
TEMPERATURE IN F: :PCPN: SNOW: WIND :SUNSHINE: SKY :PK WND
================================================================================
1 2 3 4 5 6A 6B 7 8 9 10 11 12 13 14 15 16 17 18
12Z AVG MX 2MIN
DY MAX MIN AVG DEP HDD CDD WTR SNW DPTH SPD SPD DIR MIN PSBL S-S WX SPD DR
================================================================================
1 50 36 43 0 22 0 0.26 M M 15.1 29 270 M M 6 1 40 270
2 46 29 38 -5 27 0 0.02 M M 18.6 37 280 M M 8 1 49 260
3 45 29 37 -6 28 0 T M M 7.6 28 280 M M 7 38 290
4 66 29 48 6 17 0 0.00 M M 9.3 18 170 M M 1 8 27 170
5 69 49 59 17 6 0 0.00 M M 8.6 22 210 M M 0 28 200
6 64 55 60 18 5 0 0.00 M M 11.4 22 220 M M 0 30 220
7 66 52 59 18 6 0 0.00 M M 8.8 21 220 M M 0 27 220
8 66 37 52 11 13 0 0.00 M M 3.2 12 270 M M 0 14 220
9 69 34 52 11 13 0 0.00 M M 4.0 10 280 M M 0 8 12 280
10 76 58 67 27 0 2 0.00 M M 8.1 15 170 M M 1 22 170
11 68 44 56 16 9 0 0.45 M M 11.8 22 260 M M 7 1 32 270
12 47 26 37 -3 28 0 0.00 M M 3.6 12 320 M M 2 14 330
13 46 23 35 -4 30 0 0.00 M M 6.9 17 220 M M 5 25 220
14 45 24 35 -4 30 0 0.00 M M 8.7 21 290 M M 5 28 300
15 51 26 39 0 26 0 0.19 M M 16.1 36 230 M M 7 1 52 220
16 46 39 43 5 22 0 0.11 M M 22.7 35 260 M M 9 3 49 260
17 40 21 31 -7 34 0 T M M 10.7 20 290 M M 9 28 280
18 28 16 22 -16 43 0 0.00 M M 4.9 15 360 M M 9 18 360
19 56 27 42 5 23 0 0.00 M M 11.6 21 170 M M 2 8 34 190
20 63 48 56 19 9 0 0.00 M M 14.3 23 220 M M 7 33 210
21 48 32 40 4 25 0 0.00 M M 7.7 17 280 M M 6 25 290
22 49 29 39 3 26 0 0.27 M M 7.3 21 160 M M 9 1 37 150
23 50 31 41 5 24 0 0.22 M M 8.2 25 260 M M 10 1 34 260
24 35 22 29 -6 36 0 0.00 M M 6.9 18 30 M M 5 23 30
25 48 27 38 3 27 0 0.23 M M 7.1 16 190 M M 9 1 25 160
26 56 44 50 16 15 0 0.12 M M 8.0 18 230 M M 10 1 27 230
27 48 43 46 12 19 0 T M M 5.2 13 260 M M 10 1 21 220
28 45 40 43 9 22 0 0.11 M M 9.8 20 260 M M 7 1 26 260
29 48 36 42 9 23 0 0.00 M M 8.4 17 230 M M 5 22 230
30 50 42 46 13 19 0 0.48 M M 7.3 21 50 M M 7 1 27 50
================================================================================
SM 1584 1048 627 2 2.46 M 281.9 M 163
================================================================================
AV 52.8 34.9 9.4 FASTST M M 5 MAX(MPH)
MISC ----> # 37 280 # 52 220
================================================================================
NOTES:
# LAST OF SEVERAL OCCURRENCES
COLUMN 17 PEAK WIND IN M.P.H.
PRELIMINARY LOCAL CLIMATOLOGICAL DATA (WS FORM: F-6) , PAGE 2
STATION: WATERTOWN NY
MONTH: NOVEMBER
YEAR: 2020
LATITUDE: 43 59 N
LONGITUDE: 76 2 W
[TEMPERATURE DATA] [PRECIPITATION DATA] SYMBOLS USED IN COLUMN 16
AVERAGE MONTHLY: 43.9 TOTAL FOR MONTH: 2.46 1 = FOG OR MIST
DPTR FM NORMAL: 5.6 DPTR FM NORMAL: -1.30 2 = FOG REDUCING VISIBILITY
HIGHEST: 76 ON 10 GRTST 24HR 0.48 ON 30-30 TO 1/4 MILE OR LESS
LOWEST: 16 ON 18 3 = THUNDER
SNOW, ICE PELLETS, HAIL 4 = ICE PELLETS
TOTAL MONTH: M 5 = HAIL
GRTST 24HR M ON M 6 = FREEZING RAIN OR DRIZZLE
GRTST DEPTH: M ON M 7 = DUSTSTORM OR SANDSTORM:
VSBY 1/2 MILE OR LESS
8 = SMOKE OR HAZE
[NO. OF DAYS WITH] [WEATHER - DAYS WITH] 9 = BLOWING SNOW
X = TORNADO
MAX 32 OR BELOW: 1 0.01 INCH OR MORE: 11
MAX 90 OR ABOVE: 0 0.10 INCH OR MORE: 10
MIN 32 OR BELOW: 15 0.50 INCH OR MORE: 0
MIN 0 OR BELOW: 0 1.00 INCH OR MORE: 0
[HDD (BASE 65) ]
TOTAL THIS MO. 627 CLEAR (SCALE 0-3) 9
DPTR FM NORMAL -176 PTCLDY (SCALE 4-7) 12
TOTAL FM JUL 1 1369 CLOUDY (SCALE 8-10) 9
DPTR FM NORMAL -230
[CDD (BASE 65) ]
TOTAL THIS MO. 2
DPTR FM NORMAL 2 [PRESSURE DATA]
TOTAL FM JAN 1 647 HIGHEST SLP 30.56 ON 18
DPTR FM NORMAL 285 LOWEST SLP 29.31 ON 30
[REMARKS]
#FINAL-11-20#