000
CXUS53 KARX 011326
CF6ARX
PRELIMINARY LOCAL CLIMATOLOGICAL DATA (WS FORM: F-6)
STATION: LA CROSSE WEATHER OFFICE WI
MONTH: JANUARY
YEAR: 2023
LATITUDE: 43 49 N
LONGITUDE: 91 12 W
TEMPERATURE IN F: :PCPN: SNOW: WIND :SUNSHINE: SKY :PK WND
================================================================================
1 2 3 4 5 6A 6B 7 8 9 10 11 12 13 14 15 16 17 18
12Z AVG MX 2MIN
DY MAX MIN AVG DEP HDD CDD WTR SNW DPTH SPD SPD DIR MIN PSBL S-S WX SPD DR
================================================================================
1 39 28 34 16 31 0 0.00 0.0 2 M M M M M M 16 M
2 28 21 25 7 40 0 0.01 T 2 M M M M M M 46 16 M
3 33 27 30 13 35 0 0.40 0.1 2 M M M M M M 146 16 M
4 32 27 30 13 35 0 0.12 1.0 1 M M M M M M 1 8 M
5 29 22 26 9 39 0 0.06 0.6 3 M M M M M M M M
6 22 10 16 -1 49 0 T T 3 M M M M M M 1 8 M
7 24 5 15 -1 50 0 0.00 0.0 3 M M M M M M 9 M
8 18 12 15 -1 50 0 0.00 0.0 3 M M M M M M 12 15 M
9 36 15 26 10 39 0 0.00 0.0 3 M M M M M M 1 13 M
10 33 18 26 10 39 0 0.00 0.0 3 M M M M M M 1 8 M
11 37 22 30 14 35 0 T T 2 M M M M M M 14 M
12 30 23 27 11 38 0 T T 2 M M M M M M 21 M
13 23 19 21 5 44 0 0.00 0.0 2 M M M M M M M M
14 30 17 24 8 41 0 0.00 0.0 2 M M M M M M M M
15 39 27 33 18 32 0 0.00 0.0 2 M M M M M M M M
16 36 32 34 19 31 0 0.49 0.0 1 M M M M M M 10 M
17 33 29 31 16 34 0 0.01 0.1 1 M M M M M M 1 21 M
18 31 26 29 14 36 0 0.13 1.3 T M M M M M M 30 M
19 30 24 27 12 38 0 0.33 4.0 5 M M M M M M 19 M
20 24 20 22 7 43 0 0.00 0.0 6 M M M M M M 20 M
21 22 14 18 3 47 0 0.00 0.0 6 M M M M M M 11 M
22 22 17 20 5 45 0 0.00 0.0 5 M M M M M M 10 M
23 26 12 19 4 46 0 T T 5 M M M M M M 20 225
24 29 23 26 11 39 0 0.00 0.0 5 M M M M M M 15 150
25 30 23 27 11 38 0 0.07 1.2 4 M M M M M M 15 M
26 23 6 15 -1 50 0 0.04 0.9 5 M M M M M M 22 M
27 30 6 18 2 47 0 0.11 1.2 5 M M M M M M 28 M
28 12 5 9 -7 56 0 0.02 0.4 5 M M M M M M 11 M
29 7 0 4 -12 61 0 T T 5 M M M M M M 15 M
30 6 -8 -1 -17 66 0 0.00 0.0 5 M M M M M M 15 M
31 9 -11 -1 -17 66 0 0.00 0.0 5 M M M M M M 24 M
================================================================================
SM 823 511 1340 0 1.79 10.8 M M M
================================================================================
AV 26.5 16.5 M FASTST M M M MAX(MPH)
MISC ----> M M 30 9999
================================================================================
NOTES:
# LAST OF SEVERAL OCCURRENCES
COLUMN 17 PEAK WIND IN M.P.H.
PRELIMINARY LOCAL CLIMATOLOGICAL DATA (WS FORM: F-6) , PAGE 2
STATION: LA CROSSE WEATHER OFFICE WI
MONTH: JANUARY
YEAR: 2023
LATITUDE: 43 49 N
LONGITUDE: 91 12 W
[TEMPERATURE DATA] [PRECIPITATION DATA] SYMBOLS USED IN COLUMN 16
AVERAGE MONTHLY: 21.5 TOTAL FOR MONTH: 1.79 1 = FOG OR MIST
DPTR FM NORMAL: 5.5 DPTR FM NORMAL: 0.67 2 = FOG REDUCING VISIBILITY
HIGHEST: 39 ON 15, 1 GRTST 24HR 0.96 ON 2- 3 TO 1/4 MILE OR LESS
LOWEST: -11 ON 31 3 = THUNDER
SNOW, ICE PELLETS, HAIL 4 = ICE PELLETS
TOTAL MONTH: 10.8 INCHES 5 = HAIL
GRTST 24HR 4.0 ON 19-19 6 = FREEZING RAIN OR DRIZZLE
GRTST DEPTH: 6 ON 21,20 7 = DUSTSTORM OR SANDSTORM:
VSBY 1/2 MILE OR LESS
8 = SMOKE OR HAZE
[NO. OF DAYS WITH] [WEATHER - DAYS WITH] 9 = BLOWING SNOW
X = TORNADO
MAX 32 OR BELOW: 23 0.01 INCH OR MORE: 12
MAX 90 OR ABOVE: 0 0.10 INCH OR MORE: 6
MIN 32 OR BELOW: 31 0.50 INCH OR MORE: 0
MIN 0 OR BELOW: 3 1.00 INCH OR MORE: 0
[HDD (BASE 65) ]
TOTAL THIS MO. 1340 CLEAR (SCALE 0-3) 0
DPTR FM NORMAL -180 PTCLDY (SCALE 4-7) 0
TOTAL FM JUL 1 4295 CLOUDY (SCALE 8-10) 31
DPTR FM NORMAL -167
[CDD (BASE 65) ]
TOTAL THIS MO. 0
DPTR FM NORMAL 0 [PRESSURE DATA]
TOTAL FM JAN 1 0 HIGHEST SLP M ON M
DPTR FM NORMAL 0 LOWEST SLP M ON M
[REMARKS]
#FINAL-01-23#