000
CXUS55 KGJT 010910
CF6ASE
PRELIMINARY LOCAL CLIMATOLOGICAL DATA (WS FORM: F-6)
STATION: ASPEN CO
MONTH: OCTOBER
YEAR: 2021
LATITUDE: 39 13 N
LONGITUDE: 106 52 W
TEMPERATURE IN F: :PCPN: SNOW: WIND :SUNSHINE: SKY :PK WND
================================================================================
1 2 3 4 5 6A 6B 7 8 9 10 11 12 13 14 15 16 17 18
12Z AVG MX 2MIN
DY MAX MIN AVG DEP HDD CDD WTR SNW DPTH SPD SPD DIR MIN PSBL S-S WX SPD DR
================================================================================
1 63 39 51 1 14 0 0.12 M M 3.7 16 80 M M 7 3 23 80
2 64 34 49 -1 16 0 0.00 M M 5.3 13 320 M M 4 1 19 350
3 67 35 51 1 14 0 0.00 M M 6.2 12 220 M M 0 17 360
4 71 35 53 4 12 0 0.00 M M 6.4 14 360 M M 0 23 360
5 73 36 55 6 10 0 0.00 M M 4.9 12 140 M M 3 21 250
6 62 38 50 2 15 0 T M M 4.6 18 310 M M 4 26 320
7 67 32 50 2 15 0 0.00 M M 5.5 13 350 M M 0 19 350
8 62 38 50 3 15 0 0.05 M M 6.0 18 190 M M 6 3 27 190
9 52 36 44 -3 21 0 0.43 M M 6.2 21 330 M M 8 138 32 330
10 53 32 43 -4 22 0 0.00 M M 4.3 14 330 M M 7 128 25 340
11 61 27 44 -2 21 0 0.00 M M 5.4 25 170 M M 1 36 180
12 51 29 40 -6 25 0 T M M 8.5 33 190 M M 7 45 190
13 42 25 34 -12 31 0 T M M 4.6 13 320 M M 8 18 20 320
14 37 22 30 -15 35 0 0.02 M M 6.1 17 320 M M 8 18 28 330
15 43 20 32 -13 33 0 T M M 4.8 13 350 M M 4 1 19 350
16 60 20 40 -4 25 0 0.00 M M 5.4 13 220 M M 0 15 200
17 66 25 46 2 19 0 0.00 M M 6.4 12 360 M M 0 17 30
18 64 31 48 4 17 0 0.00 M M 6.1 26 230 M M 2 50 220
19 51 26 39 -4 26 0 0.06 M M 6.6 20 200 M M 6 29 200
20 55 20 38 -5 27 0 0.00 M M 5.4 12 320 M M 0 18 330
21 58 24 41 -1 24 0 0.00 M M 5.4 12 210 M M 0 16 320
22 62 24 43 1 22 0 0.00 M M 4.2 12 190 M M 0 15 340
23 61 29 45 3 20 0 T M M 6.5 25 220 M M 4 37 210
24 59 34 47 6 18 0 T M M 3.5 12 350 M M 4 16 350
25 74 34 54 13 11 0 0.00 M M 7.6 18 160 M M 0 29 190
26 57 29 43 3 22 0 0.15 M M 9.2 23 320 M M 7 18 33 340
27 40 28 34 -6 31 0 T M M 7.3 20 330 M M 9 37 320
28 48 30 39 -1 26 0 0.00 M M 2.4 9 360 M M 7 13 330
29 61 24 43 4 22 0 0.00 M M 5.3 12 190 M M 0 15 200
30 60 26 43 4 22 0 0.00 M M 6.5 14 320 M M 0 18 320
31 58 28 43 4 22 0 T M M 5.0 15 340 M M 3 22 10
================================================================================
SM 1802 910 653 0 0.83 M 175.3 M 109
================================================================================
AV 58.1 29.4 5.7 FASTST M M 4 MAX(MPH)
MISC ----> 33 190 50 220
================================================================================
NOTES:
# LAST OF SEVERAL OCCURRENCES
COLUMN 17 PEAK WIND IN M.P.H.
PRELIMINARY LOCAL CLIMATOLOGICAL DATA (WS FORM: F-6) , PAGE 2
STATION: ASPEN CO
MONTH: OCTOBER
YEAR: 2021
LATITUDE: 39 13 N
LONGITUDE: 106 52 W
[TEMPERATURE DATA] [PRECIPITATION DATA] SYMBOLS USED IN COLUMN 16
AVERAGE MONTHLY: 43.7 TOTAL FOR MONTH: 0.83 1 = FOG OR MIST
DPTR FM NORMAL: -0.7 DPTR FM NORMAL: -0.50 2 = FOG REDUCING VISIBILITY
HIGHEST: 74 ON 25 GRTST 24HR 0.48 ON 8- 9 TO 1/4 MILE OR LESS
LOWEST: 20 ON 20,16 3 = THUNDER
SNOW, ICE PELLETS, HAIL 4 = ICE PELLETS
TOTAL MONTH: M 5 = HAIL
GRTST 24HR M ON M 6 = FREEZING RAIN OR DRIZZLE
GRTST DEPTH: M ON M 7 = DUSTSTORM OR SANDSTORM:
VSBY 1/2 MILE OR LESS
8 = SMOKE OR HAZE
[NO. OF DAYS WITH] [WEATHER - DAYS WITH] 9 = BLOWING SNOW
X = TORNADO
MAX 32 OR BELOW: 0 0.01 INCH OR MORE: 6
MAX 90 OR ABOVE: 0 0.10 INCH OR MORE: 3
MIN 32 OR BELOW: 21 0.50 INCH OR MORE: 0
MIN 0 OR BELOW: 0 1.00 INCH OR MORE: 0
[HDD (BASE 65) ]
TOTAL THIS MO. 653 CLEAR (SCALE 0-3) 15
DPTR FM NORMAL 13 PTCLDY (SCALE 4-7) 14
TOTAL FM JUL 1 919 CLOUDY (SCALE 8-10) 2
DPTR FM NORMAL -108
[CDD (BASE 65) ]
TOTAL THIS MO. 0
DPTR FM NORMAL 0 [PRESSURE DATA]
TOTAL FM JAN 1 183 HIGHEST SLP M ON M
DPTR FM NORMAL 95 LOWEST SLP 29.31 ON 26
[REMARKS]
#FINAL-10-21#